000
CXUS53 KLMK 010710
CF6LEX
PRELIMINARY LOCAL CLIMATOLOGICAL DATA (WS FORM: F-6)
STATION: LEXINGTON KY
MONTH: APRIL
YEAR: 2021
LATITUDE: 38 1 N
LONGITUDE: 84 36 W
TEMPERATURE IN F: :PCPN: SNOW: WIND :SUNSHINE: SKY :PK WND
================================================================================
1 2 3 4 5 6A 6B 7 8 9 10 11 12 13 14 15 16 17 18
12Z AVG MX 2MIN
DY MAX MIN AVG DEP HDD CDD WTR SNW DPTH SPD SPD DIR MIN PSBL S-S WX SPD DR
================================================================================
1 41 27 34 -17 31 0 T T 0 11.2 23 310 M M 4 33 320
2 46 23 35 -16 30 0 0.00 0.0 0 4.6 12 260 M M 0 15 30
3 61 28 45 -6 20 0 0.00 0.0 0 8.0 16 220 M M 0 23 210
4 70 41 56 4 9 0 0.00 0.0 0 7.7 15 230 M M 0 22 270
5 73 41 57 5 8 0 0.00 0.0 0 7.5 16 260 M M 0 23 200
6 75 47 61 9 4 0 0.00 0.0 0 6.2 14 200 M M 1 20 210
7 79 55 67 14 0 2 0.00 0.0 0 8.8 18 170 M M 2 24 150
8 67 58 63 10 2 0 0.16 0.0 0 10.6 23 170 M M 6 1 34 160
9 78 50 64 11 1 0 0.00 0.0 0 11.1 24 180 M M 2 33 180
10 65 54 60 6 5 0 0.58 0.0 0 9.6 18 170 M M 4 1 34 160
11 55 48 52 -2 13 0 0.02 0.0 0 10.4 24 220 M M 8 34 230
12 67 43 55 1 10 0 0.00 0.0 0 8.7 20 290 M M 4 1 30 280
13 66 45 56 2 9 0 0.02 0.0 0 3.5 10 40 M M 5 13 30
14 55 43 49 -6 16 0 0.41 0.0 0 5.0 14 30 M M 9 1 18 20
15 54 38 46 -9 19 0 0.00 0.0 0 7.5 17 320 M M 3 25 330
16 60 32 46 -10 19 0 0.00 0.0 0 2.0 10 280 M M 1 17 280
17 60 37 49 -7 16 0 T 0.0 0 3.7 13 330 M M 5 1 17 320
18 63 34 49 -7 16 0 T 0.0 0 3.0 13 250 M M 3 12 17 230
19 65 40 53 -3 12 0 0.00 0.0 0 6.9 18 260 M M 3 24 270
20 69 38 54 -3 11 0 T 0.0 0 9.4 22 330 M M 2 31 320
21 44 29 37 -20 28 0 0.21 0.9 1 8.9 18 270 M M 7 1 25 270
22 53 29 41 -16 24 0 T 0.0 0 7.7 20 270 M M 4 27 280
23 58 29 44 -14 21 0 0.00 0.0 0 6.9 16 220 M M 5 23 200
24 53 47 50 -8 15 0 0.74 0.0 0 9.9 18 60 M M 8 1 24 50
25 61 41 51 -7 14 0 0.00 0.0 0 4.4 15 310 M M 7 128 20 310
26 73 37 55 -3 10 0 0.00 0.0 0 6.7 15 160 M M 0 18 21 200
27 79 54 67 8 0 2 0.00 0.0 0 12.7 24 200 M M 0 35 220
28 78 64 71 12 0 6 0.18 0.0 0 10.4 18 250 M M 6 1 25 210
29 68 52 60 1 5 0 0.39 0.0 0 12.2 23 210 M M 8 1 34 220
30 71 44 58 -2 7 0 0.00 0.0 0 9.5 23 300 M M 1 1 38 320
================================================================================
SM 1907 1248 375 10 2.71 0.9 234.7 M 108
================================================================================
AV 63.6 41.6 7.8 FASTST M M 4 MAX(MPH)
MISC ----> # 24 180 38 320
================================================================================
NOTES:
# LAST OF SEVERAL OCCURRENCES
COLUMN 17 PEAK WIND IN M.P.H.
PRELIMINARY LOCAL CLIMATOLOGICAL DATA (WS FORM: F-6) , PAGE 2
STATION: LEXINGTON KY
MONTH: APRIL
YEAR: 2021
LATITUDE: 38 1 N
LONGITUDE: 84 36 W
[TEMPERATURE DATA] [PRECIPITATION DATA] SYMBOLS USED IN COLUMN 16
AVERAGE MONTHLY: 52.6 TOTAL FOR MONTH: 2.71 1 = FOG OR MIST
DPTR FM NORMAL: -2.7 DPTR FM NORMAL: -0.89 2 = FOG REDUCING VISIBILITY
HIGHEST: 79 ON 27, 7 GRTST 24HR 0.74 ON 24-24 TO 1/4 MILE OR LESS
LOWEST: 23 ON 2 3 = THUNDER
SNOW, ICE PELLETS, HAIL 4 = ICE PELLETS
TOTAL MONTH: 0.9 INCH 5 = HAIL
GRTST 24HR 0.9 ON 21-21 6 = FREEZING RAIN OR DRIZZLE
GRTST DEPTH: 1 ON 21 7 = DUSTSTORM OR SANDSTORM:
VSBY 1/2 MILE OR LESS
8 = SMOKE OR HAZE
[NO. OF DAYS WITH] [WEATHER - DAYS WITH] 9 = BLOWING SNOW
X = TORNADO
MAX 32 OR BELOW: 0 0.01 INCH OR MORE: 9
MAX 90 OR ABOVE: 0 0.10 INCH OR MORE: 7
MIN 32 OR BELOW: 7 0.50 INCH OR MORE: 2
MIN 0 OR BELOW: 0 1.00 INCH OR MORE: 0
[HDD (BASE 65) ]
TOTAL THIS MO. 375 CLEAR (SCALE 0-3) 13
DPTR FM NORMAL 62 PTCLDY (SCALE 4-7) 16
TOTAL FM JUL 1 4522 CLOUDY (SCALE 8-10) 1
DPTR FM NORMAL 34
[CDD (BASE 65) ]
TOTAL THIS MO. 10
DPTR FM NORMAL -10 [PRESSURE DATA]
TOTAL FM JAN 1 10 HIGHEST SLP M ON M
DPTR FM NORMAL -12 LOWEST SLP 29.49 ON 10
[REMARKS]
#FINAL-04-21#