000
CXUS56 KLOX 011155
CF6LGB
PRELIMINARY LOCAL CLIMATOLOGICAL DATA (WS FORM: F-6)
STATION: LONG BEACH AIRPORT CA
MONTH: JUNE
YEAR: 2023
LATITUDE: 33 49 N
LONGITUDE: 118 9 W
TEMPERATURE IN F: :PCPN: SNOW: WIND :SUNSHINE: SKY :PK WND
================================================================================
1 2 3 4 5 6A 6B 7 8 9 10 11 12 13 14 15 16 17 18
12Z AVG MX 2MIN
DY MAX MIN AVG DEP HDD CDD WTR SNW DPTH SPD SPD DIR MIN PSBL S-S WX SPD DR
================================================================================
1 68 56 62 -5 3 0 0.00 M M 4.6 10 190 M M 10 13 180
2 72 60 66 -1 0 1 0.00 M M 7.3 16 300 M M 6 20 280
3 71 56 64 -3 1 0 0.00 M M 5.3 13 190 M M 2 18 180
4 70 60 65 -2 0 0 0.00 M M 4.9 15 210 M M 9 8 19 210
5 67 58 63 -4 2 0 0.00 M M 6.7 13 190 M M 9 17 180
6 68 59 64 -3 1 0 T M M 6.3 13 180 M M 7 17 150
7 71 60 66 -1 0 1 T M M 5.8 14 300 M M 7 18 220
8 73 59 66 -1 0 1 0.00 M M 6.6 17 290 M M 4 21 290
9 68 61 65 -3 0 0 0.00 M M 5.0 12 240 M M M 15 250
10 68 61 65 -3 0 0 0.00 M M 4.5 12 200 M M 9 15 200
11 70 60 65 -3 0 0 T M M 6.9 14 210 M M 8 20 150
12 71 61 66 -2 0 1 0.00 M M 6.7 12 310 M M 8 8 15 290
13 71 61 66 -2 0 1 0.00 M M 6.9 16 310 M M 7 8 22 300
14 67 61 64 -4 1 0 0.00 M M 4.6 10 290 M M 10 13 290
15 71 60 66 -2 0 1 0.00 M M 5.7 14 280 M M 10 18 15 280
16 76 63 70 1 0 5 0.00 M M 6.5 16 300 M M 6 21 290
17 81 62 72 3 0 7 0.00 M M 6.7 16 290 M M 3 8 19 280
18 71 62 67 -2 0 2 0.00 M M 5.4 12 170 M M 7 15 210
19 71 61 66 -3 0 1 0.00 M M 6.8 14 190 M M 7 18 18 190
20 78 62 70 1 0 5 0.00 M M 5.4 14 310 M M 3 19 310
21 79 59 69 -1 0 4 0.00 M M 5.8 14 310 M M 0 1 18 310
22 71 59 65 -5 0 0 0.00 M M 6.2 15 280 M M 3 8 20 290
23 74 58 66 -4 0 1 0.00 M M 6.8 20 290 M M 1 24 290
24 75 56 66 -4 0 1 0.00 M M 6.5 18 290 M M 0 22 290
25 76 60 68 -2 0 3 0.00 M M 6.3 16 300 M M 3 19 310
26 78 59 69 -1 0 4 0.00 M M 5.9 15 290 M M 1 18 290
27 77 59 68 -3 0 3 0.00 M M 5.5 14 310 M M 2 17 300
28 71 60 66 -5 0 1 0.00 M M 5.8 10 310 M M 4 14 190
29 77 61 69 -2 0 4 0.00 M M 6.4 13 300 M M 4 16 320
30 79 61 70 -1 0 5 0.00 M M 5.0 13 180 M M 3 18 16 200
================================================================================
SM 2180 1795 8 52 T M 178.8 M 153
================================================================================
AV 72.7 59.8 6.0 FASTST M M 5 MAX(MPH)
MISC ----> 20 290 24 290
================================================================================
NOTES:
# LAST OF SEVERAL OCCURRENCES
COLUMN 17 PEAK WIND IN M.P.H.
PRELIMINARY LOCAL CLIMATOLOGICAL DATA (WS FORM: F-6) , PAGE 2
STATION: LONG BEACH AIRPORT CA
MONTH: JUNE
YEAR: 2023
LATITUDE: 33 49 N
LONGITUDE: 118 9 W
[TEMPERATURE DATA] [PRECIPITATION DATA] SYMBOLS USED IN COLUMN 16
AVERAGE MONTHLY: 66.3 TOTAL FOR MONTH: T 1 = FOG OR MIST
DPTR FM NORMAL: -2.4 DPTR FM NORMAL: -0.07 2 = FOG REDUCING VISIBILITY
HIGHEST: 81 ON 17 GRTST 24HR T ON 6- 6 TO 1/4 MILE OR LESS
LOWEST: 56 ON 24, 3 3 = THUNDER
SNOW, ICE PELLETS, HAIL 4 = ICE PELLETS
TOTAL MONTH: M 5 = HAIL
GRTST 24HR M ON M 6 = FREEZING RAIN OR DRIZZLE
GRTST DEPTH: M ON M 7 = DUSTSTORM OR SANDSTORM:
VSBY 1/2 MILE OR LESS
8 = SMOKE OR HAZE
[NO. OF DAYS WITH] [WEATHER - DAYS WITH] 9 = BLOWING SNOW
X = TORNADO
MAX 32 OR BELOW: 0 0.01 INCH OR MORE: 0
MAX 90 OR ABOVE: 0 0.10 INCH OR MORE: 0
MIN 32 OR BELOW: 0 0.50 INCH OR MORE: 0
MIN 0 OR BELOW: 0 1.00 INCH OR MORE: 0
[HDD (BASE 65) ]
TOTAL THIS MO. 8 CLEAR (SCALE 0-3) 9
DPTR FM NORMAL 2 PTCLDY (SCALE 4-7) 12
TOTAL FM JUL 1 1172 CLOUDY (SCALE 8-10) 9
DPTR FM NORMAL 3
[CDD (BASE 65) ]
TOTAL THIS MO. 52
DPTR FM NORMAL -65 [PRESSURE DATA]
TOTAL FM JAN 1 74 HIGHEST SLP 30.07 ON 25
DPTR FM NORMAL -149 LOWEST SLP 29.81 ON 30
[REMARKS]
#FINAL-06-23#