000
CXUS55 KBOU 010900
CF6LIC
PRELIMINARY LOCAL CLIMATOLOGICAL DATA (WS FORM: F-6)
STATION: LIMON CO
MONTH: OCTOBER
YEAR: 2022
LATITUDE: 39 10 N
LONGITUDE: 103 42 W
TEMPERATURE IN F: :PCPN: SNOW: WIND :SUNSHINE: SKY :PK WND
================================================================================
1 2 3 4 5 6A 6B 7 8 9 10 11 12 13 14 15 16 17 18
12Z AVG MX 2MIN
DY MAX MIN AVG DEP HDD CDD WTR SNW DPTH SPD SPD DIR MIN PSBL S-S WX SPD DR
================================================================================
1 79 47 63 10 2 0 0.15 M M 7.8 29 320 M M 4 13 38 330
2 74 48 61 8 4 0 T M M 6.9 23 190 M M 4 29 190
3 71 41 56 4 9 0 T M M 6.6 17 360 M M 1 22 350
4 72 43 58 6 7 0 T M M 4.7 14 150 M M 5 18 150
5 72 37 55 4 10 0 0.00 M M 6.7 14 350 M M 3 22 10
6 72 32 52 1 13 0 0.00 M M 5.3 15 100 M M 0 22 100
7 M M M M M M M M M M M M M M M 1 M M
8 M M M M M M M M M M M M M M 0 M M
9 M M M M M M M M M M M M M M 0 M M
10 M M M M M M M M M M M M M M 0 M M
11 M M M M M M 0.00 M M M M M M M 0 M M
12 M M M M M M 0.00 M M M M M M M 0 M M
13 M M M M M M 0.00 M M M M M M M 0 M M
14 76 34 55 8 10 0 0.00 M M 10.2 24 360 M M 0 34 350
15 70 31 51 4 14 0 0.00 M M 10.8 18 30 M M 0 27 50
16 59 28 44 -2 21 0 0.00 M M 5.8 14 10 M M 5 19 350
17 63 23 43 -3 22 0 0.00 M M 5.5 13 20 M M 0 19 360
18 68 22 45 -1 20 0 0.00 M M 5.5 16 360 M M 0 21 360
19 76 27 52 7 13 0 T M M 11.5 26 360 M M 0 36 350
20 79 27 53 8 12 0 0.00 M M 5.3 13 300 M M 0 18 350
21 78 32 55 11 10 0 0.00 M M 6.8 21 310 M M 0 28 310
22 79 33 56 12 9 0 0.00 M M 9.2 18 260 M M 0 27 220
23 73 34 54 10 11 0 T M M 18.4 37 220 M M 3 8 54 220
24 52 18 35 -8 30 0 0.00 M M 8.1 20 350 M M 1 27 310
25 65 16 41 -2 24 0 0.00 M M 6.9 21 20 M M 4 25 20
26 60 33 47 4 18 0 0.00 0.0 0 8.5 22 170 M M 5 30 180
27 50 24 37 -5 28 0 0.00 M M 14.1 32 340 M M 0 41 340
28 61 20 41 -1 24 0 0.00 M M 5.8 17 170 M M 0 22 170
29 64 17 41 -1 24 0 0.00 M M 6.3 17 30 M M 0 22 30
30 61 23 42 1 23 0 0.00 M M 4.6 12 320 M M 0 15 290
31 67 21 44 3 21 0 0.00 M M 6.2 15 190 M M 0 20 150
================================================================================
SM 1641 711 379 0 0.15 0.0 187.5 M 35
================================================================================
AV 68.4 29.6 7.8 FASTST M M 1 MAX(MPH)
MISC ----> 37 220 54 220
================================================================================
NOTES:
# LAST OF SEVERAL OCCURRENCES
COLUMN 17 PEAK WIND IN M.P.H.
PRELIMINARY LOCAL CLIMATOLOGICAL DATA (WS FORM: F-6) , PAGE 2
STATION: LIMON CO
MONTH: OCTOBER
YEAR: 2022
LATITUDE: 39 10 N
LONGITUDE: 103 42 W
[TEMPERATURE DATA] [PRECIPITATION DATA] SYMBOLS USED IN COLUMN 16
AVERAGE MONTHLY: 49.0 TOTAL FOR MONTH: 0.15 1 = FOG OR MIST
DPTR FM NORMAL: 2.3 DPTR FM NORMAL: -0.69 2 = FOG REDUCING VISIBILITY
HIGHEST: 79 ON 22,20 GRTST 24HR 0.15 ON 1- 1 TO 1/4 MILE OR LESS
LOWEST: 16 ON 25 3 = THUNDER
SNOW, ICE PELLETS, HAIL 4 = ICE PELLETS
TOTAL MONTH: 0.0 INCH 5 = HAIL
GRTST 24HR 0.0 6 = FREEZING RAIN OR DRIZZLE
GRTST DEPTH: 0 7 = DUSTSTORM OR SANDSTORM:
VSBY 1/2 MILE OR LESS
8 = SMOKE OR HAZE
[NO. OF DAYS WITH] [WEATHER - DAYS WITH] 9 = BLOWING SNOW
X = TORNADO
MAX 32 OR BELOW: 0 0.01 INCH OR MORE: 1
MAX 90 OR ABOVE: 0 0.10 INCH OR MORE: 1
MIN 32 OR BELOW: 15 0.50 INCH OR MORE: 0
MIN 0 OR BELOW: 0 1.00 INCH OR MORE: 0
[HDD (BASE 65) ]
TOTAL THIS MO. 379 CLEAR (SCALE 0-3) 24
DPTR FM NORMAL -189 PTCLDY (SCALE 4-7) 6
TOTAL FM JUL 1 458 CLOUDY (SCALE 8-10) 1
DPTR FM NORMAL -320
[CDD (BASE 65) ]
TOTAL THIS MO. 0
DPTR FM NORMAL 0 [PRESSURE DATA]
TOTAL FM JAN 1 760 HIGHEST SLP M ON M
DPTR FM NORMAL 358 LOWEST SLP 29.11 ON 23
[REMARKS]
#FINAL-10-22#