000
CXUS55 KBOU 011000
CF6LIC
PRELIMINARY LOCAL CLIMATOLOGICAL DATA (WS FORM: F-6)
STATION: LIMON CO
MONTH: NOVEMBER
YEAR: 2021
LATITUDE: 39 10 N
LONGITUDE: 103 42 W
TEMPERATURE IN F: :PCPN: SNOW: WIND :SUNSHINE: SKY :PK WND
================================================================================
1 2 3 4 5 6A 6B 7 8 9 10 11 12 13 14 15 16 17 18
12Z AVG MX 2MIN
DY MAX MIN AVG DEP HDD CDD WTR SNW DPTH SPD SPD DIR MIN PSBL S-S WX SPD DR
================================================================================
1 47 20 34 -6 31 0 T M M 7.5 18 350 M M 5 25 340
2 44 30 37 -3 28 0 T M M 7.0 17 180 M M 7 22 190
3 60 25 43 3 22 0 0.00 M M 4.9 15 330 M M 3 1 20 320
4 67 21 44 5 21 0 0.00 M M 4.4 14 170 M M 0 18 210
5 73 23 48 9 17 0 0.00 M M 6.9 20 20 M M 0 26 20
6 78 21 50 11 15 0 0.00 M M 6.8 21 190 M M 0 27 190
7 80 32 56 18 9 0 0.00 M M 5.5 17 190 M M 0 23 190
8 54 23 39 1 26 0 0.00 M M 9.6 22 350 M M 1 29 330
9 57 16 37 -1 28 0 0.00 M M 8.1 18 170 M M 0 26 180
10 57 19 38 1 27 0 0.00 M M 12.9 32 350 M M 0 43 360
11 57 12 35 -2 30 0 T M M 9.2 33 20 M M 2 42 20
12 50 21 36 0 29 0 T M M 7.8 21 360 M M 2 26 360
13 66 24 45 9 20 0 0.00 M M 8.0 25 20 M M 0 34 30
14 70 17 44 8 21 0 0.00 M M 8.6 24 330 M M 0 32 330
15 77 29 53 18 12 0 0.00 M M 6.0 15 310 M M 0 20 290
16 70 36 53 18 12 0 0.00 M M 7.1 22 10 M M 0 8 30 10
17 38 6 22 -12 43 0 T M M 9.0 20 10 M M 3 26 10
18 48 1 25 -9 40 0 0.00 M M 8.3 22 160 M M 0 29 150
19 64 24 44 10 21 0 0.00 M M 6.4 16 190 M M 0 21 190
20 58 23 41 8 24 0 T M M 8.9 20 40 M M 3 25 330
21 53 17 35 2 30 0 T M M 7.3 14 200 M M 1 19 210
22 66 17 42 10 23 0 0.00 M M 5.8 15 170 M M 0 21 200
23 74 15 45 13 20 0 0.00 M M 5.1 15 320 M M 0 26 290
24 44 18 31 -1 34 0 0.00 M M 16.1 40 360 M M 5 49 10
25 57 6 32 1 33 0 0.00 M M 5.6 13 190 M M 0 20 240
26 69 19 44 13 21 0 0.00 M M 4.4 12 220 M M 0 16 180
27 56 18 37 7 28 0 0.00 M M 7.8 20 10 M M 0 26 20
28 67 16 42 12 23 0 0.00 M M 3.5 10 20 M M 0 14 310
29 73 22 48 18 17 0 0.00 M M 5.3 16 40 M M 0 23 50
30 59 23 41 12 24 0 0.00 M M 8.4 23 310 M M 1 28 320
================================================================================
SM 1833 594 729 0 T M 222.2 M 33
================================================================================
AV 61.1 19.8 7.4 FASTST M M 1 MAX(MPH)
MISC ----> 40 360 49 10
================================================================================
NOTES:
# LAST OF SEVERAL OCCURRENCES
COLUMN 17 PEAK WIND IN M.P.H.
PRELIMINARY LOCAL CLIMATOLOGICAL DATA (WS FORM: F-6) , PAGE 2
STATION: LIMON CO
MONTH: NOVEMBER
YEAR: 2021
LATITUDE: 39 10 N
LONGITUDE: 103 42 W
[TEMPERATURE DATA] [PRECIPITATION DATA] SYMBOLS USED IN COLUMN 16
AVERAGE MONTHLY: 40.4 TOTAL FOR MONTH: T 1 = FOG OR MIST
DPTR FM NORMAL: 5.5 DPTR FM NORMAL: -0.40 2 = FOG REDUCING VISIBILITY
HIGHEST: 80 ON 7 GRTST 24HR T ON 1- 1 TO 1/4 MILE OR LESS
LOWEST: 1 ON 18 3 = THUNDER
SNOW, ICE PELLETS, HAIL 4 = ICE PELLETS
TOTAL MONTH: M 5 = HAIL
GRTST 24HR M ON M 6 = FREEZING RAIN OR DRIZZLE
GRTST DEPTH: M ON M 7 = DUSTSTORM OR SANDSTORM:
VSBY 1/2 MILE OR LESS
8 = SMOKE OR HAZE
[NO. OF DAYS WITH] [WEATHER - DAYS WITH] 9 = BLOWING SNOW
X = TORNADO
MAX 32 OR BELOW: 0 0.01 INCH OR MORE: 0
MAX 90 OR ABOVE: 0 0.10 INCH OR MORE: 0
MIN 32 OR BELOW: 29 0.50 INCH OR MORE: 0
MIN 0 OR BELOW: 0 1.00 INCH OR MORE: 0
[HDD (BASE 65) ]
TOTAL THIS MO. 729 CLEAR (SCALE 0-3) 24
DPTR FM NORMAL -174 PTCLDY (SCALE 4-7) 6
TOTAL FM JUL 1 1279 CLOUDY (SCALE 8-10) 0
DPTR FM NORMAL -405
[CDD (BASE 65) ]
TOTAL THIS MO. 0
DPTR FM NORMAL 0 [PRESSURE DATA]
TOTAL FM JAN 1 687 HIGHEST SLP 30.62 ON 18
DPTR FM NORMAL 285 LOWEST SLP 29.53 ON 23
[REMARKS]
#FINAL-11-21#