549
CXUS55 KPIH 011423
CF6LLJ
PRELIMINARY LOCAL CLIMATOLOGICAL DATA (WS FORM: F-6)
STATION: CHALLIS ID
MONTH: AUGUST
YEAR: 2020
LATITUDE: 44 31 N
LONGITUDE: 114 13 W
TEMPERATURE IN F: :PCPN: SNOW: WIND :SUNSHINE: SKY :PK WND
================================================================================
1 2 3 4 5 6A 6B 7 8 9 10 11 12 13 14 15 16 17 18
12Z AVG MX 2MIN
DY MAX MIN AVG DEP HDD CDD WTR SNW DPTH SPD SPD DIR MIN PSBL S-S WX SPD DR
================================================================================
1 98 57 78 8 0 13 0.00 M M 3.2 18 150 M M 0 23 150
2 99 53 76 6 0 11 0.00 M M 3.8 17 290 M M 0 22 290
3 95 59 77 8 0 12 0.00 M M 6.2 23 280 M M 0 31 280
4 92 55 74 5 0 9 0.00 M M 3.9 21 200 M M 0 3 29 160
5 94 53 74 5 0 9 T M M 5.3 26 220 M M 0 41 240
6 93 61 77 8 0 12 T M M 9.8 33 240 M M 1 43 240
7 87 53 70 1 0 5 0.00 M M 4.7 14 40 M M 0 20 30
8 88 48 68 0 0 3 0.00 M M 5.2 20 250 M M 0 36 230
9 88 50 69 1 0 4 0.00 M M 5.4 17 20 M M 0 28 30
10 90 51 71 3 0 6 T M M 3.7 13 150 M M 1 3 20 170
11 89 50 70 2 0 5 0.00 M M 6.4 22 260 M M 0 34 270
12 85 59 72 4 0 7 0.00 M M 9.1 29 240 M M 0 43 230
13 82 51 67 0 0 2 0.00 M M 8.5 29 220 M M 2 43 280
14 88 45 67 0 0 2 0.00 M M 3.2 10 310 M M 0 14 320
15 92 47 70 3 0 5 0.00 M M 2.6 10 290 M M 0 14 290
16 93 50 72 6 0 7 0.00 M M 2.9 16 10 M M 0 22 10
17 98 56 77 11 0 12 0.00 M M 4.5 22 270 M M 0 30 270
18 96 61 79 13 0 14 0.00 M M 2.8 18 310 M M 0 26 280
19 95 59 77 11 0 12 T M M 5.6 21 260 M M 1 3 30 250
20 92 58 75 10 0 10 0.00 M M 5.3 21 230 M M 2 8 32 250
21 93 50 72 7 0 7 0.00 M M 3.9 20 250 M M 2 8 28 230
22 94 50 72 8 0 7 0.00 M M 5.5 21 290 M M 3 8 29 290
23 93 50 72 8 0 7 0.00 M M 2.6 18 220 M M 0 8 24 210
24 87 57 72 8 0 7 T M M 4.5 36 250 M M 1 8 51 250
25 88 56 72 8 0 7 0.03 M M 6.2 32 210 M M 2 8 46 210
26 85 48 67 4 0 2 0.27 M M 3.7 32 200 M M 3 3 40 200
27 76 54 65 2 0 0 0.01 M M 2.5 9 330 M M 1 3 13 90
28 84 47 66 3 0 1 T M M 1.5 7 210 M M 0 10 150
29 88 49 69 7 0 4 0.00 M M 5.5 22 260 M M 0 33 260
30 73 47 60 -2 5 0 0.00 M M 7.7 20 350 M M 0 30 350
31 58 46 52 -10 13 0 0.09 M M 3.5 15 30 M M 8 21 30
================================================================================
SM 2753 1630 18 202 0.40 M 149.2 M 27
================================================================================
AV 88.8 52.6 4.8 FASTST M M 1 MAX(MPH)
MISC ----> # 36 250 # 51 250
================================================================================
NOTES:
# LAST OF SEVERAL OCCURRENCES
PRECIP SUSPECT DURING FREEZING/FROZEN EVENTS
COLUMN 17 PEAK WIND IN M.P.H.
PRELIMINARY LOCAL CLIMATOLOGICAL DATA (WS FORM: F-6) , PAGE 2
STATION: CHALLIS ID
MONTH: AUGUST
YEAR: 2020
LATITUDE: 44 31 N
LONGITUDE: 114 13 W
[TEMPERATURE DATA] [PRECIPITATION DATA] SYMBOLS USED IN COLUMN 16
AVERAGE MONTHLY: 70.7 TOTAL FOR MONTH: 0.40 1 = FOG OR MIST
DPTR FM NORMAL: 4.6 DPTR FM NORMAL: -0.39 2 = FOG REDUCING VISIBILITY
HIGHEST: 99 ON 2 GRTST 24HR 0.27 ON 26-26 TO 1/4 MILE OR LESS
LOWEST: 45 ON 14 3 = THUNDER
SNOW, ICE PELLETS, HAIL 4 = ICE PELLETS
TOTAL MONTH: M 5 = HAIL
GRTST 24HR M ON M 6 = FREEZING RAIN OR DRIZZLE
GRTST DEPTH: M ON M 7 = DUSTSTORM OR SANDSTORM:
VSBY 1/2 MILE OR LESS
8 = SMOKE OR HAZE
[NO. OF DAYS WITH] [WEATHER - DAYS WITH] 9 = BLOWING SNOW
X = TORNADO
MAX 32 OR BELOW: 0 0.01 INCH OR MORE: 4
MAX 90 OR ABOVE: 16 0.10 INCH OR MORE: 1
MIN 32 OR BELOW: 0 0.50 INCH OR MORE: 0
MIN 0 OR BELOW: 0 1.00 INCH OR MORE: 0
[HDD (BASE 65) ]
TOTAL THIS MO. 18 CLEAR (SCALE 0-3) 28
DPTR FM NORMAL -34 PTCLDY (SCALE 4-7) 3
TOTAL FM JUL 1 36 CLOUDY (SCALE 8-10) 0
DPTR FM NORMAL -37
[CDD (BASE 65) ]
TOTAL THIS MO. 202
DPTR FM NORMAL 116 [PRESSURE DATA]
TOTAL FM JAN 1 397 HIGHEST SLP 30.21 ON 16
DPTR FM NORMAL 155 LOWEST SLP 29.54 ON 6
[REMARKS]
19TH: HIGH TEMPERATURE OF 95 TIES THE OLD RECORD FROM 2013.
26TH: RAINFALL OF 0.27 INCH(ES) BROKE THE OLD RECORD OF 0.23
SET IN 1990.
#FINAL-08-20#