000
CXUS53 KMKX 010910
CF6LNR
PRELIMINARY LOCAL CLIMATOLOGICAL DATA (WS FORM: F-6)
STATION: LONE ROCK WI
MONTH: MAY
YEAR: 2020
LATITUDE: 43 12 N
LONGITUDE: 90 11 W
TEMPERATURE IN F: :PCPN: SNOW: WIND :SUNSHINE: SKY :PK WND
================================================================================
1 2 3 4 5 6A 6B 7 8 9 10 11 12 13 14 15 16 17 18
12Z AVG MX 2MIN
DY MAX MIN AVG DEP HDD CDD WTR SNW DPTH SPD SPD DIR MIN PSBL S-S WX SPD DR
================================================================================
1 70 37 54 0 11 0 0.00 0.0 0 8.7 18 160 M M 2 26 170
2 75 50 63 9 2 0 0.00 0.0 0 9.4 21 280 M M 0 30 290
3 74 40 57 3 8 0 0.00 0.0 0 10.9 25 310 M M 0 43 300
4 57 34 46 -9 19 0 0.00 0.0 0 9.5 20 80 M M 0 25 70
5 53 39 46 -9 19 0 0.03 M 0 5.4 15 20 M M 8 20 70
6 65 35 50 -5 15 0 0.00 0.0 0 5.7 17 290 M M 4 12 23 290
7 64 39 52 -4 13 0 0.00 0.0 0 10.1 23 300 M M 0 31 290
8 48 29 39 -17 26 0 0.00 0.0 0 9.9 24 310 M M 0 33 300
9 62 24 43 -13 22 0 0.01 M 0 8.0 22 270 M M 3 32 240
10 50 37 44 -13 21 0 0.27 M 0 8.8 22 10 M M 10 1 35 330
11 54 34 44 -13 21 0 0.00 0.0 0 7.5 17 280 M M 5 24 280
12 61 28 45 -12 20 0 0.00 0.0 0 2.5 13 310 M M 0 18 320
13 68 36 52 -6 13 0 0.29 M 0 11.4 24 130 M M 5 1 39 140
14 68 53 61 3 4 0 0.28 0.0 0 3.3 12 170 M M 10 1 17 140
15 74 53 64 6 1 0 0.00 0.0 0 5.2 14 90 M M 2 12 20 280
16 73 49 61 2 4 0 T M 0 12.8 20 90 M M 4 27 80
17 57 51 54 -5 11 0 1.19 0.0 0 14.1 25 60 M M 10 1 35 80
18 57 50 54 -5 11 0 0.03 0.0 0 13.4 23 70 M M 10 1 31 50
19 61 50 56 -4 9 0 0.00 0.0 0 10.0 17 80 M M 10 25 70
20 73 52 63 3 2 0 0.00 0.0 0 10.2 22 100 M M 1 29 70
21 68 53 61 1 4 0 0.00 0.0 0 4.9 13 140 M M 9 16 130
22 71 58 65 5 0 0 0.00 0.0 0 5.9 10 80 M M 10 1 16 110
23 73 60 67 6 0 2 0.30 0.0 0 9.7 21 100 M M 9 1 30 100
24 82 62 72 11 0 7 0.00 0.0 0 3.2 15 170 M M 4 18 20 180
25 85 63 74 13 0 9 T 0.0 0 8.1 18 200 M M 2 1 26 210
26 86 64 75 13 0 10 0.25 0.0 0 8.2 25 140 M M 3 3 40 180
27 84 68 76 14 0 11 0.04 0.0 0 5.8 16 210 M M 2 23 180
28 71 58 65 3 0 0 1.71 0.0 0 2.3 21 330 M M 8 12 27 350
29 65 50 58 -4 7 0 0.00 0.0 0 8.2 20 300 M M 5 12 28 310
30 70 47 59 -4 6 0 0.00 0.0 0 6.3 17 290 M M 2 1 28 290
31 73 45 59 -4 6 0 0.00 0.0 0 4.5 12 250 M M 0 16 260
================================================================================
SM 2092 1448 275 39 4.40 0.0 243.9 M 138
================================================================================
AV 67.5 46.7 7.9 FASTST M M 4 MAX(MPH)
MISC ----> # 25 310 # 43 300
================================================================================
NOTES:
# LAST OF SEVERAL OCCURRENCES
COLUMN 17 PEAK WIND IN M.P.H.
PRELIMINARY LOCAL CLIMATOLOGICAL DATA (WS FORM: F-6) , PAGE 2
STATION: LONE ROCK WI
MONTH: MAY
YEAR: 2020
LATITUDE: 43 12 N
LONGITUDE: 90 11 W
[TEMPERATURE DATA] [PRECIPITATION DATA] SYMBOLS USED IN COLUMN 16
AVERAGE MONTHLY: 57.1 TOTAL FOR MONTH: 4.40 1 = FOG OR MIST
DPTR FM NORMAL: -1.4 DPTR FM NORMAL: 0.45 2 = FOG REDUCING VISIBILITY
HIGHEST: 86 ON 26 GRTST 24HR 1.71 ON 28-28 TO 1/4 MILE OR LESS
LOWEST: 24 ON 9 3 = THUNDER
SNOW, ICE PELLETS, HAIL 4 = ICE PELLETS
TOTAL MONTH: 0.0 INCH 5 = HAIL
GRTST 24HR 0.0 6 = FREEZING RAIN OR DRIZZLE
GRTST DEPTH: 0 7 = DUSTSTORM OR SANDSTORM:
VSBY 1/2 MILE OR LESS
8 = SMOKE OR HAZE
[NO. OF DAYS WITH] [WEATHER - DAYS WITH] 9 = BLOWING SNOW
X = TORNADO
MAX 32 OR BELOW: 0 0.01 INCH OR MORE: 11
MAX 90 OR ABOVE: 0 0.10 INCH OR MORE: 7
MIN 32 OR BELOW: 3 0.50 INCH OR MORE: 2
MIN 0 OR BELOW: 0 1.00 INCH OR MORE: 2
[HDD (BASE 65) ]
TOTAL THIS MO. 275 CLEAR (SCALE 0-3) 15
DPTR FM NORMAL 42 PTCLDY (SCALE 4-7) 8
TOTAL FM JUL 1 6834 CLOUDY (SCALE 8-10) 8
DPTR FM NORMAL -418
[CDD (BASE 65) ]
TOTAL THIS MO. 39
DPTR FM NORMAL 7 [PRESSURE DATA]
TOTAL FM JAN 1 39 HIGHEST SLP 30.38 ON 31
DPTR FM NORMAL 5 LOWEST SLP 29.68 ON 17
[REMARKS]
#FINAL-05-20#