000
CXUS53 KLMK 010810
CF6LOU
PRELIMINARY LOCAL CLIMATOLOGICAL DATA (WS FORM: F-6)
STATION: LOUISVILLE BOWMAN KY
MONTH: JANUARY
YEAR: 2021
LATITUDE: 38 13 N
LONGITUDE: 85 39 W
TEMPERATURE IN F: :PCPN: SNOW: WIND :SUNSHINE: SKY :PK WND
================================================================================
1 2 3 4 5 6A 6B 7 8 9 10 11 12 13 14 15 16 17 18
12Z AVG MX 2MIN
DY MAX MIN AVG DEP HDD CDD WTR SNW DPTH SPD SPD DIR MIN PSBL S-S WX SPD DR
================================================================================
1 65 35 50 15 15 0 1.04 M M 9.6 22 260 M M 9 1 33 250
2 47 38 43 8 22 0 T M M 4.2 16 230 M M 10 18 24 230
3 41 32 37 2 28 0 0.02 M M 5.4 15 250 M M 10 1 21 250
4 51 26 39 4 26 0 0.00 M M 1.8 8 190 M M 1 128 11 210
5 42 34 38 3 27 0 0.02 M M 6.5 16 290 M M 10 18 24 290
6 40 33 37 3 28 0 0.00 M M 5.5 12 60 M M 9 15 50
7 42 30 36 2 29 0 0.06 M M 9.7 18 60 M M 7 1 26 40
8 35 31 33 -1 32 0 0.06 M M 6.3 12 10 M M 10 18 16 330
9 32 29 31 -3 34 0 0.00 M M 4.0 9 310 M M 10 15 330
10 33 21 27 -7 38 0 0.00 M M 1.9 8 250 M M 6 18 11 250
11 32 28 30 -4 35 0 0.00 M M 4.8 9 210 M M 10 8 12 270
12 39 26 33 -1 32 0 0.00 M M 6.8 13 230 M M 6 8 18 190
13 50 28 39 5 26 0 0.00 M M 7.5 15 200 M M 0 18 21 210
14 54 33 44 10 21 0 0.00 M M 9.6 18 150 M M 2 8 23 240
15 47 33 40 6 25 0 0.05 M M 11.3 24 240 M M 6 18 37 190
16 37 33 35 1 30 0 0.05 M M 7.9 18 240 M M 10 18 24 230
17 37 32 35 1 30 0 0.07 M M 7.4 16 260 M M 10 18 24 250
18 41 30 36 2 29 0 0.01 M M 6.6 15 240 M M 9 19 240
19 49 34 42 8 23 0 T M M 5.0 20 280 M M 4 1 29 270
20 40 28 34 0 31 0 0.00 M M 8.0 20 300 M M 3 32 300
21 51 38 45 11 20 0 T M M 10.2 18 220 M M 5 26 220
22 42 28 35 1 30 0 0.00 M M 7.1 14 300 M M 0 23 280
23 39 19 29 -5 36 0 0.00 M M 6.1 13 80 M M 0 18 80
24 39 32 36 2 29 0 0.12 M M 4.3 12 100 M M 10 1 17 110
25 40 36 38 4 27 0 1.61 M M 7.6 18 80 M M 10 138 26 70
26 51 37 44 9 21 0 0.00 M M 9.7 21 250 M M 10 1 29 240
27 38 28 33 -2 32 0 0.17 M M 8.9 16 60 M M 10 128 22 360
28 31 16 24 -11 41 0 0.00 M M 3.0 14 360 M M 3 18 22 360
29 37 17 27 -8 38 0 0.00 M M 2.7 9 90 M M 0 18 13 80
30 41 26 34 -1 31 0 0.33 M M 8.5 18 120 M M 5 1 27 110
31 48 35 42 7 23 0 0.22 M M 10.9 23 250 M M 10 18 31 270
================================================================================
SM 1311 926 889 0 3.83 M 208.8 M 205
================================================================================
AV 42.3 29.9 6.7 FASTST M M 7 MAX(MPH)
MISC ----> 24 240 37 190
================================================================================
NOTES:
# LAST OF SEVERAL OCCURRENCES
COLUMN 17 PEAK WIND IN M.P.H.
PRELIMINARY LOCAL CLIMATOLOGICAL DATA (WS FORM: F-6) , PAGE 2
STATION: LOUISVILLE BOWMAN KY
MONTH: JANUARY
YEAR: 2021
LATITUDE: 38 13 N
LONGITUDE: 85 39 W
[TEMPERATURE DATA] [PRECIPITATION DATA] SYMBOLS USED IN COLUMN 16
AVERAGE MONTHLY: 36.1 TOTAL FOR MONTH: 3.83 1 = FOG OR MIST
DPTR FM NORMAL: 1.6 DPTR FM NORMAL: 0.45 2 = FOG REDUCING VISIBILITY
HIGHEST: 65 ON 1 GRTST 24HR 1.99 ON 25-25 TO 1/4 MILE OR LESS
LOWEST: 16 ON 28 3 = THUNDER
SNOW, ICE PELLETS, HAIL 4 = ICE PELLETS
TOTAL MONTH: M 5 = HAIL
GRTST 24HR M ON M 6 = FREEZING RAIN OR DRIZZLE
GRTST DEPTH: M ON M 7 = DUSTSTORM OR SANDSTORM:
VSBY 1/2 MILE OR LESS
8 = SMOKE OR HAZE
[NO. OF DAYS WITH] [WEATHER - DAYS WITH] 9 = BLOWING SNOW
X = TORNADO
MAX 32 OR BELOW: 3 0.01 INCH OR MORE: 14
MAX 90 OR ABOVE: 0 0.10 INCH OR MORE: 6
MIN 32 OR BELOW: 19 0.50 INCH OR MORE: 2
MIN 0 OR BELOW: 0 1.00 INCH OR MORE: 2
[HDD (BASE 65) ]
TOTAL THIS MO. 889 CLEAR (SCALE 0-3) 7
DPTR FM NORMAL -56 PTCLDY (SCALE 4-7) 8
TOTAL FM JUL 1 2374 CLOUDY (SCALE 8-10) 16
DPTR FM NORMAL -238
[CDD (BASE 65) ]
TOTAL THIS MO. 0
DPTR FM NORMAL 0 [PRESSURE DATA]
TOTAL FM JAN 1 0 HIGHEST SLP 30.67 ON 28
DPTR FM NORMAL 0 LOWEST SLP 29.55 ON 15
[REMARKS]
#FINAL-01-21#