000
CXUS53 KJKL 011551 CCA
CF6LOZ
PRELIMINARY LOCAL CLIMATOLOGICAL DATA (WS FORM: F-6)
STATION: LONDON KY
MONTH: APRIL
YEAR: 2023
LATITUDE: 37 4 N
LONGITUDE: 84 5 W
TEMPERATURE IN F: :PCPN: SNOW: WIND :SUNSHINE: SKY :PK WND
================================================================================
1 2 3 4 5 6A 6B 7 8 9 10 11 12 13 14 15 16 17 18
12Z AVG MX 2MIN
DY MAX MIN AVG DEP HDD CDD WTR SNW DPTH SPD SPD DIR MIN PSBL S-S WX SPD DR
================================================================================
1 72 43 58 6 7 0 0.56 M M 18.1 40 240 M M 4 13 59 270
2 63 41 52 -1 13 0 0.00 M M 4.1 12 30 M M 4 15 190
3 70 43 57 4 8 0 0.00 M M 6.2 16 180 M M 4 8 26 190
4 83 55 69 16 0 4 0.00 M M 6.8 18 210 M M 5 27 200
5 86 60 73 19 0 8 0.17 M M 11.5 32 290 M M 3 1 46 280
6 62 47 55 1 10 0 0.73 M M 6.0 14 330 M M 10 13 22 330
7 62 47 55 1 10 0 0.00 M M 8.8 15 340 M M 5 22 340
8 54 47 51 -4 14 0 0.00 M M 8.2 14 60 M M 9 21 100
9 68 34 51 -4 14 0 0.00 M M 4.9 16 90 M M 0 24 110
10 71 35 53 -2 12 0 0.00 M M 2.0 9 200 M M 0 14 200
11 75 38 57 1 8 0 0.00 M M 1.8 10 280 M M 0 14 260
12 78 40 59 3 6 0 0.00 M M 1.5 10 60 M M 0 8 15 70
13 85 43 64 8 1 0 T M M 4.0 14 180 M M 1 20 190
14 73 53 63 6 2 0 0.22 M M 3.1 13 230 M M 7 123 21 240
15 77 48 63 6 2 0 0.00 M M 3.6 10 180 M M 2 12 18 230
16 71 46 59 2 6 0 0.39 M M 10.0 31 290 M M 7 1 47 290
17 63 43 53 -5 12 0 0.00 M M 12.5 30 250 M M 1 40 260
18 76 38 57 -1 8 0 0.00 M M 5.4 24 260 M M 1 31 250
19 83 44 64 6 1 0 0.00 M M 2.9 14 200 M M 0 20 160
20 84 48 66 7 0 1 0.00 M M 6.0 20 190 M M 0 29 200
21 77 54 66 7 0 1 0.19 M M 8.0 23 280 M M 1 13 36 190
22 63 46 55 -4 10 0 0.61 M M 8.1 26 260 M M 7 13 45 250
23 56 38 47 -13 18 0 0.00 M M 5.7 15 290 M M 3 20 300
24 58 31 45 -15 20 0 0.00 M M 3.3 14 300 M M 2 20 290
25 65 34 50 -10 15 0 0.00 M M 3.1 12 90 M M 0 16 100
26 70 35 53 -7 12 0 0.00 M M 2.7 10 200 M M 0 13 200
27 64 44 54 -7 11 0 0.29 M M 3.4 8 130 M M 5 1 13 170
28 73 51 62 1 3 0 0.08 M M 6.1 25 280 M M 9 13 38 280
29 68 45 57 -4 8 0 0.00 M M 2.3 8 330 M M 3 12 13 170
30 62 43 53 -9 12 0 0.03 M M 9.1 30 270 M M 6 41 260
================================================================================
SM 2112 1314 243 14 3.27 M 179.2 M 99
================================================================================
AV 70.4 43.8 6.0 FASTST M M 3 MAX(MPH)
MISC ----> 40 240 59 270
================================================================================
NOTES:
# LAST OF SEVERAL OCCURRENCES
COLUMN 17 PEAK WIND IN M.P.H.
PRELIMINARY LOCAL CLIMATOLOGICAL DATA (WS FORM: F-6) , PAGE 2
STATION: LONDON KY
MONTH: APRIL
YEAR: 2023
LATITUDE: 37 4 N
LONGITUDE: 84 5 W
[TEMPERATURE DATA] [PRECIPITATION DATA] SYMBOLS USED IN COLUMN 16
AVERAGE MONTHLY: 57.1 TOTAL FOR MONTH: 3.27 1 = FOG OR MIST
DPTR FM NORMAL: 0.0 DPTR FM NORMAL: -1.38 2 = FOG REDUCING VISIBILITY
HIGHEST: 86 ON 5 GRTST 24HR 1.31 ON 31- 1 TO 1/4 MILE OR LESS
LOWEST: 31 ON 24 3 = THUNDER
SNOW, ICE PELLETS, HAIL 4 = ICE PELLETS
TOTAL MONTH: M 5 = HAIL
GRTST 24HR M ON M 6 = FREEZING RAIN OR DRIZZLE
GRTST DEPTH: M ON M 7 = DUSTSTORM OR SANDSTORM:
VSBY 1/2 MILE OR LESS
8 = SMOKE OR HAZE
[NO. OF DAYS WITH] [WEATHER - DAYS WITH] 9 = BLOWING SNOW
X = TORNADO
MAX 32 OR BELOW: 0 0.01 INCH OR MORE: 10
MAX 90 OR ABOVE: 0 0.10 INCH OR MORE: 8
MIN 32 OR BELOW: 1 0.50 INCH OR MORE: 3
MIN 0 OR BELOW: 0 1.00 INCH OR MORE: 0
[HDD (BASE 65) ]
TOTAL THIS MO. 243 CLEAR (SCALE 0-3) 15
DPTR FM NORMAL -17 PTCLDY (SCALE 4-7) 12
TOTAL FM JUL 1 MM CLOUDY (SCALE 8-10) 3
DPTR FM NORMAL MM
[CDD (BASE 65) ]
TOTAL THIS MO. 14
DPTR FM NORMAL -10 [PRESSURE DATA]
TOTAL FM JAN 1 18 HIGHEST SLP 30.43 ON 7
DPTR FM NORMAL -9 LOWEST SLP 29.47 ON 30
[REMARKS]
MISSING ANNUAL HEATING DEGREE DAYS DUE TO TEMPERATURE SENSOR
ERROR IN NOVEMBER
#FINAL-04-23#