000
CXUS53 KARX 010930
CF6LSE
PRELIMINARY LOCAL CLIMATOLOGICAL DATA (WS FORM: F-6)
STATION: LA CROSSE WI
MONTH: APRIL
YEAR: 2020
LATITUDE: 43 52 N
LONGITUDE: 91 15 W
TEMPERATURE IN F: :PCPN: SNOW: WIND :SUNSHINE: SKY :PK WND
================================================================================
1 2 3 4 5 6A 6B 7 8 9 10 11 12 13 14 15 16 17 18
12Z AVG MX 2MIN
DY MAX MIN AVG DEP HDD CDD WTR SNW DPTH SPD SPD DIR MIN PSBL S-S WX SPD DR
================================================================================
1 59 30 45 3 20 0 0.00 0.0 0 7.3 15 190 M M 4 18 180
2 66 46 56 14 9 0 0.00 0.0 0 10.7 18 170 M M 4 26 190
3 59 30 45 2 20 0 0.59 0.8 0 11.9 22 320 M M 10 16 27 330
4 47 26 37 -6 28 0 0.00 0.0 1 9.3 18 340 M M 3 24 330
5 60 25 43 -1 22 0 0.00 0.0 0 4.5 13 190 M M 0 19 200
6 56 39 48 4 17 0 0.02 0.0 0 7.0 14 190 M M 6 18 18 180
7 68 45 57 12 8 0 0.04 0.0 0 5.4 14 160 M M 8 12 18 170
8 59 42 51 6 14 0 0.02 0.0 0 11.0 32 320 M M 6 12 43 310
9 47 36 42 -4 23 0 T T 0 17.4 31 320 M M 3 43 320
10 52 33 43 -3 22 0 0.00 0.0 0 9.6 18 290 M M 5 23 280
11 60 36 48 1 17 0 0.00 0.0 0 5.9 13 210 M M 4 17 170
12 49 33 41 -6 24 0 0.61 1.5 0 13.1 24 340 M M 10 1 33 340
13 40 28 34 -14 31 0 T 0.2 2 19.2 28 320 M M 4 1 36 270
14 35 24 30 -18 35 0 0.01 T 0 14.2 23 310 M M 4 36 260
15 36 22 29 -19 36 0 0.00 0.0 0 9.3 16 330 M M 5 21 330
16 45 27 36 -13 29 0 0.00 0.0 0 8.1 18 330 M M 0 30 330
17 53 33 43 -6 22 0 0.00 0.0 0 7.9 21 260 M M 4 32 280
18 71 33 52 2 13 0 0.00 0.0 0 14.3 30 210 M M 3 39 220
19 55 36 46 -4 19 0 0.00 0.0 0 10.5 21 330 M M 0 27 330
20 64 33 49 -2 16 0 0.05 0.0 0 12.4 38 320 M M 4 3 53 330
21 51 30 41 -10 24 0 0.00 0.0 0 10.6 22 330 M M 3 29 330
22 70 43 57 5 8 0 T 0.0 0 10.2 22 60 M M 5 28 70
23 56 40 48 -4 17 0 0.00 0.0 0 5.5 14 110 M M 6 18 19 100
24 63 42 53 1 12 0 0.00 0.0 0 4.5 10 110 M M 3 15 120
25 69 42 56 3 9 0 0.00 0.0 0 4.9 15 80 M M 1 22 70
26 71 40 56 3 9 0 T 0.0 0 6.1 18 240 M M 3 25 240
27 73 52 63 9 2 0 0.11 0.0 0 6.7 17 180 M M 3 1 25 180
28 68 50 59 5 6 0 0.18 0.0 0 9.9 24 320 M M 7 13 32 320
29 61 47 54 0 11 0 T 0.0 0 17.4 30 340 M M 7 1 42 330
30 70 43 57 2 8 0 0.00 0.0 0 9.8 20 320 M M 0 28 350
================================================================================
SM 1733 1086 531 0 1.63 2.5 294.6 M 125
================================================================================
AV 57.8 36.2 9.8 FASTST M M 4 MAX(MPH)
MISC ----> # 38 320 # 53 330
================================================================================
NOTES:
# LAST OF SEVERAL OCCURRENCES
COLUMN 17 PEAK WIND IN M.P.H.
PRELIMINARY LOCAL CLIMATOLOGICAL DATA (WS FORM: F-6) , PAGE 2
STATION: LA CROSSE WI
MONTH: APRIL
YEAR: 2020
LATITUDE: 43 52 N
LONGITUDE: 91 15 W
[TEMPERATURE DATA] [PRECIPITATION DATA] SYMBOLS USED IN COLUMN 16
AVERAGE MONTHLY: 47.0 TOTAL FOR MONTH: 1.63 1 = FOG OR MIST
DPTR FM NORMAL: -1.6 DPTR FM NORMAL: -1.71 2 = FOG REDUCING VISIBILITY
HIGHEST: 73 ON 27 GRTST 24HR 0.61 ON 12-12 TO 1/4 MILE OR LESS
LOWEST: 22 ON 15 3 = THUNDER
SNOW, ICE PELLETS, HAIL 4 = ICE PELLETS
TOTAL MONTH: 2.5 INCHES 5 = HAIL
GRTST 24HR 1.5 ON 12-12 6 = FREEZING RAIN OR DRIZZLE
GRTST DEPTH: 2 ON 13 7 = DUSTSTORM OR SANDSTORM:
VSBY 1/2 MILE OR LESS
8 = SMOKE OR HAZE
[NO. OF DAYS WITH] [WEATHER - DAYS WITH] 9 = BLOWING SNOW
X = TORNADO
MAX 32 OR BELOW: 0 0.01 INCH OR MORE: 9
MAX 90 OR ABOVE: 0 0.10 INCH OR MORE: 4
MIN 32 OR BELOW: 9 0.50 INCH OR MORE: 2
MIN 0 OR BELOW: 0 1.00 INCH OR MORE: 0
[HDD (BASE 65) ]
TOTAL THIS MO. 531 CLEAR (SCALE 0-3) 8
DPTR FM NORMAL 32 PTCLDY (SCALE 4-7) 20
TOTAL FM JUL 1 6445 CLOUDY (SCALE 8-10) 2
DPTR FM NORMAL -507
[CDD (BASE 65) ]
TOTAL THIS MO. 0
DPTR FM NORMAL -7 [PRESSURE DATA]
TOTAL FM JAN 1 0 HIGHEST SLP 30.35 ON 16
DPTR FM NORMAL -7 LOWEST SLP 29.49 ON 20
[REMARKS]
#FINAL-04-20#