200
CXUS54 KFWD 010731
CF6LUD
PRELIMINARY LOCAL CLIMATOLOGICAL DATA (WS FORM: F-6)
STATION: DECATUR
MONTH: JULY
YEAR: 2020
LATITUDE: 33 15 N
LONGITUDE: 97 30 W
TEMPERATURE IN F: :PCPN: SNOW: WIND :SUNSHINE: SKY :PK WND
================================================================================
1 2 3 4 5 6A 6B 7 8 9 10 11 12 13 14 15 16 17 18
12Z AVG MX 2MIN
DY MAX MIN AVG DEP HDD CDD WTR SNW DPTH SPD SPD DIR MIN PSBL S-S WX SPD DR
================================================================================
1 95 78 87 6 0 22 0.00 0.0 0 11.6 16 160 M M 2 21 180
2 95 77 86 5 0 21 0.00 0.0 0 7.0 22 160 M M 2 29 160
3 96 74 85 4 0 20 0.00 0.0 0 4.4 9 160 M M 0 M M
4 95 M M M M M 0.00 0.0 0 5.9 9 80 M M 0 16 60
5 90 73 82 0 0 17 0.24 0.0 0 5.4 14 300 M M 1 23 300
6 87 73 80 -2 0 15 0.24 0.0 0 3.2 9 360 M M 3 M M
7 90 72 81 -1 0 16 0.00 0.0 0 4.3 9 140 M M 5 1 M M
8 94 74 84 2 0 19 0.00 0.0 0 6.8 14 160 M M 1 1 18 160
9 95 77 86 4 0 21 0.00 0.0 0 10.2 17 160 M M 1 8 24 160
10 93 76 85 3 0 20 0.00 0.0 0 7.3 15 120 M M 0 20 120
11 99 75 87 5 0 22 0.00 0.0 0 7.3 14 150 M M 0 8 16 170
12 97 71 84 2 0 19 0.04 0.0 0 8.3 21 80 M M 1 32 80
13 101 80 91 9 0 26 0.00 0.0 0 9.7 14 130 M M 0 20 140
14 100 79 90 8 0 25 0.00 0.0 0 12.2 17 140 M M 0 22 170
15 95 79 87 4 0 22 0.00 0.0 0 10.2 16 160 M M 0 25 170
16 99 79 89 6 0 24 0.00 0.0 0 8.3 12 160 M M 0 17 180
17 98 77 88 5 0 23 0.00 0.0 0 7.0 15 130 M M 0 18 130
18 93 77 85 2 0 20 0.00 0.0 0 9.3 13 140 M M 1 18 170
19 95 77 86 3 0 21 0.00 0.0 0 7.6 12 130 M M 1 16 130
20 95 78 87 4 0 22 0.00 0.0 0 8.2 14 130 M M 1 18 120
21 92 74 83 0 0 18 0.00 0.0 0 6.5 10 170 M M 3 16 170
22 94 74 84 1 0 19 0.00 0.0 0 4.8 9 80 M M 2 M M
23 95 75 85 2 0 20 0.00 0.0 0 6.2 12 120 M M 1 M M
24 96 74 85 2 0 20 0.00 0.0 0 6.9 13 80 M M 1 16 70
25 89 74 82 -1 0 17 0.00 0.0 0 6.4 12 110 M M 3 M M
26 92 74 83 0 0 18 0.00 0.0 0 5.1 9 130 M M 3 M M
27 93 73 83 0 0 18 0.00 0.0 0 6.8 10 100 M M 1 M M
28 83 76 80 -3 0 15 0.03 0.0 0 5.1 10 150 M M 3 1 M M
29 93 76 85 2 0 20 0.00 0.0 0 7.6 13 170 M M 2 1 18 170
30 100 71 86 3 0 21 0.47 0.0 0 9.4 14 170 M M 1 18 170
31 88 71 80 -3 0 15 0.01 0.0 0 5.2 10 330 M M 3 3 17 20
================================================================================
SM 2917 2258 0 596 1.03 0.0 224.2 M 42
================================================================================
AV 94.1 75.3 7.2 FASTST M M 1 MAX(MPH)
MISC ----> # 22 160 # 32 80
================================================================================
NOTES:
# LAST OF SEVERAL OCCURRENCES
COLUMN 17 PEAK WIND IN M.P.H.
PRELIMINARY LOCAL CLIMATOLOGICAL DATA (WS FORM: F-6) , PAGE 2
STATION: DECATUR
MONTH: JULY
YEAR: 2020
LATITUDE: 33 15 N
LONGITUDE: 97 30 W
[TEMPERATURE DATA] [PRECIPITATION DATA] SYMBOLS USED IN COLUMN 16
AVERAGE MONTHLY: 84.7 TOTAL FOR MONTH: 1.03 1 = FOG OR MIST
DPTR FM NORMAL: 2.2 DPTR FM NORMAL: -1.52 2 = FOG REDUCING VISIBILITY
HIGHEST: 101 ON 13 GRTST 24HR 0.47 ON 30-30 TO 1/4 MILE OR LESS
LOWEST: 71 ON 31,30 3 = THUNDER
SNOW, ICE PELLETS, HAIL 4 = ICE PELLETS
TOTAL MONTH: 0.0 INCH 5 = HAIL
GRTST 24HR 0.0 6 = FREEZING RAIN OR DRIZZLE
GRTST DEPTH: 0 7 = DUSTSTORM OR SANDSTORM:
VSBY 1/2 MILE OR LESS
8 = SMOKE OR HAZE
[NO. OF DAYS WITH] [WEATHER - DAYS WITH] 9 = BLOWING SNOW
X = TORNADO
MAX 32 OR BELOW: 0 0.01 INCH OR MORE: 6
MAX 90 OR ABOVE: 27 0.10 INCH OR MORE: 3
MIN 32 OR BELOW: 0 0.50 INCH OR MORE: 0
MIN 0 OR BELOW: 0 1.00 INCH OR MORE: 0
[HDD (BASE 65) ]
TOTAL THIS MO. 0 CLEAR (SCALE 0-3) 29
DPTR FM NORMAL 0 PTCLDY (SCALE 4-7) 2
TOTAL FM JUL 1 0 CLOUDY (SCALE 8-10) 0
DPTR FM NORMAL 0
[CDD (BASE 65) ]
TOTAL THIS MO. 596
DPTR FM NORMAL 54 [PRESSURE DATA]
TOTAL FM JAN 1 1445 HIGHEST SLP M ON M
DPTR FM NORMAL 269 LOWEST SLP M ON M
[REMARKS]
#FINAL-07-20#