000
CXUS56 KMTR 011100
CF6LVK
PRELIMINARY LOCAL CLIMATOLOGICAL DATA (WS FORM: F-6)
STATION: LIVERMORE AIRPORT
MONTH: DECEMBER
YEAR: 2021
LATITUDE: 37 42 N
LONGITUDE: 121 49 W
TEMPERATURE IN F: :PCPN: SNOW: WIND :SUNSHINE: SKY :PK WND
================================================================================
1 2 3 4 5 6A 6B 7 8 9 10 11 12 13 14 15 16 17 18
12Z AVG MX 2MIN
DY MAX MIN AVG DEP HDD CDD WTR SNW DPTH SPD SPD DIR MIN PSBL S-S WX SPD DR
================================================================================
1 69 43 56 7 9 0 0.00 M M 4.6 17 70 M M 0 8 23 70
2 66 40 53 4 12 0 0.00 M M 2.3 12 90 M M 0 18 13 80
3 55 42 49 0 16 0 0.00 M M 3.0 8 280 M M 9 128 10 270
4 61 47 54 5 11 0 0.00 M M 2.9 9 300 M M 7 1 11 270
5 62 42 52 3 13 0 0.00 M M 2.1 9 60 M M 5 12 10 60
6 52 39 46 -2 19 0 0.01 M M 2.5 10 70 M M 8 128 12 70
7 59 43 51 3 14 0 T M M 5.9 14 70 M M 4 1 16 60
8 55 42 49 1 16 0 0.01 M M 4.8 13 290 M M 8 1 15 270
9 56 36 46 -2 19 0 0.07 M M 5.0 14 250 M M 6 1 17 230
10 56 34 45 -3 20 0 0.00 M M 2.7 12 40 M M 0 14 60
11 58 28 43 -5 22 0 0.00 M M 2.2 9 280 M M 0 13 280
12 56 44 50 2 15 0 0.10 M M 6.3 22 190 M M 10 29 180
13 58 43 51 3 14 0 1.34 M M 13.9 23 200 M M 10 1 36 190
14 51 36 44 -4 21 0 0.18 M M 6.5 17 250 M M 5 1 21 270
15 53 35 44 -3 21 0 0.03 M M 9.7 23 200 M M 7 1 33 200
16 57 42 50 3 15 0 0.33 M M 5.6 22 190 M M 6 1 30 200
17 52 35 44 -3 21 0 0.00 M M 4.9 13 70 M M 0 16 80
18 48 32 40 -7 25 0 0.00 M M 7.7 21 70 M M 2 12 25 70
19 45 34 40 -7 25 0 0.00 M M 3.2 9 70 M M 9 12 11 70
20 48 40 44 -3 21 0 0.00 M M 9.7 18 70 M M 6 18 23 70
21 48 38 43 -4 22 0 0.21 M M 10.2 17 60 M M 8 18 21 70
22 55 41 48 1 17 0 0.21 M M 5.2 16 70 M M 8 1 20 70
23 60 46 53 6 12 0 0.73 M M 5.8 20 310 M M 7 1 25 270
24 53 46 50 3 15 0 0.31 M M 10.2 22 250 M M 8 1 29 250
25 55 42 49 2 16 0 0.47 M M 9.8 20 240 M M 8 1 26 230
26 50 35 43 -4 22 0 0.13 M M 5.3 17 280 M M 8 1 22 280
27 51 40 46 -1 19 0 0.48 M M 10.8 24 290 M M 7 1 31 300
28 47 37 42 -5 23 0 0.01 M M 3.5 10 260 M M 8 13 250
29 51 40 46 -1 19 0 0.23 M M 6.7 14 70 M M 9 1 18 60
30 55 38 47 0 18 0 0.00 M M 3.3 13 90 M M 6 15 80
31 53 32 43 -4 22 0 0.00 M M 2.4 12 320 M M 3 12 15 280
================================================================================
SM 1695 1212 554 0 4.85 M 178.7 M 182
================================================================================
AV 54.7 39.1 5.8 FASTST M M 6 MAX(MPH)
MISC ----> 24 290 36 190
================================================================================
NOTES:
# LAST OF SEVERAL OCCURRENCES
COLUMN 17 PEAK WIND IN M.P.H.
PRELIMINARY LOCAL CLIMATOLOGICAL DATA (WS FORM: F-6) , PAGE 2
STATION: LIVERMORE AIRPORT
MONTH: DECEMBER
YEAR: 2021
LATITUDE: 37 42 N
LONGITUDE: 121 49 W
[TEMPERATURE DATA] [PRECIPITATION DATA] SYMBOLS USED IN COLUMN 16
AVERAGE MONTHLY: 46.9 TOTAL FOR MONTH: 4.85 1 = FOG OR MIST
DPTR FM NORMAL: -0.8 DPTR FM NORMAL: 2.05 2 = FOG REDUCING VISIBILITY
HIGHEST: 69 ON 1 GRTST 24HR 1.43 ON 13-14 TO 1/4 MILE OR LESS
LOWEST: 28 ON 11 3 = THUNDER
SNOW, ICE PELLETS, HAIL 4 = ICE PELLETS
TOTAL MONTH: M 5 = HAIL
GRTST 24HR M ON M 6 = FREEZING RAIN OR DRIZZLE
GRTST DEPTH: M ON M 7 = DUSTSTORM OR SANDSTORM:
VSBY 1/2 MILE OR LESS
8 = SMOKE OR HAZE
[NO. OF DAYS WITH] [WEATHER - DAYS WITH] 9 = BLOWING SNOW
X = TORNADO
MAX 32 OR BELOW: 0 0.01 INCH OR MORE: 17
MAX 90 OR ABOVE: 0 0.10 INCH OR MORE: 12
MIN 32 OR BELOW: 3 0.50 INCH OR MORE: 2
MIN 0 OR BELOW: 0 1.00 INCH OR MORE: 1
[HDD (BASE 65) ]
TOTAL THIS MO. 554 CLEAR (SCALE 0-3) 7
DPTR FM NORMAL 16 PTCLDY (SCALE 4-7) 18
TOTAL FM JUL 1 948 CLOUDY (SCALE 8-10) 6
DPTR FM NORMAL -49
[CDD (BASE 65) ]
TOTAL THIS MO. 0
DPTR FM NORMAL 0 [PRESSURE DATA]
TOTAL FM JAN 1 1089 HIGHEST SLP 30.31 ON 17
DPTR FM NORMAL 240 LOWEST SLP 29.64 ON 13
[REMARKS]
#FINAL-12-21#