000
CXUS56 KTFX 011110
CF6LWT
PRELIMINARY LOCAL CLIMATOLOGICAL DATA (WS FORM: F-6)
STATION: LEWISTOWN MT
MONTH: AUGUST
YEAR: 2020
LATITUDE: 47 2 N
LONGITUDE: 109 28 W
TEMPERATURE IN F: :PCPN: SNOW: WIND :SUNSHINE: SKY :PK WND
================================================================================
1 2 3 4 5 6A 6B 7 8 9 10 11 12 13 14 15 16 17 18
12Z AVG MX 2MIN
DY MAX MIN AVG DEP HDD CDD WTR SNW DPTH SPD SPD DIR MIN PSBL S-S WX SPD DR
================================================================================
1 88 64 76 9 0 11 0.00 0.0 0 14.9 21 110 M M 1 28 90
2 91 61 76 9 0 11 0.00 0.0 0 13.5 23 100 M M 0 30 90
3 86 60 73 6 0 8 0.65 0.0 0 8.8 29 180 M M 1 13 53 230
4 82 56 69 2 0 4 T 0.0 0 5.3 13 230 M M 1 1 15 320
5 88 54 71 4 0 6 0.00 0.0 0 7.4 18 90 M M 0 22 90
6 94 55 75 8 0 10 0.00 0.0 0 8.3 26 220 M M 1 35 230
7 78 50 64 -3 1 0 0.00 0.0 0 11.2 31 260 M M 0 43 270
8 82 42 62 -5 3 0 0.00 0.0 0 5.4 12 360 M M 0 15 300
9 73 51 62 -5 3 0 0.00 0.0 0 6.6 14 310 M M 5 18 330
10 82 44 63 -4 2 0 0.00 0.0 0 5.8 16 240 M M 0 21 300
11 87 48 68 2 0 3 0.00 0.0 0 5.4 15 300 M M 0 22 310
12 85 52 69 3 0 4 T 0.0 0 7.5 22 280 M M 1 34 300
13 73 48 61 -5 4 0 0.00 0.0 0 5.5 16 180 M M 3 3 20 180
14 76 39 58 -8 7 0 0.00 0.0 0 6.8 18 300 M M 0 24 280
15 84 45 65 -1 0 0 0.00 0.0 0 6.0 14 300 M M 0 17 250
16 92 50 71 5 0 6 0.00 0.0 0 4.3 10 240 M M 0 14 360
17 95 56 76 11 0 11 0.00 0.0 0 5.6 16 300 M M 0 21 300
18 91 57 74 9 0 9 0.00 0.0 0 6.0 14 340 M M 0 21 340
19 89 55 72 7 0 7 T 0.0 0 5.4 28 300 M M 1 36 300
20 88 57 73 9 0 8 0.28 0.0 0 5.2 29 310 M M 2 38 42 330
21 85 50 68 4 0 3 0.00 0.0 0 5.7 12 100 M M 1 16 360
22 87 57 72 8 0 7 0.00 0.0 0 6.2 14 310 M M 1 8 19 330
23 88 56 72 8 0 7 0.00 0.0 0 6.2 15 80 M M 0 20 120
24 92 54 73 10 0 8 T 0.0 0 4.1 12 120 M M 0 15 270
25 86 56 71 8 0 6 0.21 0.0 0 6.3 24 270 M M 2 38 34 270
26 82 52 67 4 0 2 0.00 0.0 0 5.1 13 300 M M 1 17 310
27 79 54 67 5 0 2 0.00 0.0 0 6.9 21 260 M M 2 24 230
28 81 43 62 0 3 0 0.00 0.0 0 6.9 15 220 M M 1 18 230
29 88 49 69 7 0 4 0.00 0.0 0 9.0 23 260 M M 0 30 270
30 61 38 50 -11 15 0 T 0.0 0 9.0 18 300 M M 4 25 300
31 65 39 52 -9 13 0 0.00 0.0 0 8.0 18 240 M M 4 24 240
================================================================================
SM 2598 1592 51 137 1.14 0.0 218.3 M 32
================================================================================
AV 83.8 51.4 7.0 FASTST M M 1 MAX(MPH)
MISC ----> 31 260 53 230
================================================================================
NOTES:
# LAST OF SEVERAL OCCURRENCES
COLUMN 17 PEAK WIND IN M.P.H.
PRELIMINARY LOCAL CLIMATOLOGICAL DATA (WS FORM: F-6) , PAGE 2
STATION: LEWISTOWN MT
MONTH: AUGUST
YEAR: 2020
LATITUDE: 47 2 N
LONGITUDE: 109 28 W
[TEMPERATURE DATA] [PRECIPITATION DATA] SYMBOLS USED IN COLUMN 16
AVERAGE MONTHLY: 67.6 TOTAL FOR MONTH: 1.14 1 = FOG OR MIST
DPTR FM NORMAL: 2.5 DPTR FM NORMAL: -0.59 2 = FOG REDUCING VISIBILITY
HIGHEST: 95 ON 17 GRTST 24HR 0.65 ON 3- 3 TO 1/4 MILE OR LESS
LOWEST: 38 ON 30 3 = THUNDER
SNOW, ICE PELLETS, HAIL 4 = ICE PELLETS
TOTAL MONTH: 0.0 INCH 5 = HAIL
GRTST 24HR 0.0 6 = FREEZING RAIN OR DRIZZLE
GRTST DEPTH: 0 7 = DUSTSTORM OR SANDSTORM:
VSBY 1/2 MILE OR LESS
8 = SMOKE OR HAZE
[NO. OF DAYS WITH] [WEATHER - DAYS WITH] 9 = BLOWING SNOW
X = TORNADO
MAX 32 OR BELOW: 0 0.01 INCH OR MORE: 3
MAX 90 OR ABOVE: 6 0.10 INCH OR MORE: 3
MIN 32 OR BELOW: 0 0.50 INCH OR MORE: 1
MIN 0 OR BELOW: 0 1.00 INCH OR MORE: 0
[HDD (BASE 65) ]
TOTAL THIS MO. 51 CLEAR (SCALE 0-3) 28
DPTR FM NORMAL -34 PTCLDY (SCALE 4-7) 3
TOTAL FM JUL 1 109 CLOUDY (SCALE 8-10) 0
DPTR FM NORMAL -48
[CDD (BASE 65) ]
TOTAL THIS MO. 137
DPTR FM NORMAL 51 [PRESSURE DATA]
TOTAL FM JAN 1 236 HIGHEST SLP 30.14 ON 28
DPTR FM NORMAL 40 LOWEST SLP 29.60 ON 29
[REMARKS]
#FINAL-08-20#