000
CXUS53 KGID 011446
CF6LXN
PRELIMINARY LOCAL CLIMATOLOGICAL DATA (WS FORM: F-6)
STATION: LEXINGTON
MONTH: JULY
YEAR: 2020
LATITUDE: 40 47 N
LONGITUDE: 99 46 W
TEMPERATURE IN F: :PCPN: SNOW: WIND :SUNSHINE: SKY :PK WND
================================================================================
1 2 3 4 5 6A 6B 7 8 9 10 11 12 13 14 15 16 17 18
12Z AVG MX 2MIN
DY MAX MIN AVG DEP HDD CDD WTR SNW DPTH SPD SPD DIR MIN PSBL S-S WX SPD DR
================================================================================
1 94 56 75 M 0 10 0.00 M M 6.8 13 120 M M 0 17 110
2 92 62 77 M 0 12 M M M 10.7 27 220 M M 3 138 36 240
3 91 61 76 M 0 11 0.00 M M 7.0 24 150 M M 0 32 150
4 90 62 76 M 0 11 0.00 M M 6.3 12 110 M M 1 1 16 130
5 88 62 75 M 0 10 0.00 M M 5.6 12 180 M M 2 1 M M
6 93 64 79 M 0 14 0.00 M M 7.0 14 140 M M 2 1 17 140
7 95 69 82 M 0 17 0.00 M M 14.4 22 160 M M 0 29 170
8 96 64 80 M 0 15 M M M 14.5 20 80 M M 2 3 27 150
9 86 59 73 M 0 8 0.00 M M 7.0 25 90 M M 1 13 36 90
10 90 61 76 M 0 11 0.04 M M 10.1 32 20 M M 2 3 55 20
11 87 61 74 M 0 9 0.00 M M 8.0 28 70 M M 3 36 70
12 87 56 72 M 0 7 T M M 6.7 17 150 M M 1 3 23 140
13 95 65 80 M 0 15 0.35 M M 12.9 39 280 M M 1 3 52 280
14 75 63 69 M 0 4 0.00 M M 9.1 21 20 M M 5 33 170
15 82 62 72 M 0 7 T M M 5.8 16 20 M M 4 1 M M
16 90 63 77 M 0 12 0.00 M M 10.0 14 130 M M 4 18 20 150
17 96 72 84 M 0 19 0.00 M M 11.9 20 200 M M 0 23 190
18 98 64 81 M 0 16 T M M 7.3 20 350 M M 1 3 27 350
19 89 66 78 M 0 13 0.01 M M 7.1 18 140 M M 5 3 23 130
20 84 64 74 M 0 9 0.17 M M 11.9 27 170 M M 5 38 43 170
21 85 60 73 M 0 8 0.00 M M 8.0 17 40 M M 1 8 25 40
22 88 67 78 M 0 13 0.29 M M 11.1 17 150 M M 4 3 24 140
23 92 71 82 M 0 17 0.00 M M 13.8 20 170 M M 0 25 170
24 94 73 84 M 0 19 0.01 M M 17.7 25 160 M M 4 33 160
25 97 71 84 M 0 19 0.56 M M 14.3 24 200 M M 2 3 25 190
26 82 69 76 M 0 11 0.15 M M 5.3 10 10 M M 5 3 M M
27 82 68 75 M 0 10 0.00 M M 6.0 13 80 M M 4 M M
28 86 65 76 M 0 11 0.00 M M 5.5 10 150 M M 4 18 M M
29 89 66 78 M 0 13 0.25 M M 5.9 18 130 M M 3 3 27 360
30 76 61 69 M 0 4 0.34 M M 8.0 13 30 M M 5 17 20
31 83 57 70 M 0 5 0.00 M M 4.3 8 30 M M 1 M M
================================================================================
SM 2752 1984 0 360 M M 280.0 M 75
================================================================================
AV 88.8 64.0 9.0 FASTST M M 2 MAX(MPH)
MISC ----> # 39 280 # M M
================================================================================
NOTES:
# LAST OF SEVERAL OCCURRENCES
COLUMN 17 PEAK WIND IN M.P.H.
PRELIMINARY LOCAL CLIMATOLOGICAL DATA (WS FORM: F-6) , PAGE 2
STATION: LEXINGTON
MONTH: JULY
YEAR: 2020
LATITUDE: 40 47 N
LONGITUDE: 99 46 W
[TEMPERATURE DATA] [PRECIPITATION DATA] SYMBOLS USED IN COLUMN 16
AVERAGE MONTHLY: 76.4 TOTAL FOR MONTH: M 1 = FOG OR MIST
DPTR FM NORMAL: M DPTR FM NORMAL: M 2 = FOG REDUCING VISIBILITY
HIGHEST: 98 ON 18 GRTST 24HR M ON M TO 1/4 MILE OR LESS
LOWEST: 56 ON 12, 1 3 = THUNDER
SNOW, ICE PELLETS, HAIL 4 = ICE PELLETS
TOTAL MONTH: M 5 = HAIL
GRTST 24HR M ON M 6 = FREEZING RAIN OR DRIZZLE
GRTST DEPTH: M ON M 7 = DUSTSTORM OR SANDSTORM:
VSBY 1/2 MILE OR LESS
8 = SMOKE OR HAZE
[NO. OF DAYS WITH] [WEATHER - DAYS WITH] 9 = BLOWING SNOW
X = TORNADO
MAX 32 OR BELOW: 0 0.01 INCH OR MORE: M
MAX 90 OR ABOVE: 15 0.10 INCH OR MORE: M
MIN 32 OR BELOW: 0 0.50 INCH OR MORE: M
MIN 0 OR BELOW: 0 1.00 INCH OR MORE: M
[HDD (BASE 65) ]
TOTAL THIS MO. 0 CLEAR (SCALE 0-3) 18
DPTR FM NORMAL M PTCLDY (SCALE 4-7) 13
TOTAL FM JUL 1 0 CLOUDY (SCALE 8-10) 0
DPTR FM NORMAL M
[CDD (BASE 65) ]
TOTAL THIS MO. 360
DPTR FM NORMAL M [PRESSURE DATA]
TOTAL FM JAN 1 676 HIGHEST SLP M ON M
DPTR FM NORMAL M LOWEST SLP M ON M
[REMARKS]
#FINAL-07-20#