000
CXUS55 KPUB 011210
CF6LXV
PRELIMINARY LOCAL CLIMATOLOGICAL DATA (WS FORM: F-6)
STATION: LEADVILLE CO
MONTH: MAY
YEAR: 2020
LATITUDE: 39 15 N
LONGITUDE: 106 18 W
TEMPERATURE IN F: :PCPN: SNOW: WIND :SUNSHINE: SKY :PK WND
================================================================================
1 2 3 4 5 6A 6B 7 8 9 10 11 12 13 14 15 16 17 18
12Z AVG MX 2MIN
DY MAX MIN AVG DEP HDD CDD WTR SNW DPTH SPD SPD DIR MIN PSBL S-S WX SPD DR
================================================================================
1 62 30 46 10 19 0 0.00 M M 5.9 21 290 M M 1 31 290
2 59 27 43 7 22 0 T M M 9.5 31 210 M M 2 49 200
3 59 25 42 6 23 0 0.00 M M 6.5 24 290 M M 1 33 290
4 50 27 39 2 26 0 T M M 10.8 29 300 M M 5 18 43 310
5 53 19 36 -1 29 0 0.00 M M 7.3 20 330 M M 0 32 340
6 58 21 40 2 25 0 0.00 M M 5.6 20 280 M M 0 28 250
7 54 26 40 2 25 0 0.00 M M 12.6 31 290 M M 1 46 300
8 56 17 37 -1 28 0 0.00 M M 7.7 21 280 M M 0 31 300
9 54 27 41 2 24 0 0.00 M M 8.2 22 300 M M 0 33 300
10 60 21 41 2 24 0 0.00 M M 8.4 22 310 M M 2 34 10
11 48 29 39 0 26 0 0.66 M M 4.5 15 10 M M 9 123 22 20
12 54 31 43 3 22 0 0.14 M M 7.1 20 190 M M 5 12 30 190
13 55 32 44 4 21 0 0.00 M M 7.3 20 300 M M 2 33 300
14 55 28 42 2 23 0 0.00 M M 6.0 20 290 M M 4 30 230
15 55 27 41 1 24 0 T M M 6.0 26 190 M M 4 36 180
16 57 32 45 4 20 0 0.00 M M 6.4 20 290 M M 6 28 250
17 65 29 47 6 18 0 0.00 M M 4.9 18 290 M M 2 26 340
18 71 33 52 10 13 0 0.00 0.0 M 7.2 22 190 M M 0 33 250
19 68 30 49 7 16 0 0.00 0.0 M 10.0 33 190 M M 3 49 200
20 61 29 45 3 20 0 0.00 M M 11.9 35 180 M M 1 48 190
21 55 20 38 -4 27 0 0.00 M M 7.1 20 280 M M 0 29 270
22 61 22 42 -1 23 0 0.00 M M 7.0 24 210 M M 1 35 220
23 56 26 41 -2 24 0 0.00 M M 7.4 22 240 M M 3 34 250
24 44 26 35 -8 30 0 0.23 M M 6.6 28 180 M M 8 128 36 180
25 52 21 37 -7 28 0 0.00 M M 7.3 17 360 M M 3 27 10
26 61 24 43 -1 22 0 0.00 M M 7.7 18 300 M M 5 29 320
27 63 36 50 6 15 0 0.10 M M 8.9 29 310 M M 5 13 40 310
28 69 31 50 6 15 0 0.00 M M 5.8 21 190 M M 1 25 180
29 71 35 53 8 12 0 0.05 M M 5.1 20 310 M M 4 28 330
30 70 34 52 7 13 0 T M M 7.0 21 170 M M 4 31 190
31 67 35 51 6 14 0 0.02 M M 4.9 24 230 M M 4 3 35 220
================================================================================
SM 1823 850 671 0 1.20 0.0 228.6 M 86
================================================================================
AV 58.8 27.4 7.4 FASTST M M 3 MAX(MPH)
MISC ----> 35 180 # 49 200
================================================================================
NOTES:
# LAST OF SEVERAL OCCURRENCES
COLUMN 17 PEAK WIND IN M.P.H.
PRELIMINARY LOCAL CLIMATOLOGICAL DATA (WS FORM: F-6) , PAGE 2
STATION: LEADVILLE CO
MONTH: MAY
YEAR: 2020
LATITUDE: 39 15 N
LONGITUDE: 106 18 W
[TEMPERATURE DATA] [PRECIPITATION DATA] SYMBOLS USED IN COLUMN 16
AVERAGE MONTHLY: 43.1 TOTAL FOR MONTH: 1.20 1 = FOG OR MIST
DPTR FM NORMAL: 2.4 DPTR FM NORMAL: 0.40 2 = FOG REDUCING VISIBILITY
HIGHEST: 71 ON 29,18 GRTST 24HR 0.80 ON 11-12 TO 1/4 MILE OR LESS
LOWEST: 17 ON 8 3 = THUNDER
SNOW, ICE PELLETS, HAIL 4 = ICE PELLETS
TOTAL MONTH: 0.0 INCH 5 = HAIL
GRTST 24HR 0.0 6 = FREEZING RAIN OR DRIZZLE
GRTST DEPTH: M ON M 7 = DUSTSTORM OR SANDSTORM:
VSBY 1/2 MILE OR LESS
8 = SMOKE OR HAZE
[NO. OF DAYS WITH] [WEATHER - DAYS WITH] 9 = BLOWING SNOW
X = TORNADO
MAX 32 OR BELOW: 0 0.01 INCH OR MORE: 6
MAX 90 OR ABOVE: 0 0.10 INCH OR MORE: 4
MIN 32 OR BELOW: 26 0.50 INCH OR MORE: 1
MIN 0 OR BELOW: 0 1.00 INCH OR MORE: 0
[HDD (BASE 65) ]
TOTAL THIS MO. 671 CLEAR (SCALE 0-3) 18
DPTR FM NORMAL -82 PTCLDY (SCALE 4-7) 12
TOTAL FM JUL 1 10542 CLOUDY (SCALE 8-10) 1
DPTR FM NORMAL -211
[CDD (BASE 65) ]
TOTAL THIS MO. 0
DPTR FM NORMAL 0 [PRESSURE DATA]
TOTAL FM JAN 1 0 HIGHEST SLP 30.23 ON 5
DPTR FM NORMAL 0 LOWEST SLP 29.47 ON 20
[REMARKS]
#FINAL-05-20#