000
CXUS51 KRNK 010526
CF6LYH
PRELIMINARY LOCAL CLIMATOLOGICAL DATA (WS FORM: F-6)
STATION: LYNCHBURG VA
MONTH: JUNE
YEAR: 2022
LATITUDE: 37 19 N
LONGITUDE: 79 12 W
TEMPERATURE IN F: :PCPN: SNOW: WIND :SUNSHINE: SKY :PK WND
================================================================================
1 2 3 4 5 6A 6B 7 8 9 10 11 12 13 14 15 16 17 18
12Z AVG MX 2MIN
DY MAX MIN AVG DEP HDD CDD WTR SNW DPTH SPD SPD DIR MIN PSBL S-S WX SPD DR
================================================================================
1 93 67 80 12 0 15 T 0.0 0 3.4 14 360 M M 1 13 24 20
2 92 66 79 11 0 14 0.23 0.0 0 4.0 35 220 M M 1 13 47 220
3 80 60 70 1 0 5 0.00 0.0 0 3.2 12 40 M M 4 15 40
4 83 57 70 1 0 5 0.00 0.0 0 3.2 12 50 M M 1 17 90
5 83 56 70 1 0 5 0.00 0.0 0 4.0 14 30 M M 0 19 30
6 83 56 70 0 0 5 0.00 0.0 0 4.1 14 170 M M 1 16 150
7 83 63 73 3 0 8 T 0.0 0 7.3 17 170 M M 6 1 22 180
8 88 65 77 7 0 12 0.01 0.0 0 3.2 16 190 M M 2 13 19 190
9 84 62 73 3 0 8 0.00 0.0 0 5.3 14 260 M M 2 1 23 270
10 82 54 68 -3 0 3 0.00 0.0 0 2.1 8 170 M M 1 13 310
11 84 64 74 3 0 9 T 0.0 0 3.0 9 200 M M 7 13 200
12 90 68 79 8 0 14 0.85 0.0 0 2.2 9 210 M M 6 13 13 210
13 94 69 82 10 0 17 T 0.0 0 2.6 10 210 M M 1 1 13 250
14 84 71 78 6 0 13 0.55 0.0 0 4.2 15 310 M M 3 123 30 220
15 89 70 80 8 0 15 0.00 0.0 0 2.1 9 170 M M 6 1 12 90
16 94 72 83 11 0 18 0.02 0.0 0 4.9 28 190 M M 3 3 37 190
17 96 69 83 11 0 18 0.01 0.0 0 7.4 18 270 M M 0 30 270
18 83 66 75 2 0 10 0.00 0.0 0 6.0 17 10 M M 0 26 300
19 82 54 68 -5 0 3 0.00 0.0 0 4.8 14 360 M M 0 20 10
20 81 57 69 -4 0 4 0.00 0.0 0 2.0 12 200 M M 4 14 200
21 88 61 75 2 0 10 T 0.0 0 1.9 8 230 M M 3 10 230
22 96 61 79 5 0 14 0.35 0.0 0 3.6 26 50 M M 1 13 35 50
23 87 69 78 4 0 13 0.05 0.0 0 4.8 15 50 M M 5 1 23 40
24 88 65 77 3 0 12 0.00 0.0 0 3.0 10 180 M M 5 16 230
25 90 65 78 4 0 13 0.00 0.0 0 4.7 14 150 M M 2 1 19 170
26 90 66 78 4 0 13 0.05 0.0 0 3.9 21 200 M M 5 123 28 200
27 87 67 77 2 0 12 0.03 0.0 0 4.7 10 10 M M 6 13 16 310
28 84 60 72 -3 0 7 0.00 0.0 0 3.5 10 160 M M 2 14 130
29 87 59 73 -2 0 8 T 0.0 0 4.3 12 170 M M 2 3 15 250
30 92 66 79 4 0 14 0.01 0.0 0 4.0 18 190 M M 5 1 24 200
================================================================================
SM 2617 1905 0 317 2.16 0.0 117.4 M 85
================================================================================
AV 87.2 63.5 3.9 FASTST M M 3 MAX(MPH)
MISC ----> 35 220 47 220
================================================================================
NOTES:
# LAST OF SEVERAL OCCURRENCES
COLUMN 17 PEAK WIND IN M.P.H.
PRELIMINARY LOCAL CLIMATOLOGICAL DATA (WS FORM: F-6) , PAGE 2
STATION: LYNCHBURG VA
MONTH: JUNE
YEAR: 2022
LATITUDE: 37 19 N
LONGITUDE: 79 12 W
[TEMPERATURE DATA] [PRECIPITATION DATA] SYMBOLS USED IN COLUMN 16
AVERAGE MONTHLY: 75.4 TOTAL FOR MONTH: 2.16 1 = FOG OR MIST
DPTR FM NORMAL: 3.4 DPTR FM NORMAL: -1.66 2 = FOG REDUCING VISIBILITY
HIGHEST: 96 ON 22,17 GRTST 24HR 0.85 ON 12-12 TO 1/4 MILE OR LESS
LOWEST: 54 ON 19,10 3 = THUNDER
SNOW, ICE PELLETS, HAIL 4 = ICE PELLETS
TOTAL MONTH: 0.0 INCH 5 = HAIL
GRTST 24HR 0.0 6 = FREEZING RAIN OR DRIZZLE
GRTST DEPTH: 0 7 = DUSTSTORM OR SANDSTORM:
VSBY 1/2 MILE OR LESS
8 = SMOKE OR HAZE
[NO. OF DAYS WITH] [WEATHER - DAYS WITH] 9 = BLOWING SNOW
X = TORNADO
MAX 32 OR BELOW: 0 0.01 INCH OR MORE: 11
MAX 90 OR ABOVE: 10 0.10 INCH OR MORE: 4
MIN 32 OR BELOW: 0 0.50 INCH OR MORE: 2
MIN 0 OR BELOW: 0 1.00 INCH OR MORE: 0
[HDD (BASE 65) ]
TOTAL THIS MO. 0 CLEAR (SCALE 0-3) 18
DPTR FM NORMAL -12 PTCLDY (SCALE 4-7) 12
TOTAL FM JUL 1 3473 CLOUDY (SCALE 8-10) 0
DPTR FM NORMAL -818
[CDD (BASE 65) ]
TOTAL THIS MO. 317
DPTR FM NORMAL 96 [PRESSURE DATA]
TOTAL FM JAN 1 504 HIGHEST SLP M ON M
DPTR FM NORMAL 181 LOWEST SLP 29.70 ON 2
[REMARKS]DUE TO EQUIPMENT FAILURE ON NOVEMBER 4, 2021, ALL HEATING
DEGREE DAY INFORMATION WILL BE CALCULATED WITHOUT DATA FROM THIS
DATE.
#FINAL-06-22#