000
CXUS56 KHNX 012312
CF6MAE
PRELIMINARY LOCAL CLIMATOLOGICAL DATA (WS FORM: F-6)
STATION: MADERA CA AIRPORT
MONTH: OCTOBER
YEAR: 2022
LATITUDE: 36 58 N
LONGITUDE: 120 7 W
TEMPERATURE IN F: :PCPN: SNOW: WIND :SUNSHINE: SKY :PK WND
================================================================================
1 2 3 4 5 6A 6B 7 8 9 10 11 12 13 14 15 16 17 18
12Z AVG MX 2MIN
DY MAX MIN AVG DEP HDD CDD WTR SNW DPTH SPD SPD DIR MIN PSBL S-S WX SPD DR
================================================================================
1 93 54 74 4 0 9 0.00 0.0 0 4.5 10 290 M M 0 14 300
2 85 54 70 0 0 5 0.00 0.0 0 7.2 13 300 M M 0 17 290
3 88 55 72 2 0 7 0.00 0.0 0 5.2 10 330 M M 0 18 13 320
4 90 54 72 3 0 7 0.00 0.0 0 4.4 12 330 M M 0 18 16 300
5 93 55 74 5 0 9 0.00 0.0 0 2.4 8 310 M M 0 1 11 320
6 95 57 76 8 0 11 0.00 0.0 0 3.4 9 310 M M 0 8 12 320
7 94 55 75 7 0 10 0.00 0.0 0 3.2 10 310 M M 0 18 14 290
8 94 57 76 8 0 11 0.00 0.0 0 4.3 12 330 M M 0 14 330
9 93 56 75 8 0 10 0.00 0.0 0 4.0 10 300 M M 0 13 300
10 93 56 75 8 0 10 0.00 0.0 0 4.9 13 320 M M 0 17 310
11 94 53 74 7 0 9 0.00 0.0 0 4.1 13 320 M M 0 15 320
12 89 52 71 5 0 6 0.00 0.0 0 4.1 10 330 M M 0 14 300
13 86 53 70 4 0 5 0.00 0.0 0 3.9 12 320 M M 0 18 14 300
14 88 52 70 4 0 5 0.00 0.0 0 1.9 8 330 M M 0 18 12 300
15 85 53 69 4 0 4 0.00 0.0 0 5.7 14 300 M M 0 18 18 300
16 78 49 64 -1 1 0 0.00 0.0 0 5.4 15 330 M M 0 1 18 330
17 80 50 65 0 0 0 0.00 0.0 0 4.0 8 290 M M 0 18 11 200
18 84 51 68 4 0 3 0.00 0.0 0 2.9 9 280 M M 0 18 13 320
19 87 53 70 6 0 5 0.00 0.0 0 3.5 9 320 M M 0 18 15 310
20 90 55 73 9 0 8 0.00 0.0 0 3.0 9 190 M M 1 11 180
21 90 52 71 8 0 6 0.00 0.0 0 2.6 12 300 M M 1 15 290
22 77 47 62 -1 3 0 0.00 0.0 0 9.7 17 330 M M 0 24 340
23 71 42 57 -5 8 0 0.00 0.0 0 9.2 23 310 M M 0 8 31 300
24 72 39 56 -6 9 0 0.00 0.0 0 2.5 9 200 M M 0 8 13 150
25 76 44 60 -2 5 0 0.00 0.0 0 3.6 9 320 M M 0 8 17 330
26 72 42 57 -4 8 0 0.00 0.0 0 6.4 17 290 M M 0 21 280
27 73 38 56 -5 9 0 0.00 0.0 0 1.7 7 60 M M 0 10 250
28 76 41 59 -2 6 0 0.00 0.0 0 3.9 10 300 M M 0 8 13 290
29 74 42 58 -2 7 0 0.00 0.0 0 4.0 13 280 M M 0 8 16 290
30 76 42 59 -1 6 0 0.00 0.0 0 1.8 7 80 M M 0 10 290
31 70 43 57 -3 8 0 0.00 0.0 0 3.1 8 80 M M 0 8 9 250
================================================================================
SM 2606 1546 70 140 0.00 0.0 130.5 M 2
================================================================================
AV 84.1 49.9 4.2 FASTST M M 0 MAX(MPH)
MISC ----> 23 310 31 300
================================================================================
NOTES:
# LAST OF SEVERAL OCCURRENCES
COLUMN 17 PEAK WIND IN M.P.H.
PRELIMINARY LOCAL CLIMATOLOGICAL DATA (WS FORM: F-6) , PAGE 2
STATION: MADERA CA AIRPORT
MONTH: OCTOBER
YEAR: 2022
LATITUDE: 36 58 N
LONGITUDE: 120 7 W
[TEMPERATURE DATA] [PRECIPITATION DATA] SYMBOLS USED IN COLUMN 16
AVERAGE MONTHLY: 67.0 TOTAL FOR MONTH: 0.00 1 = FOG OR MIST
DPTR FM NORMAL: 2.0 DPTR FM NORMAL: -0.44 2 = FOG REDUCING VISIBILITY
HIGHEST: 95 ON 6 GRTST 24HR 0.00 ON 1- 1 TO 1/4 MILE OR LESS
LOWEST: 38 ON 27 3 = THUNDER
SNOW, ICE PELLETS, HAIL 4 = ICE PELLETS
TOTAL MONTH: 0.0 INCH 5 = HAIL
GRTST 24HR 0.0 6 = FREEZING RAIN OR DRIZZLE
GRTST DEPTH: 0 7 = DUSTSTORM OR SANDSTORM:
VSBY 1/2 MILE OR LESS
8 = SMOKE OR HAZE
[NO. OF DAYS WITH] [WEATHER - DAYS WITH] 9 = BLOWING SNOW
X = TORNADO
MAX 32 OR BELOW: 0 0.01 INCH OR MORE: 0
MAX 90 OR ABOVE: 11 0.10 INCH OR MORE: 0
MIN 32 OR BELOW: 0 0.50 INCH OR MORE: 0
MIN 0 OR BELOW: 0 1.00 INCH OR MORE: 0
[HDD (BASE 65) ]
TOTAL THIS MO. 70 CLEAR (SCALE 0-3) 31
DPTR FM NORMAL -6 PTCLDY (SCALE 4-7) 0
TOTAL FM JUL 1 70 CLOUDY (SCALE 8-10) 0
DPTR FM NORMAL -10
[CDD (BASE 65) ]
TOTAL THIS MO. 140
DPTR FM NORMAL 66 [PRESSURE DATA]
TOTAL FM JAN 1 2069 HIGHEST SLP 30.25 ON 29
DPTR FM NORMAL 322 LOWEST SLP 29.66 ON 22
[REMARKS]
#FINAL-10-22#