000
CXUS54 KMAF 180704
CF6MAF
PRELIMINARY LOCAL CLIMATOLOGICAL DATA (WS FORM: F-6)
STATION: MIDLAND INTERNATIONAL AIRPORT
MONTH: SEPTEMBER
YEAR: 2021
LATITUDE: 31 57 N
LONGITUDE: 102 11 W
TEMPERATURE IN F: :PCPN: SNOW: WIND :SUNSHINE: SKY :PK WND
================================================================================
1 2 3 4 5 6A 6B 7 8 9 10 11 12 13 14 15 16 17 18
12Z AVG MX 2MIN
DY MAX MIN AVG DEP HDD CDD WTR SNW DPTH SPD SPD DIR MIN PSBL S-S WX SPD DR
================================================================================
1 96 71 84 4 0 19 0.00 0.0 0 10.5 23 150 M M 0 8 27 160
2 95 72 84 4 0 19 0.00 0.0 0 10.1 23 130 M M 3 8 26 140
3 95 71 83 3 0 18 0.00 0.0 0 9.8 18 140 M M 1 8 25 160
4 95 69 82 3 0 17 0.00 0.0 0 8.4 25 310 M M 1 30 310
5 93 68 81 2 0 16 0.02 0.0 0 6.4 24 330 M M 1 8 28 330
6 94 67 81 2 0 16 0.00 0.0 0 5.6 17 140 M M 1 22 140
7 97 67 82 4 0 17 0.00 0.0 0 7.7 16 90 M M 0 8 19 80
8 94 69 82 4 0 17 0.00 0.0 0 6.8 20 140 M M 0 25 150
9 94 67 81 3 0 16 0.00 0.0 0 6.9 16 150 M M 0 19 140
10 96 68 82 4 0 17 0.00 0.0 0 9.2 18 200 M M 0 8 23 200
11 95 65 80 3 0 15 0.00 0.0 0 8.2 18 140 M M 0 8 22 140
12 90 63 77 0 0 12 0.00 0.0 0 9.0 18 150 M M 0 8 23 140
13 90 64 77 0 0 12 0.00 0.0 0 9.3 17 140 M M 1 26 150
14 91 63 77 0 0 12 0.00 0.0 0 9.0 16 140 M M 0 21 110
15 88 65 77 1 0 12 0.00 0.0 0 9.8 16 80 M M 0 8 22 80
16 91 65 78 2 0 13 0.00 0.0 0 9.9 20 160 M M 0 23 180
17 97 64 81 5 0 16 0.03 0.0 0 8.2 28 40 M M 0 38 38 30
18 94 64 79 3 0 14 0.00 0.0 0 7.6 17 250 M M 0 20 240
19 94 62 78 3 0 13 0.00 0.0 0 6.9 15 180 M M 0 20 210
20 101 74 88 13 0 23 0.00 0.0 0 10.7 20 230 M M 1 26 230
21 80 59 70 -5 0 5 0.00 0.0 0 19.2 33 40 M M 0 8 40 40
22 80 52 66 -8 0 1 0.00 0.0 0 8.2 16 120 M M 0 20 120
23 86 52 69 -5 0 4 0.00 0.0 0 10.2 22 170 M M 0 25 170
24 87 56 72 -2 0 7 0.00 0.0 0 9.2 18 160 M M 0 24 150
25 85 52 69 -5 0 4 0.00 0.0 0 6.5 20 140 M M 0 25 130
26 87 56 72 -1 0 7 0.00 0.0 0 8.7 21 170 M M 0 25 160
27 89 69 79 6 0 14 0.00 0.0 0 10.2 20 160 M M 2 23 160
28 86 68 77 4 0 12 T 0.0 0 9.9 25 200 M M 2 8 31 210
29 91 60 76 4 0 11 0.00 0.0 0 7.6 18 200 M M 0 25 240
30 81 63 72 0 0 7 0.06 0.0 0 10.4 25 240 M M 2 138 29 240
================================================================================
SM 2732 1925 0 386 0.11 0.0 270.1 M 15
================================================================================
AV 91.1 64.2 9.0 FASTST M M 1 MAX(MPH)
MISC ----> 33 40 40 40
================================================================================
NOTES:
# LAST OF SEVERAL OCCURRENCES
COLUMN 17 PEAK WIND IN M.P.H.
PRELIMINARY LOCAL CLIMATOLOGICAL DATA (WS FORM: F-6) , PAGE 2
STATION: MIDLAND INTERNATIONAL AIRPORT
MONTH: SEPTEMBER
YEAR: 2021
LATITUDE: 31 57 N
LONGITUDE: 102 11 W
[TEMPERATURE DATA] [PRECIPITATION DATA] SYMBOLS USED IN COLUMN 16
AVERAGE MONTHLY: 77.6 TOTAL FOR MONTH: 0.11 1 = FOG OR MIST
DPTR FM NORMAL: 1.4 DPTR FM NORMAL: -1.55 2 = FOG REDUCING VISIBILITY
HIGHEST: 101 ON 20 GRTST 24HR 0.06 ON 30-30 TO 1/4 MILE OR LESS
LOWEST: 52 ON 25,23 3 = THUNDER
SNOW, ICE PELLETS, HAIL 4 = ICE PELLETS
TOTAL MONTH: 0.0 INCH 5 = HAIL
GRTST 24HR 0.0 6 = FREEZING RAIN OR DRIZZLE
GRTST DEPTH: 0 7 = DUSTSTORM OR SANDSTORM:
VSBY 1/2 MILE OR LESS
8 = SMOKE OR HAZE
[NO. OF DAYS WITH] [WEATHER - DAYS WITH] 9 = BLOWING SNOW
X = TORNADO
MAX 32 OR BELOW: 0 0.01 INCH OR MORE: 3
MAX 90 OR ABOVE: 20 0.10 INCH OR MORE: 0
MIN 32 OR BELOW: 0 0.50 INCH OR MORE: 0
MIN 0 OR BELOW: 0 1.00 INCH OR MORE: 0
[HDD (BASE 65) ]
TOTAL THIS MO. 0 CLEAR (SCALE 0-3) 30
DPTR FM NORMAL -7 PTCLDY (SCALE 4-7) 0
TOTAL FM JUL 1 0 CLOUDY (SCALE 8-10) 0
DPTR FM NORMAL 0
[CDD (BASE 65) ]
TOTAL THIS MO. 386
DPTR FM NORMAL 43 [PRESSURE DATA]
TOTAL FM JAN 1 2086 HIGHEST SLP 30.37 ON 22
DPTR FM NORMAL -444 LOWEST SLP 29.66 ON 1
[REMARKS]
#FINAL-09-21#