000
CXUS54 KMAF 011807
CLMMAF
CLIMATE REPORT
NATIONAL WEATHER SERVICE MIDLAND/ODESSA TX
1207 PM CST MON JAN 01 2024
...................................
...THE MIDLAND INTERNATIONAL AIRPORT CLIMATE SUMMARY FOR THE MONTH OF DECEMBER 2023...
CLIMATE NORMAL PERIOD 1991 TO 2020
CLIMATE RECORD PERIOD 1930 TO 2023
WEATHER OBSERVED NORMAL DEPART LAST YEAR`S
VALUE DATE(S) VALUE FROM VALUE DATE(S)
NORMAL
................................................................
TEMPERATURE (F)
RECORD
HIGH 85 12/04/1954
LOW 12/23/1989
HIGHEST 77 12/08 58 19 78 12/05
LOWEST 26 12/10 31 -5 10 12/23
12/29
AVG. MAXIMUM 61.5 59.2 2.3 59.6
AVG. MINIMUM 36.7 33.6 3.1 36.3
MEAN 49.1 46.4 2.7 47.9
DAYS MAX >= 90 0 0.0 0.0 0
DAYS MAX <= 32 0 0.5 -0.5 1
DAYS MIN <= 32 8 16.7 -8.7 11
DAYS MIN <= 0 0 0.0 0.0 0
PRECIPITATION (INCHES)
RECORD
MAXIMUM 3.30 1986
MINIMUM 0.00 1973
TOTALS 0.57 0.59 -0.02 0.08
DAILY AVG. 0.02 0.02 0.00 0.00
DAYS >= .01 4 3.6 0.4 3
DAYS >= .10 1 1.6 -0.6 0
DAYS >= .50 0 0.3 -0.3 0
DAYS >= 1.00 0 0.0 0.0 0
GREATEST
24 HR. TOTAL 0.39 12/23 TO 12/23 0.07
SNOWFALL (INCHES)
RECORDS
TOTAL 9.8 1998
TOTALS T 1.4 -1.4 0.0
SINCE 7/1 T 1.9 -1.9 MM
SNOWDEPTH AVG. 0 0
DAYS >= 1.0 0 0.4 -0.4 0
GREATEST
SNOW DEPTH 0 0 MM
24 HR TOTAL MM MM
DEGREE DAYS
HEATING TOTAL 487 577 -90 518
SINCE 7/1 904 1001 -97 MM
................................................................
WIND (MPH)
AVERAGE WIND SPEED 9.8
HIGHEST WIND SPEED/DIRECTION 31/250 DATE 12/08
HIGHEST GUST SPEED/DIRECTION 38/240 DATE 12/08
38/170 12/23
SKY COVER
POSSIBLE SUNSHINE (PERCENT) MM
AVERAGE SKY COVER 0.17
NUMBER OF DAYS FAIR 25
NUMBER OF DAYS PC 3
NUMBER OF DAYS CLOUDY 3
AVERAGE RH (PERCENT) 63
WEATHER CONDITIONS. NUMBER OF DAYS WITH
THUNDERSTORM 1 MIXED PRECIP 0
HEAVY RAIN 1 RAIN 2
LIGHT RAIN 5 FREEZING RAIN 0
LT FREEZING RAIN 0 HAIL 1
HEAVY SNOW 0 SNOW 0
LIGHT SNOW 0 SLEET 0
FOG 5 FOG W/VIS <= 1/4 MILE 3
HAZE 1
- INDICATES NEGATIVE NUMBERS.
R INDICATES RECORD WAS SET OR TIED.
MM INDICATES DATA IS MISSING.
T INDICATES TRACE AMOUNT.
$$