000
CXUS55 KABR 011100
CF6MBG
PRELIMINARY LOCAL CLIMATOLOGICAL DATA (WS FORM: F-6)
STATION: MOBRIDGE SD
MONTH: JULY
YEAR: 2021
LATITUDE: 45 32 N
LONGITUDE: 100 25 W
TEMPERATURE IN F: :PCPN: SNOW: WIND :SUNSHINE: SKY :PK WND
================================================================================
1 2 3 4 5 6A 6B 7 8 9 10 11 12 13 14 15 16 17 18
12Z AVG MX 2MIN
DY MAX MIN AVG DEP HDD CDD WTR SNW DPTH SPD SPD DIR MIN PSBL S-S WX SPD DR
================================================================================
1 94 65 80 8 0 15 0.00 0.0 0 10.9 18 120 M M 0 27 140
2 94 68 81 9 0 16 0.00 0.0 0 13.7 25 150 M M 0 34 140
3 104 73 89 16 0 24 0.08 0.0 0 17.0 32 170 M M 1 3 43 180
4 100 72 86 13 0 21 0.00 0.0 0 10.9 20 350 M M 0 28 340
5 90 66 78 5 0 13 0.62 0.0 0 10.0 25 150 M M 3 13 32 160
6 75 65 70 -3 0 5 0.43 0.0 0 10.0 18 50 M M 9 18 22 50
7 77 62 70 -4 0 5 0.00 0.0 0 8.6 15 90 M M 9 8 19 80
8 76 64 70 -4 0 5 0.03 0.0 0 13.3 28 130 M M 5 36 130
9 79 64 72 -2 0 7 0.01 0.0 0 6.5 17 120 M M 7 18 23 110
10 87 62 75 1 0 10 0.00 0.0 0 7.7 15 10 M M 2 18 24 360
11 87 59 73 -1 0 8 0.00 0.0 0 8.7 16 160 M M 0 18 26 160
12 92 67 80 6 0 15 0.00 0.0 0 10.6 21 160 M M 0 27 160
13 87 59 73 -1 0 8 0.00 0.0 0 7.7 15 90 M M 0 20 100
14 84 65 75 0 0 10 0.01 0.0 0 6.2 14 90 M M 6 19 200
15 87 60 74 -1 0 9 0.00 0.0 0 10.2 18 160 M M 0 18 25 190
16 91 68 80 5 0 15 0.00 0.0 0 16.7 23 160 M M 0 30 160
17 91 67 79 4 0 14 0.00 0.0 0 12.7 21 150 M M 0 18 27 150
18 94 71 83 8 0 18 0.00 0.0 0 11.3 18 150 M M 0 24 130
19 96 71 84 9 0 19 0.00 0.0 0 9.4 21 150 M M 0 28 120
20 93 69 81 6 0 16 0.00 0.0 0 15.4 25 150 M M 0 33 150
21 99 71 85 10 0 20 T 0.0 0 12.1 24 160 M M 0 37 160
22 101 65 83 8 0 18 0.00 0.0 0 4.6 33 300 M M 0 8 50 310
23 96 70 83 8 0 18 0.37 0.0 M 7.9 25 340 M M 1 3 36 160
24 94 63 79 3 0 14 0.00 0.0 0 8.1 20 300 M M 0 18 26 300
25 102 62 82 6 0 17 0.00 0.0 0 7.0 17 170 M M 0 21 150
26 100 70 85 9 0 20 0.26 0.0 0 10.8 29 90 M M 1 3 40 80
27 101 64 83 7 0 18 0.00 0.0 0 11.6 24 110 M M 0 34 100
28 99 74 87 11 0 22 0.00 0.0 0 12.7 24 10 M M 0 33 10
29 81 67 74 -1 0 9 T 0.0 0 9.0 13 70 M M 2 8 19 60
30 79 61 70 -5 0 5 0.27 0.0 0 6.5 14 210 M M 10 38 17 100
31 89 61 75 0 0 10 0.00 0.0 0 8.5 21 10 M M 3 18 31 40
================================================================================
SM 2819 2045 0 424 2.08 0.0 316.3 M 59
================================================================================
AV 90.9 66.0 10.2 FASTST M M 2 MAX(MPH)
MISC ----> 33 300 50 310
================================================================================
NOTES:
# LAST OF SEVERAL OCCURRENCES
COLUMN 17 PEAK WIND IN M.P.H.
PRELIMINARY LOCAL CLIMATOLOGICAL DATA (WS FORM: F-6) , PAGE 2
STATION: MOBRIDGE SD
MONTH: JULY
YEAR: 2021
LATITUDE: 45 32 N
LONGITUDE: 100 25 W
[TEMPERATURE DATA] [PRECIPITATION DATA] SYMBOLS USED IN COLUMN 16
AVERAGE MONTHLY: 78.5 TOTAL FOR MONTH: 2.08 1 = FOG OR MIST
DPTR FM NORMAL: 4.0 DPTR FM NORMAL: -0.25 2 = FOG REDUCING VISIBILITY
HIGHEST: 104 ON 3 GRTST 24HR 1.05 ON 5- 6 TO 1/4 MILE OR LESS
LOWEST: 59 ON 13,11 3 = THUNDER
SNOW, ICE PELLETS, HAIL 4 = ICE PELLETS
TOTAL MONTH: 0.0 INCH 5 = HAIL
GRTST 24HR 0.0 6 = FREEZING RAIN OR DRIZZLE
GRTST DEPTH: 0 7 = DUSTSTORM OR SANDSTORM:
VSBY 1/2 MILE OR LESS
8 = SMOKE OR HAZE
[NO. OF DAYS WITH] [WEATHER - DAYS WITH] 9 = BLOWING SNOW
X = TORNADO
MAX 32 OR BELOW: 0 0.01 INCH OR MORE: 9
MAX 90 OR ABOVE: 19 0.10 INCH OR MORE: 5
MIN 32 OR BELOW: 0 0.50 INCH OR MORE: 1
MIN 0 OR BELOW: 0 1.00 INCH OR MORE: 0
[HDD (BASE 65) ]
TOTAL THIS MO. 0 CLEAR (SCALE 0-3) 24
DPTR FM NORMAL -6 PTCLDY (SCALE 4-7) 4
TOTAL FM JUL 1 0 CLOUDY (SCALE 8-10) 3
DPTR FM NORMAL 0
[CDD (BASE 65) ]
TOTAL THIS MO. 424
DPTR FM NORMAL 124 [PRESSURE DATA]
TOTAL FM JAN 1 743 HIGHEST SLP 30.21 ON 29
DPTR FM NORMAL 276 LOWEST SLP 29.62 ON 3
[REMARKS]
#FINAL-07-21#