000
CXUS53 KDTX 010735
CF6MBS
PRELIMINARY LOCAL CLIMATOLOGICAL DATA (WS FORM: F-6)
STATION: TRI CITIES MI
MONTH: FEBRUARY
YEAR: 2024
LATITUDE: 43 31 N
LONGITUDE: 84 5 W
TEMPERATURE IN F: :PCPN: SNOW: WIND :SUNSHINE: SKY :PK WND
================================================================================
1 2 3 4 5 6A 6B 7 8 9 10 11 12 13 14 15 16 17 18
12Z AVG MX 2MIN
DY MAX MIN AVG DEP HDD CDD WTR SNW DPTH SPD SPD DIR MIN PSBL S-S WX SPD DR
================================================================================
1 45 37 41 19 24 0 0.00 0.0 0 10.5 16 330 M M 9 18 22 230
2 38 28 33 11 32 0 T T 0 9.2 18 20 M M 10 18 23 20
3 37 26 32 10 33 0 0.00 0.0 0 2.2 10 40 M M 6 1 14 30
4 46 23 35 13 30 0 0.00 0.0 0 3.0 10 50 M M 1 128 12 40
5 34 26 30 8 35 0 T T 0 6.2 12 50 M M 10 12 14 10
6 40 30 35 12 30 0 0.00 0.0 0 5.0 10 230 M M 6 16 140
7 47 30 39 16 26 0 0.00 0.0 0 5.4 9 170 M M 0 14 200
8 61 37 49 26 16 0 0.00 0.0 0 12.2 22 190 M M 3 31 190
9 57 37 47 24 18 0 0.09 0.0 0 17.8 35 230 M M 2 46 240
10 41 32 37 14 28 0 0.00 0.0 0 11.0 21 300 M M 8 27 270
11 35 31 33 10 32 0 0.00 0.0 0 5.7 14 290 M M 10 17 250
12 42 25 34 10 31 0 0.00 0.0 0 7.6 16 220 M M 2 22 220
13 37 25 31 7 34 0 T T 0 8.9 17 320 M M 7 22 320
14 37 24 31 7 34 0 0.00 0.0 0 6.4 14 330 M M 8 18 340
15 38 27 33 9 32 0 0.24 5.0 0 14.6 33 280 M M 8 12 43 280
16 28 19 24 -1 41 0 T T 4 8.9 20 300 M M 8 25 300
17 24 13 19 -6 46 0 0.04 1.2 4 15.2 29 220 M M 8 1 39 230
18 34 23 29 4 36 0 T T 3 14.0 26 280 M M 10 39 230
19 38 16 27 2 38 0 0.00 0.0 2 3.6 9 200 M M 1 13 200
20 47 21 34 8 31 0 0.00 0.0 2 7.6 16 170 M M 0 18 25 170
21 59 36 48 22 17 0 0.00 0.0 0 8.7 16 200 M M 6 23 210
22 52 31 42 16 23 0 0.00 0.0 0 5.1 9 210 M M 0 13 200
23 44 21 33 6 32 0 T T 0 11.4 21 20 M M 5 27 20
24 29 15 22 -5 43 0 0.00 0.0 0 10.1 20 10 M M 1 26 10
25 50 26 38 11 27 0 0.00 0.0 0 13.6 23 230 M M 2 33 230
26 56 28 42 14 23 0 0.00 0.0 0 9.3 16 170 M M 0 24 170
27 74 48 61 33 4 0 0.00 0.0 0 12.4 22 220 M M 2 30 220
28 61 21 41 13 24 0 0.36 T 0 18.1 32 280 M M 9 136 45 300
29 33 18 26 -2 39 0 T T 0 10.4 18 250 M M 4 1 27 260
================================================================================
SM 1264 774 859 0 0.73 6.2 274.1 M 146
================================================================================
AV 43.6 26.7 9.5 FASTST M M 5 MAX(MPH)
MISC ----> 35 230 46 240
================================================================================
NOTES:
# LAST OF SEVERAL OCCURRENCES
COLUMN 17 PEAK WIND IN M.P.H.
PRELIMINARY LOCAL CLIMATOLOGICAL DATA (WS FORM: F-6) , PAGE 2
STATION: TRI CITIES MI
MONTH: FEBRUARY
YEAR: 2024
LATITUDE: 43 31 N
LONGITUDE: 84 5 W
[TEMPERATURE DATA] [PRECIPITATION DATA] SYMBOLS USED IN COLUMN 16
AVERAGE MONTHLY: 35.1 TOTAL FOR MONTH: 0.73 1 = FOG OR MIST
DPTR FM NORMAL: 10.6 DPTR FM NORMAL: -1.04 2 = FOG REDUCING VISIBILITY
HIGHEST: 74 ON 27 GRTST 24HR 0.36 ON 28-28 TO 1/4 MILE OR LESS
LOWEST: 13 ON 17 3 = THUNDER
SNOW, ICE PELLETS, HAIL 4 = ICE PELLETS
TOTAL MONTH: 6.2 INCHES 5 = HAIL
GRTST 24HR 5.0 ON 15-15 6 = FREEZING RAIN OR DRIZZLE
GRTST DEPTH: 4 ON 17,16 7 = DUSTSTORM OR SANDSTORM:
VSBY 1/2 MILE OR LESS
8 = SMOKE OR HAZE
[NO. OF DAYS WITH] [WEATHER - DAYS WITH] 9 = BLOWING SNOW
X = TORNADO
MAX 32 OR BELOW: 3 0.01 INCH OR MORE: 4
MAX 90 OR ABOVE: 0 0.10 INCH OR MORE: 2
MIN 32 OR BELOW: 24 0.50 INCH OR MORE: 0
MIN 0 OR BELOW: 0 1.00 INCH OR MORE: 0
[HDD (BASE 65) ]
TOTAL THIS MO. 859 CLEAR (SCALE 0-3) 12
DPTR FM NORMAL -273 PTCLDY (SCALE 4-7) 9
TOTAL FM JUL 1 4127 CLOUDY (SCALE 8-10) 8
DPTR FM NORMAL -893
[CDD (BASE 65) ]
TOTAL THIS MO. 0
DPTR FM NORMAL 0 [PRESSURE DATA]
TOTAL FM JAN 1 0 HIGHEST SLP 30.46 ON 29
DPTR FM NORMAL 0 LOWEST SLP 29.14 ON 28
[REMARKS]
#FINAL-02-24#