000
CXUS54 KLIX 010810
CF6MCB
PRELIMINARY LOCAL CLIMATOLOGICAL DATA (WS FORM: F-6)
STATION: MCCOMB
MONTH: MAY
YEAR: 2020
LATITUDE: 31 10 N
LONGITUDE: 90 28 W
TEMPERATURE IN F: :PCPN: SNOW: WIND :SUNSHINE: SKY :PK WND
================================================================================
1 2 3 4 5 6A 6B 7 8 9 10 11 12 13 14 15 16 17 18
12Z AVG MX 2MIN
DY MAX MIN AVG DEP HDD CDD WTR SNW DPTH SPD SPD DIR MIN PSBL S-S WX SPD DR
================================================================================
1 81 48 65 -4 0 0 0.00 0.0 0 2.4 10 200 M M 0 17 160
2 83 53 68 -1 0 3 0.00 0.0 0 5.7 15 160 M M 0 18 19 150
3 84 58 71 2 0 6 0.00 0.0 M 5.4 16 180 M M 2 12 21 180
4 84 59 72 2 0 7 0.00 0.0 M 5.5 14 180 M M 3 12 17 200
5 86 62 74 4 0 9 0.00 0.0 M 6.2 16 310 M M 5 12 23 310
6 81 59 70 0 0 5 0.27 0.0 M 8.3 20 360 M M 2 13 24 340
7 76 53 65 -5 0 0 0.00 0.0 M 4.2 10 60 M M 0 8 14 170
8 69 53 61 -10 4 0 1.39 0.0 M 6.9 18 310 M M 5 13 26 320
9 69 53 61 -10 4 0 0.00 0.0 M 6.3 16 20 M M 2 26 20
10 77 54 66 -5 0 1 0.00 0.0 M 4.7 14 340 M M 3 18 330
11 81 50 66 -6 0 1 0.00 0.0 M 4.3 10 340 M M 0 15 10
12 82 55 69 -3 0 4 0.00 0.0 M 6.6 18 160 M M 0 23 160
13 85 61 73 1 0 8 0.00 0.0 M 9.3 18 160 M M 3 1 25 180
14 81 68 75 3 0 10 2.08 0.0 M 9.2 18 130 M M 9 1238 25 130
15 84 69 77 4 0 12 0.02 0.0 M 7.4 18 160 M M 7 13 24 180
16 83 70 77 4 0 12 0.16 0.0 M 10.5 22 160 M M 9 18 30 170
17 86 69 78 5 0 13 0.14 0.0 M 9.3 21 180 M M 8 1 27 170
18 83 61 72 -1 0 7 0.28 0.0 M 8.1 17 330 M M 4 1 24 310
19 88 60 74 0 0 9 0.00 0.0 M 4.6 12 240 M M 3 17 260
20 77 64 71 -3 0 6 0.05 0.0 M 3.4 9 20 M M 7 138 13 220
21 90 62 76 2 0 11 0.00 0.0 M 4.4 16 190 M M 2 1 22 180
22 91 70 81 7 0 16 0.22 0.0 M 6.8 29 160 M M 4 138 37 160
23 90 68 79 5 0 14 1.16 0.0 M 6.6 30 270 M M 6 123 46 280
24 88 67 78 3 0 13 0.00 0.0 M 5.0 12 100 M M 4 13 19 160
25 88 70 79 4 0 14 0.27 0.0 M 7.1 23 130 M M 4 138 33 130
26 81 71 76 1 0 11 0.48 0.0 M 3.2 12 210 M M 7 138 15 300
27 85 65 75 0 0 10 0.17 0.0 M 3.8 20 290 M M 4 1 27 290
28 87 63 75 -1 0 10 T 0.0 M 3.8 17 330 M M 2 1 21 330
29 87 65 76 0 0 11 0.00 0.0 M 3.4 9 330 M M 3 1 13 350
30 88 70 79 3 0 14 0.00 0.0 M 5.1 13 360 M M 2 16 360
31 88 68 78 2 0 13 0.00 M M 5.1 12 360 M M 0 17 360
================================================================================
SM 2583 1918 8 250 6.69 0.0 182.6 M 110
================================================================================
AV 83.3 61.9 5.9 FASTST M M 4 MAX(MPH)
MISC ----> 30 270 46 280
================================================================================
NOTES:
# LAST OF SEVERAL OCCURRENCES
COLUMN 17 PEAK WIND IN M.P.H.
PRELIMINARY LOCAL CLIMATOLOGICAL DATA (WS FORM: F-6) , PAGE 2
STATION: MCCOMB
MONTH: MAY
YEAR: 2020
LATITUDE: 31 10 N
LONGITUDE: 90 28 W
[TEMPERATURE DATA] [PRECIPITATION DATA] SYMBOLS USED IN COLUMN 16
AVERAGE MONTHLY: 72.6 TOTAL FOR MONTH: 6.69 1 = FOG OR MIST
DPTR FM NORMAL: -0.1 DPTR FM NORMAL: 2.20 2 = FOG REDUCING VISIBILITY
HIGHEST: 91 ON 22 GRTST 24HR 2.08 ON 14-14 TO 1/4 MILE OR LESS
LOWEST: 48 ON 1 3 = THUNDER
SNOW, ICE PELLETS, HAIL 4 = ICE PELLETS
TOTAL MONTH: 0.0 INCH 5 = HAIL
GRTST 24HR 0.0 6 = FREEZING RAIN OR DRIZZLE
GRTST DEPTH: 0 7 = DUSTSTORM OR SANDSTORM:
VSBY 1/2 MILE OR LESS
8 = SMOKE OR HAZE
[NO. OF DAYS WITH] [WEATHER - DAYS WITH] 9 = BLOWING SNOW
X = TORNADO
MAX 32 OR BELOW: 0 0.01 INCH OR MORE: 13
MAX 90 OR ABOVE: 3 0.10 INCH OR MORE: 11
MIN 32 OR BELOW: 0 0.50 INCH OR MORE: 3
MIN 0 OR BELOW: 0 1.00 INCH OR MORE: 3
[HDD (BASE 65) ]
TOTAL THIS MO. 8 CLEAR (SCALE 0-3) 16
DPTR FM NORMAL 0 PTCLDY (SCALE 4-7) 13
TOTAL FM JUL 1 1473 CLOUDY (SCALE 8-10) 2
DPTR FM NORMAL -556
[CDD (BASE 65) ]
TOTAL THIS MO. 250
DPTR FM NORMAL 2 [PRESSURE DATA]
TOTAL FM JAN 1 535 HIGHEST SLP M ON M
DPTR FM NORMAL 153 LOWEST SLP 29.73 ON 18
[REMARKS]
#FINAL-05-20#