000
CXUS53 KEAX 010836
CF6MCI
PRELIMINARY LOCAL CLIMATOLOGICAL DATA (WS FORM: F-6)
STATION: KANSAS CITY INTERNATIONAL MO
MONTH: FEBRUARY
YEAR: 2023
LATITUDE: 39 19 N
LONGITUDE: 94 43 W
TEMPERATURE IN F: :PCPN: SNOW: WIND :SUNSHINE: SKY :PK WND
================================================================================
1 2 3 4 5 6A 6B 7 8 9 10 11 12 13 14 15 16 17 18
12Z AVG MX 2MIN
DY MAX MIN AVG DEP HDD CDD WTR SNW DPTH SPD SPD DIR MIN PSBL S-S WX SPD DR
================================================================================
1 41 10 26 -4 39 0 0.00 0.0 0 9.6 15 200 M M 3 24 200
2 52 15 34 4 31 0 0.00 0.0 0 11.7 23 350 M M 1 28 360
3 35 9 22 -8 43 0 0.00 0.0 0 8.7 16 170 M M 1 20 170
4 56 29 43 13 22 0 0.00 0.0 0 14.9 29 210 M M 6 8 39 220
5 65 28 47 16 18 0 0.00 0.0 0 6.9 16 250 M M 2 20 250
6 72 36 54 23 11 0 0.00 0.0 0 18.6 37 190 M M 6 8 52 200
7 51 33 42 11 23 0 0.00 0.0 0 7.6 14 300 M M 2 23 300
8 45 27 36 5 29 0 0.35 0.0 0 8.2 20 10 M M 8 1 26 20
9 39 32 36 4 29 0 1.53 3.7 3 12.6 22 320 M M 10 1 32 320
10 34 19 27 -5 38 0 0.00 0.0 1 7.3 18 340 M M 2 24 320
11 46 16 31 -1 34 0 0.00 0.0 1 6.2 13 230 M M 0 16 230
12 58 28 43 10 22 0 0.00 0.0 T 10.2 17 220 M M 4 24 200
13 58 27 43 10 22 0 0.00 0.0 T 7.6 15 160 M M 1 1 22 200
14 54 41 48 15 17 0 0.25 0.0 0 16.6 37 200 M M 8 1 52 190
15 41 31 36 2 29 0 0.01 T 0 13.7 28 300 M M 10 34 39 300
16 31 18 25 -9 40 0 0.05 0.3 0 11.4 20 330 M M 9 1346 27 330
17 44 11 28 -6 37 0 0.00 0.0 T 8.6 17 220 M M 0 25 220
18 55 32 44 10 21 0 0.00 0.0 0 18.9 33 200 M M 5 43 200
19 56 33 45 10 20 0 0.00 0.0 0 7.9 24 200 M M 3 36 200
20 62 28 45 10 20 0 0.00 0.0 0 6.7 20 260 M M 3 18 31 290
21 58 27 43 7 22 0 0.00 0.0 0 10.2 23 130 M M 5 29 130
22 62 29 46 10 19 0 0.08 0.0 0 11.1 29 160 M M 9 1 38 150
23 29 14 22 -14 43 0 0.00 0.0 0 12.5 22 290 M M 3 32 280
24 29 11 20 -17 45 0 0.06 0.0 0 8.6 18 20 M M 8 16 22 10
25 46 16 31 -6 34 0 0.00 0.0 0 6.5 14 200 M M 5 22 210
26 59 30 45 7 20 0 0.10 0.0 0 10.7 21 150 M M 9 123 27 150
27 63 41 52 14 13 0 0.34 0.0 0 15.1 36 150 M M 5 13 48 240
28 60 32 46 8 19 0 0.00 0.0 0 9.7 17 100 M M 1 26 110
================================================================================
SM 1401 703 760 0 2.77 4.0 298.3 M 129
================================================================================
AV 50.0 25.1 10.7 FASTST M M 5 MAX(MPH)
MISC ----> # 37 190 # 52 200
================================================================================
NOTES:
# LAST OF SEVERAL OCCURRENCES
COLUMN 17 PEAK WIND IN M.P.H.
PRELIMINARY LOCAL CLIMATOLOGICAL DATA (WS FORM: F-6) , PAGE 2
STATION: KANSAS CITY INTERNATIONAL MO
MONTH: FEBRUARY
YEAR: 2023
LATITUDE: 39 19 N
LONGITUDE: 94 43 W
[TEMPERATURE DATA] [PRECIPITATION DATA] SYMBOLS USED IN COLUMN 16
AVERAGE MONTHLY: 37.6 TOTAL FOR MONTH: 2.77 1 = FOG OR MIST
DPTR FM NORMAL: 4.0 DPTR FM NORMAL: 1.29 2 = FOG REDUCING VISIBILITY
HIGHEST: 72 ON 6 GRTST 24HR 1.88 ON 8- 9 TO 1/4 MILE OR LESS
LOWEST: 9 ON 3 3 = THUNDER
SNOW, ICE PELLETS, HAIL 4 = ICE PELLETS
TOTAL MONTH: 4.0 INCHES 5 = HAIL
GRTST 24HR 3.7 ON 9- 9 6 = FREEZING RAIN OR DRIZZLE
GRTST DEPTH: 3 ON 9 7 = DUSTSTORM OR SANDSTORM:
VSBY 1/2 MILE OR LESS
8 = SMOKE OR HAZE
[NO. OF DAYS WITH] [WEATHER - DAYS WITH] 9 = BLOWING SNOW
X = TORNADO
MAX 32 OR BELOW: 3 0.01 INCH OR MORE: 9
MAX 90 OR ABOVE: 0 0.10 INCH OR MORE: 5
MIN 32 OR BELOW: 23 0.50 INCH OR MORE: 1
MIN 0 OR BELOW: 0 1.00 INCH OR MORE: 1
[HDD (BASE 65) ]
TOTAL THIS MO. 760 CLEAR (SCALE 0-3) 11
DPTR FM NORMAL -119 PTCLDY (SCALE 4-7) 11
TOTAL FM JUL 1 3510 CLOUDY (SCALE 8-10) 6
DPTR FM NORMAL -475
[CDD (BASE 65) ]
TOTAL THIS MO. 0
DPTR FM NORMAL 0 [PRESSURE DATA]
TOTAL FM JAN 1 0 HIGHEST SLP 30.68 ON 3
DPTR FM NORMAL 0 LOWEST SLP 28.99 ON 27
[REMARKS]
#FINAL-02-23#