000
CXUS53 KEAX 010736
CF6MCI
PRELIMINARY LOCAL CLIMATOLOGICAL DATA (WS FORM: F-6)
STATION: KANSAS CITY INTERNATIONAL MO
MONTH: AUGUST
YEAR: 2021
LATITUDE: 39 19 N
LONGITUDE: 94 43 W
TEMPERATURE IN F: :PCPN: SNOW: WIND :SUNSHINE: SKY :PK WND
================================================================================
1 2 3 4 5 6A 6B 7 8 9 10 11 12 13 14 15 16 17 18
12Z AVG MX 2MIN
DY MAX MIN AVG DEP HDD CDD WTR SNW DPTH SPD SPD DIR MIN PSBL S-S WX SPD DR
================================================================================
1 84 65 75 -3 0 10 0.00 0.0 0 7.7 16 10 M M 4 18 23 30
2 84 61 73 -5 0 8 0.00 0.0 0 6.7 14 20 M M 3 18 21 30
3 84 61 73 -5 0 8 0.00 0.0 0 5.1 13 60 M M 3 8 17 50
4 85 63 74 -4 0 9 0.00 0.0 0 6.8 13 170 M M 2 8 18 180
5 84 70 77 -1 0 12 0.01 0.0 0 10.7 16 210 M M 7 8 23 210
6 92 67 80 2 0 15 0.00 0.0 0 9.8 16 170 M M 4 18 23 220
7 97 75 86 8 0 21 0.00 0.0 0 14.8 28 260 M M 5 38 39 260
8 88 68 78 0 0 13 0.14 0.0 0 9.4 22 270 M M 7 13 31 270
9 97 78 88 10 0 23 0.00 0.0 0 10.9 16 210 M M 1 8 24 200
10 92 73 83 5 0 18 0.07 0.0 0 11.0 29 130 M M 4 138 37 120
11 98 81 90 12 0 25 0.00 0.0 0 14.8 23 210 M M 3 8 32 200
12 97 69 83 5 0 18 1.90 T 0 12.6 38 10 M M 6 1358 57 10
13 83 70 77 -1 0 12 0.74 0.0 0 8.2 32 170 M M 8 13 41 170
14 87 63 75 -2 0 10 0.00 0.0 0 5.6 10 40 M M 1 15 40
15 86 65 76 -1 0 11 0.00 0.0 0 7.9 14 120 M M 2 20 130
16 88 66 77 0 0 12 0.00 0.0 0 8.5 14 100 M M 2 19 110
17 90 67 79 2 0 14 0.17 0.0 0 7.0 28 160 M M 4 138 34 160
18 90 68 79 2 0 14 0.00 0.0 0 7.9 15 170 M M 3 8 22 140
19 89 71 80 4 0 15 0.00 0.0 0 9.1 16 100 M M 3 18 22 100
20 89 69 79 3 0 14 1.13 0.0 0 12.2 29 310 M M 5 138 47 330
21 84 67 76 0 0 11 0.12 0.0 0 6.7 15 220 M M 4 13 19 340
22 89 65 77 1 0 12 0.00 0.0 0 9.2 16 120 M M 2 20 130
23 95 76 86 10 0 21 0.00 0.0 0 10.4 16 190 M M 2 18 23 220
24 95 76 86 10 0 21 0.00 0.0 0 12.5 21 180 M M 1 8 28 190
25 93 77 85 10 0 20 0.00 0.0 0 11.5 21 130 M M 4 26 120
26 95 77 86 11 0 21 0.00 0.0 0 8.9 14 200 M M 4 18 18 210
27 93 73 83 8 0 18 0.00 0.0 0 11.6 23 210 M M 1 18 31 200
28 92 73 83 9 0 18 0.00 0.0 0 10.8 20 180 M M 1 8 26 210
29 90 71 81 7 0 16 0.00 0.0 0 6.6 18 180 M M 5 23 190
30 93 69 81 7 0 16 0.00 0.0 0 4.6 10 120 M M 5 17 120
31 83 66 75 1 0 10 0.96 0.0 0 8.1 30 10 M M 6 13 47 340
================================================================================
SM 2786 2160 0 466 5.24 T 287.6 M 112
================================================================================
AV 89.9 69.7 9.3 FASTST M M 4 MAX(MPH)
MISC ----> 38 10 57 10
================================================================================
NOTES:
# LAST OF SEVERAL OCCURRENCES
COLUMN 17 PEAK WIND IN M.P.H.
PRELIMINARY LOCAL CLIMATOLOGICAL DATA (WS FORM: F-6) , PAGE 2
STATION: KANSAS CITY INTERNATIONAL MO
MONTH: AUGUST
YEAR: 2021
LATITUDE: 39 19 N
LONGITUDE: 94 43 W
[TEMPERATURE DATA] [PRECIPITATION DATA] SYMBOLS USED IN COLUMN 16
AVERAGE MONTHLY: 79.8 TOTAL FOR MONTH: 5.24 1 = FOG OR MIST
DPTR FM NORMAL: 3.1 DPTR FM NORMAL: 1.00 2 = FOG REDUCING VISIBILITY
HIGHEST: 98 ON 11 GRTST 24HR 2.64 ON 12-13 TO 1/4 MILE OR LESS
LOWEST: 61 ON 3, 2 3 = THUNDER
SNOW, ICE PELLETS, HAIL 4 = ICE PELLETS
TOTAL MONTH: T 5 = HAIL
GRTST 24HR T ON 12-12 6 = FREEZING RAIN OR DRIZZLE
GRTST DEPTH: 0 7 = DUSTSTORM OR SANDSTORM:
VSBY 1/2 MILE OR LESS
8 = SMOKE OR HAZE
[NO. OF DAYS WITH] [WEATHER - DAYS WITH] 9 = BLOWING SNOW
X = TORNADO
MAX 32 OR BELOW: 0 0.01 INCH OR MORE: 9
MAX 90 OR ABOVE: 16 0.10 INCH OR MORE: 7
MIN 32 OR BELOW: 0 0.50 INCH OR MORE: 4
MIN 0 OR BELOW: 0 1.00 INCH OR MORE: 2
[HDD (BASE 65) ]
TOTAL THIS MO. 0 CLEAR (SCALE 0-3) 12
DPTR FM NORMAL -2 PTCLDY (SCALE 4-7) 19
TOTAL FM JUL 1 0 CLOUDY (SCALE 8-10) 0
DPTR FM NORMAL 0
[CDD (BASE 65) ]
TOTAL THIS MO. 466
DPTR FM NORMAL 102 [PRESSURE DATA]
TOTAL FM JAN 1 1395 HIGHEST SLP M ON M
DPTR FM NORMAL 222 LOWEST SLP 29.67 ON 20
[REMARKS]
#FINAL-08-21#