000
CXUS52 KFFC 031925
CLMMCN
CLIMATE REPORT
NATIONAL WEATHER SERVICE PEACHTREE CITY GA
325 PM EDT FRI NOV 03 2023
...................................
...THE MACON CLIMATE SUMMARY FOR THE MONTH OF OCTOBER 2023...
CLIMATE NORMAL PERIOD: 1991 TO 2020
CLIMATE RECORD PERIOD: 1899 TO 2023
WEATHER OBSERVED NORMAL DEPART LAST YEAR`S
VALUE DATE(S) VALUE FROM VALUE DATE(S)
NORMAL
................................................................
TEMPERATURE (F)
RECORD
HIGH 103 10/04/2019
LOW 26 10/30/1952
HIGHEST 90 10/06 83 7 89 10/07
LOWEST 38 10/09 58 -20 29 10/20
AVG. MAXIMUM 79.3 78.9 0.4 78.4
AVG. MINIMUM 51.0 53.2 -2.2 47.2
MEAN 65.2 66.0 -0.8 62.8
DAYS MAX >= 90 1 1.2 -0.2 0
DAYS MAX <= 32 0 0.0 0.0 0
DAYS MIN <= 32 0 0.5 -0.5 1
DAYS MIN <= 0 0 0.0 0.0 0
PRECIPITATION (INCHES)
RECORD
MAXIMUM 9.39 1959
MINIMUM 0.00 1963
TOTALS 3.20 2.63 0.57
DAILY AVG. 0.10 0.08 0.02 0.02
DAYS >= .01 6 6.3 -0.3 5
DAYS >= .10 3 3.9 -0.9 3
DAYS >= .50 2 1.5 0.5 0
DAYS >= 1.00 1 0.9 0.1 0
GREATEST
24 HR. TOTAL 2.80 10/11 TO 10/12 0.55 10/12 TO 10/13
DEGREE DAYS
HEATING TOTAL 65 79 -14 103
SINCE 7/1 65 82 -17 MM
COOLING TOTAL 77 112 -35 41
SINCE 1/1 2279 2302 -23 MM
................................................................
WIND (MPH)
AVERAGE WIND SPEED 5.1
HIGHEST WIND SPEED/DIRECTION 26/260 DATE 10/20
HIGHEST GUST SPEED/DIRECTION 37/270 DATE 10/20
SKY COVER
POSSIBLE SUNSHINE (PERCENT) MM
AVERAGE SKY COVER 0.22
NUMBER OF DAYS FAIR 21
NUMBER OF DAYS PC 8
NUMBER OF DAYS CLOUDY 2
AVERAGE RH (PERCENT) 69
WEATHER CONDITIONS. NUMBER OF DAYS WITH
THUNDERSTORM 0 MIXED PRECIP 1
HEAVY RAIN 0 RAIN 6
LIGHT RAIN 5 FREEZING RAIN 0
LT FREEZING RAIN 0 HAIL 0
HEAVY SNOW 0 SNOW 0
LIGHT SNOW 0 SLEET 0
FOG 16 FOG W/VIS <= 1/4 MILE 2
HAZE 3
- INDICATES NEGATIVE NUMBERS.
R INDICATES RECORD WAS SET OR TIED.
MM INDICATES DATA IS MISSING.
T INDICATES TRACE AMOUNT.
$$