000
CXUS52 KMLB 141534
CF6MCO
PRELIMINARY LOCAL CLIMATOLOGICAL DATA (WS FORM: F-6)
STATION: ORLANDO INTL
MONTH: JULY
YEAR: 2023
LATITUDE: 28 25 N
LONGITUDE: 81 19 W
TEMPERATURE IN F: :PCPN: SNOW: WIND :SUNSHINE: SKY :PK WND
================================================================================
1 2 3 4 5 6A 6B 7 8 9 10 11 12 13 14 15 16 17 18
12Z AVG MX 2MIN
DY MAX MIN AVG DEP HDD CDD WTR SNW DPTH SPD SPD DIR MIN PSBL S-S WX SPD DR
================================================================================
1 95 76 86 4 0 21 0.00 0.0 0 6.4 17 60 M M 4 25 70
2 96 74 85 3 0 20 0.00 0.0 0 4.4 16 110 M M 5 25 100
3 98 77 88 6 0 23 0.05 0.0 0 4.7 20 120 M M 4 13 27 100
4 97 78 88 6 0 23 0.54 0.0 0 5.9 26 130 M M 6 13 37 130
5 96 78 87 5 0 22 0.01 0.0 0 3.9 25 240 M M 5 138 36 240
6 95 76 86 4 0 21 0.00 0.0 0 4.9 21 300 M M 6 3 26 290
7 92 77 85 3 0 20 0.48 0.0 0 7.3 25 270 M M 6 13 34 270
8 87 77 82 0 0 17 0.02 0.0 0 8.1 28 270 M M 7 13 36 270
9 95 77 86 4 0 21 0.00 0.0 0 8.9 18 270 M M 5 26 270
10 93 76 85 3 0 20 0.28 0.0 0 9.3 35 330 M M 7 13 46 340
11 89 75 82 0 0 17 0.02 0.0 0 7.0 25 280 M M 5 138 37 270
12 91 76 84 2 0 19 T 0.0 0 4.2 15 240 M M 6 3 20 240
13 95 75 85 2 0 20 0.18 0.0 0 4.4 18 190 M M 5 13 24 200
14 95 77 86 3 0 21 T 0.0 0 4.8 23 290 M M 6 3 30 280
15 94 77 86 3 0 21 0.06 0.0 0 5.8 25 280 M M 8 13 38 280
16 92 77 85 2 0 20 1.13 0.0 0 5.7 31 300 M M 9 138 42 300
17 92 77 85 2 0 20 0.10 0.0 0 7.5 25 290 M M 7 38 35 280
18 90 76 83 0 0 18 1.44 0.0 0 5.9 25 120 M M 6 13 36 120
19 96 76 86 3 0 21 0.02 0.0 0 4.7 23 160 M M 6 3 29 170
20 96 79 88 5 0 23 0.00 0.0 0 4.2 18 220 M M 5 3 24 220
21 97 79 88 5 0 23 T 0.0 0 6.1 17 210 M M 3 3 21 140
22 96 76 86 3 0 21 T 0.0 0 9.8 25 10 M M 4 3 33 360
23 95 75 85 2 0 20 0.02 0.0 0 7.1 25 270 M M 5 3 34 280
24 92 75 84 1 0 19 T 0.0 0 7.5 31 270 M M 7 3 45 270
25 94 73 84 1 0 19 T 0.0 0 5.2 31 310 M M 6 3 40 300
26 93 75 84 1 0 19 0.03 0.0 0 2.6 25 60 M M 6 13 39 50
27 87 76 82 -1 0 17 0.04 0.0 0 6.0 16 50 M M 8 13 21 50
28 91 75 83 0 0 18 0.00 0.0 0 6.0 24 140 M M 8 33 150
29 94 76 85 2 0 20 T 0.0 0 4.8 20 110 M M 6 3 26 120
30 98 75 87 4 0 22 0.73 0.0 0 4.4 28 10 M M 7 13 49 70
31 93 73 83 0 0 18 1.67 0.0 0 4.2 28 340 M M 8 13 39 350
================================================================================
SM 2904 2359 0 624 6.82 0.0 181.7 M 186
================================================================================
AV 93.7 76.1 5.9 FASTST M M 6 MAX(MPH)
MISC ----> 35 330 49 70
================================================================================
NOTES:
# LAST OF SEVERAL OCCURRENCES
COLUMN 17 PEAK WIND IN M.P.H.
PRELIMINARY LOCAL CLIMATOLOGICAL DATA (WS FORM: F-6) , PAGE 2
STATION: ORLANDO INTL
MONTH: JULY
YEAR: 2023
LATITUDE: 28 25 N
LONGITUDE: 81 19 W
[TEMPERATURE DATA] [PRECIPITATION DATA] SYMBOLS USED IN COLUMN 16
AVERAGE MONTHLY: 84.9 TOTAL FOR MONTH: 6.82 1 = FOG OR MIST
DPTR FM NORMAL: 2.3 DPTR FM NORMAL: -0.64 2 = FOG REDUCING VISIBILITY
HIGHEST: 98 ON 30, 3 GRTST 24HR 2.35 ON 30-31 TO 1/4 MILE OR LESS
LOWEST: 73 ON 31,25 3 = THUNDER
SNOW, ICE PELLETS, HAIL 4 = ICE PELLETS
TOTAL MONTH: 0.0 INCH 5 = HAIL
GRTST 24HR 0.0 6 = FREEZING RAIN OR DRIZZLE
GRTST DEPTH: 0 7 = DUSTSTORM OR SANDSTORM:
VSBY 1/2 MILE OR LESS
8 = SMOKE OR HAZE
[NO. OF DAYS WITH] [WEATHER - DAYS WITH] 9 = BLOWING SNOW
X = TORNADO
MAX 32 OR BELOW: 0 0.01 INCH OR MORE: 18
MAX 90 OR ABOVE: 28 0.10 INCH OR MORE: 9
MIN 32 OR BELOW: 0 0.50 INCH OR MORE: 5
MIN 0 OR BELOW: 0 1.00 INCH OR MORE: 3
[HDD (BASE 65) ]
TOTAL THIS MO. 0 CLEAR (SCALE 0-3) 0
DPTR FM NORMAL 0 PTCLDY (SCALE 4-7) 29
TOTAL FM JUL 1 0 CLOUDY (SCALE 8-10) 2
DPTR FM NORMAL 0
[CDD (BASE 65) ]
TOTAL THIS MO. 624
DPTR FM NORMAL 78 [PRESSURE DATA]
TOTAL FM JAN 1 2405 HIGHEST SLP 30.17 ON 24
DPTR FM NORMAL 526 LOWEST SLP 29.89 ON 22
[REMARKS]
#FINAL-07-23#