000
CXUS52 KMLB 010650
CF6MCO
PRELIMINARY LOCAL CLIMATOLOGICAL DATA (WS FORM: F-6)
STATION: ORLANDO INTL
MONTH: JULY
YEAR: 2022
LATITUDE: 28 25 N
LONGITUDE: 81 19 W
TEMPERATURE IN F: :PCPN: SNOW: WIND :SUNSHINE: SKY :PK WND
================================================================================
1 2 3 4 5 6A 6B 7 8 9 10 11 12 13 14 15 16 17 18
12Z AVG MX 2MIN
DY MAX MIN AVG DEP HDD CDD WTR SNW DPTH SPD SPD DIR MIN PSBL S-S WX SPD DR
================================================================================
1 93 74 84 2 0 19 0.03 0.0 0 4.4 21 140 M M 7 13 27 150
2 91 75 83 1 0 18 T 0.0 0 4.3 16 350 M M 8 3 20 350
3 91 76 84 2 0 19 0.08 0.0 0 5.8 16 270 M M 8 13 21 20
4 95 74 85 3 0 20 0.00 0.0 0 5.0 16 100 M M 3 1 20 120
5 94 76 85 3 0 20 T 0.0 0 5.7 18 90 M M 3 23 90
6 95 76 86 4 0 21 0.01 0.0 0 4.3 25 50 M M 5 3 30 50
7 97 75 86 4 0 21 T 0.0 0 4.9 20 100 M M 5 38 26 100
8 97 75 86 4 0 21 0.00 0.0 0 6.5 20 150 M M 3 24 150
9 97 76 87 5 0 22 T 0.0 0 7.1 23 300 M M 6 3 29 290
10 95 76 86 4 0 21 0.71 0.0 0 7.3 28 240 M M 6 13 36 240
11 93 76 85 3 0 20 T 0.0 0 8.2 24 260 M M 4 3 29 250
12 96 76 86 4 0 21 T 0.0 0 6.6 15 250 M M 4 3 20 200
13 98 76 87 4 0 22 0.05 0.0 0 5.3 25 220 M M 5 38 31 220
14 95 75 85 2 0 20 T 0.0 0 3.7 28 160 M M 7 13 35 170
15 95 73 84 1 0 19 0.00 0.0 0 7.9 20 100 M M 5 26 60
16 91 74 83 0 0 18 0.24 0.0 0 6.2 18 80 M M 9 13 24 70
17 93 74 84 1 0 19 T 0.0 0 5.2 18 190 M M 7 3 22 190
18 97 74 86 3 0 21 T 0.0 0 8.1 21 260 M M 5 3 26 230
19 96 74 85 2 0 20 0.19 0.0 0 4.9 25 280 M M 5 13 34 220
20 95 74 85 2 0 20 1.17 0.0 0 4.1 23 320 M M 5 138 32 330
21 96 74 85 2 0 20 0.00 0.0 0 5.1 20 140 M M 4 25 130
22 96 76 86 3 0 21 0.00 0.0 0 5.8 18 150 M M 4 3 22 130
23 94 73 84 1 0 19 1.87 0.0 0 3.8 26 40 M M 5 13 32 40
24 94 76 85 2 0 20 0.00 0.0 0 5.8 15 120 M M 5 8 20 120
25 89 77 83 0 0 18 0.03 0.0 0 4.5 18 70 M M 5 3 29 160
26 91 75 83 0 0 18 0.49 0.0 0 4.0 20 100 M M 6 38 26 90
27 95 73 84 1 0 19 0.01 0.0 0 5.1 17 280 M M 4 3 22 100
28 95 76 86 3 0 21 0.00 0.0 0 5.6 14 110 M M 3 18 110
29 96 76 86 3 0 21 0.00 0.0 0 5.4 15 100 M M 2 20 110
30 96 75 86 3 0 21 0.00 0.0 0 6.8 15 120 M M 4 22 100
31 94 76 85 2 0 20 0.03 0.0 0 6.9 16 350 M M 3 21 160
================================================================================
SM 2930 2326 0 620 4.91 0.0 174.3 M 155
================================================================================
AV 94.5 75.0 5.6 FASTST M M 5 MAX(MPH)
MISC ----> # 28 240 36 240
================================================================================
NOTES:
# LAST OF SEVERAL OCCURRENCES
COLUMN 17 PEAK WIND IN M.P.H.
PRELIMINARY LOCAL CLIMATOLOGICAL DATA (WS FORM: F-6) , PAGE 2
STATION: ORLANDO INTL
MONTH: JULY
YEAR: 2022
LATITUDE: 28 25 N
LONGITUDE: 81 19 W
[TEMPERATURE DATA] [PRECIPITATION DATA] SYMBOLS USED IN COLUMN 16
AVERAGE MONTHLY: 84.8 TOTAL FOR MONTH: 4.91 1 = FOG OR MIST
DPTR FM NORMAL: 2.2 DPTR FM NORMAL: -2.55 2 = FOG REDUCING VISIBILITY
HIGHEST: 98 ON 13 GRTST 24HR 1.87 ON 23-23 TO 1/4 MILE OR LESS
LOWEST: 73 ON 27,23 3 = THUNDER
SNOW, ICE PELLETS, HAIL 4 = ICE PELLETS
TOTAL MONTH: 0.0 INCH 5 = HAIL
GRTST 24HR 0.0 6 = FREEZING RAIN OR DRIZZLE
GRTST DEPTH: 0 7 = DUSTSTORM OR SANDSTORM:
VSBY 1/2 MILE OR LESS
8 = SMOKE OR HAZE
[NO. OF DAYS WITH] [WEATHER - DAYS WITH] 9 = BLOWING SNOW
X = TORNADO
MAX 32 OR BELOW: 0 0.01 INCH OR MORE: 13
MAX 90 OR ABOVE: 30 0.10 INCH OR MORE: 6
MIN 32 OR BELOW: 0 0.50 INCH OR MORE: 3
MIN 0 OR BELOW: 0 1.00 INCH OR MORE: 2
[HDD (BASE 65) ]
TOTAL THIS MO. 0 CLEAR (SCALE 0-3) 5
DPTR FM NORMAL 0 PTCLDY (SCALE 4-7) 24
TOTAL FM JUL 1 0 CLOUDY (SCALE 8-10) 2
DPTR FM NORMAL 0
[CDD (BASE 65) ]
TOTAL THIS MO. 620
DPTR FM NORMAL 74 [PRESSURE DATA]
TOTAL FM JAN 1 2363 HIGHEST SLP M ON M
DPTR FM NORMAL 484 LOWEST SLP 29.88 ON 11
[REMARKS]
#FINAL-07-22#