000
CXUS52 KMLB 010736
CF6MCO
PRELIMINARY LOCAL CLIMATOLOGICAL DATA (WS FORM: F-6)
STATION: ORLANDO INTL
MONTH: JANUARY
YEAR: 2021
LATITUDE: 28 25 N
LONGITUDE: 81 19 W
TEMPERATURE IN F: :PCPN: SNOW: WIND :SUNSHINE: SKY :PK WND
================================================================================
1 2 3 4 5 6A 6B 7 8 9 10 11 12 13 14 15 16 17 18
12Z AVG MX 2MIN
DY MAX MIN AVG DEP HDD CDD WTR SNW DPTH SPD SPD DIR MIN PSBL S-S WX SPD DR
================================================================================
1 83 66 75 15 0 10 0.00 0.0 0 10.7 22 190 M M 5 27 150
2 83 66 75 15 0 10 T 0.0 0 9.4 20 190 M M 9 1 25 180
3 70 58 64 4 1 0 0.02 0.0 0 7.2 17 320 M M 9 1 21 310
4 67 47 57 -3 8 0 0.00 0.0 0 6.2 15 340 M M 3 18 340
5 70 45 58 -2 7 0 0.00 0.0 0 7.0 20 300 M M 1 24 290
6 69 43 56 -4 9 0 0.00 0.0 0 5.7 14 50 M M 3 17 60
7 74 52 63 3 2 0 T 0.0 0 8.5 20 170 M M 7 24 150
8 68 50 59 -1 6 0 0.16 0.0 0 10.1 22 260 M M 7 1 27 250
9 57 42 50 -10 15 0 0.00 0.0 0 10.5 17 310 M M 4 23 300
10 63 37 50 -10 15 0 0.00 0.0 0 5.2 14 60 M M 4 18 60
11 75 50 63 3 2 0 0.00 0.0 0 5.4 18 180 M M 6 1 25 180
12 65 55 60 0 5 0 0.00 0.0 0 7.2 16 290 M M 9 21 290
13 59 51 55 -5 10 0 0.01 0.0 0 7.4 14 320 M M 10 19 290
14 64 46 55 -5 10 0 T 0.0 0 4.9 15 320 M M 6 1 19 330
15 74 42 58 -2 7 0 0.03 0.0 0 8.3 23 300 M M 6 1 30 310
16 62 47 55 -5 10 0 0.00 0.0 0 9.0 22 270 M M 4 29 260
17 60 40 50 -10 15 0 0.00 0.0 0 2.6 10 230 M M 6 13 170
18 66 45 56 -4 9 0 0.00 0.0 0 5.1 17 280 M M 3 1 25 270
19 70 40 55 -5 10 0 0.00 0.0 0 4.4 12 50 M M 2 15 40
20 72 45 59 -1 6 0 0.00 0.0 0 4.4 12 310 M M 4 1 17 280
21 77 48 63 3 2 0 0.00 0.0 0 6.6 15 250 M M 4 20 250
22 78 53 66 6 0 1 0.00 0.0 0 7.7 17 280 M M 5 23 280
23 65 57 61 1 4 0 0.07 0.0 0 5.8 15 30 M M 8 1 19 40
24 79 56 68 8 0 3 0.00 0.0 0 4.8 12 120 M M 8 17 80
25 82 60 71 11 0 6 0.00 0.0 0 7.7 18 190 M M 8 1 24 160
26 77 57 67 6 0 2 0.00 0.0 0 5.7 15 230 M M 6 12 20 260
27 82 60 71 10 0 6 0.04 0.0 0 9.4 20 240 M M 8 12 23 240
28 70 45 58 -3 7 0 0.00 0.0 0 12.7 24 330 M M 3 29 320
29 66 44 55 -6 10 0 0.00 0.0 0 7.5 15 350 M M 1 18 350
30 72 45 59 -2 6 0 0.00 0.0 0 6.7 16 120 M M 5 22 100
31 78 52 65 4 0 0 0.00 0.0 0 10.2 22 170 M M 5 29 180
================================================================================
SM 2197 1544 176 38 0.33 0.0 224.0 M 169
================================================================================
AV 70.9 49.8 7.2 FASTST M M 5 MAX(MPH)
MISC ----> 24 330 30 310
================================================================================
NOTES:
# LAST OF SEVERAL OCCURRENCES
COLUMN 17 PEAK WIND IN M.P.H.
PRELIMINARY LOCAL CLIMATOLOGICAL DATA (WS FORM: F-6) , PAGE 2
STATION: ORLANDO INTL
MONTH: JANUARY
YEAR: 2021
LATITUDE: 28 25 N
LONGITUDE: 81 19 W
[TEMPERATURE DATA] [PRECIPITATION DATA] SYMBOLS USED IN COLUMN 16
AVERAGE MONTHLY: 60.3 TOTAL FOR MONTH: 0.33 1 = FOG OR MIST
DPTR FM NORMAL: 0.1 DPTR FM NORMAL: -2.02 2 = FOG REDUCING VISIBILITY
HIGHEST: 83 ON 1, 2 GRTST 24HR 0.16 ON 8- 8 TO 1/4 MILE OR LESS
LOWEST: 37 ON 10 3 = THUNDER
SNOW, ICE PELLETS, HAIL 4 = ICE PELLETS
TOTAL MONTH: 0.0 INCH 5 = HAIL
GRTST 24HR 0.0 6 = FREEZING RAIN OR DRIZZLE
GRTST DEPTH: 0 7 = DUSTSTORM OR SANDSTORM:
VSBY 1/2 MILE OR LESS
8 = SMOKE OR HAZE
[NO. OF DAYS WITH] [WEATHER - DAYS WITH] 9 = BLOWING SNOW
X = TORNADO
MAX 32 OR BELOW: 0 0.01 INCH OR MORE: 6
MAX 90 OR ABOVE: 0 0.10 INCH OR MORE: 1
MIN 32 OR BELOW: 0 0.50 INCH OR MORE: 0
MIN 0 OR BELOW: 0 1.00 INCH OR MORE: 0
[HDD (BASE 65) ]
TOTAL THIS MO. 176 CLEAR (SCALE 0-3) 6
DPTR FM NORMAL -17 PTCLDY (SCALE 4-7) 21
TOTAL FM JUL 1 370 CLOUDY (SCALE 8-10) 4
DPTR FM NORMAL -13
[CDD (BASE 65) ]
TOTAL THIS MO. 38
DPTR FM NORMAL -7 [PRESSURE DATA]
TOTAL FM JAN 1 38 HIGHEST SLP 30.38 ON 19
DPTR FM NORMAL -7 LOWEST SLP 29.77 ON 15
[REMARKS]
#FINAL-01-21#