000
CXUS52 KMLB 010622
CF6MCO
PRELIMINARY LOCAL CLIMATOLOGICAL DATA (WS FORM: F-6)
STATION: ORLANDO INTL
MONTH: SEPTEMBER
YEAR: 2020
LATITUDE: 28 25 N
LONGITUDE: 81 19 W
TEMPERATURE IN F: :PCPN: SNOW: WIND :SUNSHINE: SKY :PK WND
================================================================================
1 2 3 4 5 6A 6B 7 8 9 10 11 12 13 14 15 16 17 18
12Z AVG MX 2MIN
DY MAX MIN AVG DEP HDD CDD WTR SNW DPTH SPD SPD DIR MIN PSBL S-S WX SPD DR
================================================================================
1 93 74 84 2 0 19 0.00 0.0 0 5.9 16 290 M M 4 24 30
2 95 78 87 5 0 22 0.15 0.0 0 4.6 17 30 M M 5 13 22 30
3 96 77 87 5 0 22 0.00 0.0 0 4.6 14 110 M M 3 1 17 110
4 96 78 87 5 0 22 0.11 0.0 0 3.3 22 60 M M 4 13 27 60
5 95 78 87 5 0 22 0.00 0.0 0 4.2 17 70 M M 4 22 70
6 93 77 85 3 0 20 T 0.0 0 6.4 16 130 M M 6 3 21 130
7 92 74 83 1 0 18 0.16 0.0 0 6.3 26 60 M M 7 13 33 70
8 91 74 83 1 0 18 T 0.0 0 5.1 22 130 M M 6 3 27 130
9 92 73 83 1 0 18 4.05 0.0 0 5.1 26 100 M M 6 13 33 80
10 90 75 83 1 0 18 T 0.0 0 5.8 20 60 M M 6 3 24 60
11 91 77 84 2 0 19 0.14 0.0 0 7.7 23 80 M M 6 13 30 80
12 85 76 81 -1 0 16 0.35 0.0 0 10.3 21 60 M M 6 18 26 60
13 86 75 81 -1 0 16 0.39 0.0 0 8.2 16 220 M M 9 13 21 120
14 89 75 82 1 0 17 0.93 0.0 0 7.0 18 110 M M 7 13 24 150
15 90 76 83 2 0 18 0.00 0.0 0 5.0 12 130 M M 8 14 170
16 92 75 84 3 0 19 T 0.0 0 8.6 17 100 M M 7 22 200
17 92 77 85 4 0 20 0.48 0.0 0 10.6 26 210 M M 5 13 37 210
18 91 77 84 3 0 19 T 0.0 0 9.1 17 260 M M 6 21 260
19 91 74 83 2 0 18 0.15 0.0 0 8.3 20 360 M M 6 1 25 360
20 82 76 79 -2 0 14 1.37 0.0 0 15.0 26 20 M M 9 13 33 30
21 86 73 80 -1 0 15 T 0.0 0 16.2 29 50 M M 7 38 40
22 87 70 79 -1 0 14 T 0.0 0 12.0 25 60 M M 7 31 60
23 87 69 78 -2 0 13 0.00 0.0 0 7.2 14 80 M M 6 20 120
24 90 72 81 1 0 16 T 0.0 0 6.2 16 140 M M 6 20 130
25 94 74 84 4 0 19 T 0.0 0 3.4 14 120 M M 3 17 120
26 94 74 84 4 0 19 T 0.0 0 4.6 15 100 M M 4 3 17 70
27 92 73 83 3 0 18 1.51 0.0 0 4.8 21 280 M M 7 13 28 280
28 88 74 81 1 0 16 0.19 0.0 0 3.8 17 280 M M 8 13 23 290
29 89 71 80 1 0 15 0.76 0.0 0 5.8 16 340 M M 8 13 23 270
30 78 64 71 -8 0 6 0.00 0.0 0 10.5 16 20 M M 8 21 340
================================================================================
SM 2707 2230 0 526 10.74 0.0 215.6 M 184
================================================================================
AV 90.2 74.3 7.2 FASTST M M 6 MAX(MPH)
MISC ----> 29 50 38 40
================================================================================
NOTES:
# LAST OF SEVERAL OCCURRENCES
COLUMN 17 PEAK WIND IN M.P.H.
PRELIMINARY LOCAL CLIMATOLOGICAL DATA (WS FORM: F-6) , PAGE 2
STATION: ORLANDO INTL
MONTH: SEPTEMBER
YEAR: 2020
LATITUDE: 28 25 N
LONGITUDE: 81 19 W
[TEMPERATURE DATA] [PRECIPITATION DATA] SYMBOLS USED IN COLUMN 16
AVERAGE MONTHLY: 82.3 TOTAL FOR MONTH: 10.74 1 = FOG OR MIST
DPTR FM NORMAL: 1.2 DPTR FM NORMAL: 4.68 2 = FOG REDUCING VISIBILITY
HIGHEST: 96 ON 4, 3 GRTST 24HR 4.05 ON 9- 9 TO 1/4 MILE OR LESS
LOWEST: 64 ON 30 3 = THUNDER
SNOW, ICE PELLETS, HAIL 4 = ICE PELLETS
TOTAL MONTH: 0.0 INCH 5 = HAIL
GRTST 24HR 0.0 6 = FREEZING RAIN OR DRIZZLE
GRTST DEPTH: 0 7 = DUSTSTORM OR SANDSTORM:
VSBY 1/2 MILE OR LESS
8 = SMOKE OR HAZE
[NO. OF DAYS WITH] [WEATHER - DAYS WITH] 9 = BLOWING SNOW
X = TORNADO
MAX 32 OR BELOW: 0 0.01 INCH OR MORE: 14
MAX 90 OR ABOVE: 20 0.10 INCH OR MORE: 14
MIN 32 OR BELOW: 0 0.50 INCH OR MORE: 5
MIN 0 OR BELOW: 0 1.00 INCH OR MORE: 3
[HDD (BASE 65) ]
TOTAL THIS MO. 0 CLEAR (SCALE 0-3) 1
DPTR FM NORMAL 0 PTCLDY (SCALE 4-7) 27
TOTAL FM JUL 1 0 CLOUDY (SCALE 8-10) 2
DPTR FM NORMAL 0
[CDD (BASE 65) ]
TOTAL THIS MO. 526
DPTR FM NORMAL 43 [PRESSURE DATA]
TOTAL FM JAN 1 3550 HIGHEST SLP M ON M
DPTR FM NORMAL 674 LOWEST SLP 29.79 ON 29
[REMARKS]
#FINAL-09-20#