033
CXUS55 KPAH 010800
CF6MDH
PRELIMINARY LOCAL CLIMATOLOGICAL DATA (WS FORM: F-6)
STATION: CARBONDALE IL
MONTH: OCTOBER
YEAR: 2020
LATITUDE: 37 46 N
LONGITUDE: 89 15 W
TEMPERATURE IN F: :PCPN: SNOW: WIND :SUNSHINE: SKY :PK WND
================================================================================
1 2 3 4 5 6A 6B 7 8 9 10 11 12 13 14 15 16 17 18
12Z AVG MX 2MIN
DY MAX MIN AVG DEP HDD CDD WTR SNW DPTH SPD SPD DIR MIN PSBL S-S WX SPD DR
================================================================================
1 71 41 56 -6 9 0 0.00 M M 7.3 21 330 M M 1 31 330
2 64 37 51 -11 14 0 0.00 M M 2.2 12 320 M M 2 12 17 300
3 68 38 53 -8 12 0 0.02 M M 4.5 15 220 M M 6 12 20 190
4 64 36 50 -11 15 0 0.00 M M 6.5 21 340 M M 5 1 29 330
5 66 31 49 -12 16 0 0.00 M M 2.8 10 140 M M 0 18 14 120
6 78 38 58 -2 7 0 0.00 M M 6.5 15 200 M M 0 8 20 220
7 86 51 69 9 0 4 0.00 M M 4.8 10 190 M M 0 128 19 250
8 84 52 68 8 0 3 0.00 M M 2.1 8 180 M M 4 128 11 120
9 81 51 66 6 0 1 0.00 M M 6.8 17 180 M M 5 128 25 190
10 79 59 69 10 0 4 0.00 M M 4.8 10 100 M M 5 14 80
11 87 57 72 13 0 7 0.00 M M 4.0 13 60 M M 2 12 20 60
12 79 43 61 2 4 0 0.00 M M 8.5 26 300 M M 3 1 40 300
13 76 37 57 -1 8 0 0.00 M M 3.6 16 210 M M 0 1 20 210
14 82 44 63 5 2 0 0.00 M M 13.2 29 210 M M 0 41 200
15 68 40 54 -4 11 0 0.05 M M 6.4 18 230 M M 5 27 210
16 64 30 47 -11 18 0 0.00 M M 4.4 18 280 M M 0 1 27 280
17 69 35 52 -5 13 0 0.00 M M 9.9 24 170 M M 1 34 160
18 71 50 61 4 4 0 0.05 M M 9.0 24 210 M M 7 18 33 200
19 52 46 49 -8 16 0 1.07 M M 5.5 14 340 M M 10 1 18 350
20 64 50 57 1 8 0 0.29 M M 5.0 12 190 M M 9 1238 16 180
21 71 54 63 7 2 0 0.00 M M 3.0 16 200 M M 7 128 23 210
22 85 52 69 13 0 4 0.00 M M 8.2 23 200 M M 3 12 30 200
23 83 46 65 9 0 0 0.39 M M 13.5 26 310 M M 6 13 38 310
24 51 43 47 -8 18 0 0.00 M M 8.0 16 20 M M 10 24 20
25 54 48 51 -4 14 0 0.00 M M 6.0 12 340 M M 10 15 360
26 51 41 46 -9 19 0 0.72 M M 7.7 14 350 M M 10 1 20 20
27 45 41 43 -11 22 0 0.29 M M 6.4 13 330 M M 10 1 18 340
28 50 44 47 -7 18 0 1.19 M M 6.0 13 30 M M 10 1 20 40
29 53 41 47 -7 18 0 1.36 M M 12.3 20 360 M M 9 18 31 340
30 56 35 46 -7 19 0 0.00 M M 2.3 8 330 M M 0 1 12 320
31 65 33 49 -4 16 0 0.00 M M 5.7 15 230 M M 0 1 22 240
================================================================================
SM 2117 1344 303 23 5.43 M 196.9 M 140
================================================================================
AV 68.3 43.4 6.4 FASTST M M 5 MAX(MPH)
MISC ----> 29 210 41 200
================================================================================
NOTES:
# LAST OF SEVERAL OCCURRENCES
COLUMN 17 PEAK WIND IN M.P.H.
PRELIMINARY LOCAL CLIMATOLOGICAL DATA (WS FORM: F-6) , PAGE 2
STATION: CARBONDALE IL
MONTH: OCTOBER
YEAR: 2020
LATITUDE: 37 46 N
LONGITUDE: 89 15 W
[TEMPERATURE DATA] [PRECIPITATION DATA] SYMBOLS USED IN COLUMN 16
AVERAGE MONTHLY: 55.8 TOTAL FOR MONTH: 5.43 1 = FOG OR MIST
DPTR FM NORMAL: -1.7 DPTR FM NORMAL: 1.56 2 = FOG REDUCING VISIBILITY
HIGHEST: 87 ON 11 GRTST 24HR 2.52 ON 28-29 TO 1/4 MILE OR LESS
LOWEST: 30 ON 16 3 = THUNDER
SNOW, ICE PELLETS, HAIL 4 = ICE PELLETS
TOTAL MONTH: M 5 = HAIL
GRTST 24HR M ON M 6 = FREEZING RAIN OR DRIZZLE
GRTST DEPTH: M ON M 7 = DUSTSTORM OR SANDSTORM:
VSBY 1/2 MILE OR LESS
8 = SMOKE OR HAZE
[NO. OF DAYS WITH] [WEATHER - DAYS WITH] 9 = BLOWING SNOW
X = TORNADO
MAX 32 OR BELOW: 0 0.01 INCH OR MORE: 10
MAX 90 OR ABOVE: 0 0.10 INCH OR MORE: 7
MIN 32 OR BELOW: 2 0.50 INCH OR MORE: 4
MIN 0 OR BELOW: 0 1.00 INCH OR MORE: 3
[HDD (BASE 65) ]
TOTAL THIS MO. 303 CLEAR (SCALE 0-3) 14
DPTR FM NORMAL 43 PTCLDY (SCALE 4-7) 9
TOTAL FM JUL 1 347 CLOUDY (SCALE 8-10) 8
DPTR FM NORMAL 38
[CDD (BASE 65) ]
TOTAL THIS MO. 23
DPTR FM NORMAL -6 [PRESSURE DATA]
TOTAL FM JAN 1 1449 HIGHEST SLP M ON M
DPTR FM NORMAL 80 LOWEST SLP 29.59 ON 29
[REMARKS]
#FINAL-10-20#