000
CXUS55 KPAH 011011
CF6MDH
PRELIMINARY LOCAL CLIMATOLOGICAL DATA (WS FORM: F-6)
STATION: CARBONDALE IL
MONTH: JULY
YEAR: 2020
LATITUDE: 37 46 N
LONGITUDE: 89 15 W
TEMPERATURE IN F: :PCPN: SNOW: WIND :SUNSHINE: SKY :PK WND
================================================================================
1 2 3 4 5 6A 6B 7 8 9 10 11 12 13 14 15 16 17 18
12Z AVG MX 2MIN
DY MAX MIN AVG DEP HDD CDD WTR SNW DPTH SPD SPD DIR MIN PSBL S-S WX SPD DR
================================================================================
1 83 68 76 -2 0 11 M M M 5.6 21 360 M M 5 138 30 360
2 89 66 78 0 0 13 0.00 M M 1.6 8 110 M M 5 12 12 120
3 91 73 82 4 0 17 0.00 M M 3.1 10 80 M M 1 18 14 60
4 92 70 81 3 0 16 0.00 M M 2.9 9 50 M M 1 128 13 70
5 94 71 83 5 0 18 0.00 M M 2.8 10 140 M M 0 18 14 140
6 91 72 82 4 0 17 0.22 M M 1.8 16 190 M M 1 13 21 190
7 93 73 83 5 0 18 0.00 M M 2.4 13 210 M M 1 1 15 220
8 93 73 83 5 0 18 0.00 M M 2.0 8 150 M M 1 138 12 160
9 94 74 84 6 0 19 0.00 M M 5.5 16 200 M M 1 18 21 190
10 90 70 80 2 0 15 0.00 M M 7.0 16 330 M M 0 24 330
11 93 68 81 3 0 16 0.00 M M 5.0 14 200 M M 0 19 190
12 87 71 79 1 0 14 0.00 M M 6.6 15 350 M M 3 23 340
13 87 66 77 -1 0 12 0.00 M M 3.6 12 30 M M 0 1 16 60
14 90 65 78 0 0 13 0.00 M M 4.3 10 160 M M 1 14 160
15 93 70 82 4 0 17 0.96 M M 10.3 32 300 M M 4 13 45 310
16 86 70 78 0 0 13 0.00 M M 3.7 12 340 M M 4 16 330
17 94 72 83 5 0 18 0.99 M M 4.0 45 210 M M 4 1238 66 200
18 91 73 82 4 0 17 T M M 8.0 22 210 M M 3 128 28 210
19 93 75 84 6 0 19 M M M 8.6 20 320 M M 1 26 320
20 90 72 81 3 0 16 1.01 M M 2.8 18 290 M M 2 13 27 290
21 92 72 82 4 0 17 0.56 M M 4.8 26 270 M M 2 138 43 250
22 88 73 81 3 0 16 0.11 M M 5.3 15 200 M M 2 13 20 180
23 90 71 81 3 0 16 0.17 M M 3.4 21 360 M M 4 123 29 360
24 92 70 81 3 0 16 0.00 M M 2.2 13 170 M M 3 128 17 170
25 93 71 82 4 0 17 0.07 M M 3.7 15 100 M M 2 123 19 120
26 92 73 83 5 0 18 0.00 M M 5.8 15 210 M M 1 1 20 220
27 90 72 81 3 0 16 2.20 M M 5.8 33 260 M M 4 1238 47 260
28 87 71 79 1 0 14 0.14 M M 2.3 10 100 M M 5 1 14 90
29 89 72 81 3 0 16 0.04 M M 2.9 14 220 M M 3 13 18 210
30 89 75 82 4 0 17 0.21 M M 7.8 17 220 M M 7 13 27 210
31 81 72 77 -1 0 12 0.40 M M 3.9 12 180 M M 10 138 16 170
================================================================================
SM 2797 2204 0 492 7.08 M 139.5 M 81
================================================================================
AV 90.2 71.1 4.5 FASTST M M 3 MAX(MPH)
MISC ----> 45 210 66 200
================================================================================
NOTES:
# LAST OF SEVERAL OCCURRENCES
COLUMN 17 PEAK WIND IN M.P.H.
PRELIMINARY LOCAL CLIMATOLOGICAL DATA (WS FORM: F-6) , PAGE 2
STATION: CARBONDALE IL
MONTH: JULY
YEAR: 2020
LATITUDE: 37 46 N
LONGITUDE: 89 15 W
[TEMPERATURE DATA] [PRECIPITATION DATA] SYMBOLS USED IN COLUMN 16
AVERAGE MONTHLY: 80.7 TOTAL FOR MONTH: 7.08 1 = FOG OR MIST
DPTR FM NORMAL: 2.5 DPTR FM NORMAL: 3.49 2 = FOG REDUCING VISIBILITY
HIGHEST: 94 ON 17, 9 GRTST 24HR 2.34 ON 27-28 TO 1/4 MILE OR LESS
LOWEST: 65 ON 14 3 = THUNDER
SNOW, ICE PELLETS, HAIL 4 = ICE PELLETS
TOTAL MONTH: M 5 = HAIL
GRTST 24HR M ON M 6 = FREEZING RAIN OR DRIZZLE
GRTST DEPTH: M ON M 7 = DUSTSTORM OR SANDSTORM:
VSBY 1/2 MILE OR LESS
8 = SMOKE OR HAZE
[NO. OF DAYS WITH] [WEATHER - DAYS WITH] 9 = BLOWING SNOW
X = TORNADO
MAX 32 OR BELOW: 0 0.01 INCH OR MORE: 13
MAX 90 OR ABOVE: 21 0.10 INCH OR MORE: 11
MIN 32 OR BELOW: 0 0.50 INCH OR MORE: 5
MIN 0 OR BELOW: 0 1.00 INCH OR MORE: 2
[HDD (BASE 65) ]
TOTAL THIS MO. 0 CLEAR (SCALE 0-3) 19
DPTR FM NORMAL 0 PTCLDY (SCALE 4-7) 11
TOTAL FM JUL 1 0 CLOUDY (SCALE 8-10) 1
DPTR FM NORMAL 0
[CDD (BASE 65) ]
TOTAL THIS MO. 492
DPTR FM NORMAL 84 [PRESSURE DATA]
TOTAL FM JAN 1 947 HIGHEST SLP 30.14 ON 24
DPTR FM NORMAL 107 LOWEST SLP 29.72 ON 30
[REMARKS]
#FINAL-07-20#