000
CXUS53 KARX 011000
CF6MDZ
PRELIMINARY LOCAL CLIMATOLOGICAL DATA (WS FORM: F-6)
STATION: MEDFORD WI
MONTH: FEBRUARY
YEAR: 2022
LATITUDE: 45 5 N
LONGITUDE: 90 18 W
TEMPERATURE IN F: :PCPN: SNOW: WIND :SUNSHINE: SKY :PK WND
================================================================================
1 2 3 4 5 6A 6B 7 8 9 10 11 12 13 14 15 16 17 18
12Z AVG MX 2MIN
DY MAX MIN AVG DEP HDD CDD WTR SNW DPTH SPD SPD DIR MIN PSBL S-S WX SPD DR
================================================================================
1 32 6 19 M 46 0 M M M 13.9 21 260 M M 2 31 250
2 10 -5 3 M 62 0 M M M 9.6 14 330 M M 0 18 330
3 8 -13 -2 M 67 0 M M M 3.6 8 340 M M 0 M M
4 8 -13 -2 M 67 0 M M M 1.8 6 10 M M 8 M M
5 18 -11 4 M 61 0 0.00 0.0 M 8.7 18 160 M M 7 23 150
6 23 11 17 M 48 0 M M M 6.8 12 350 M M 10 16 310
7 19 7 13 M 52 0 M M M 5.7 10 320 M M 7 M M
8 30 12 21 M 44 0 0.00 M M 6.3 10 200 M M 3 M M
9 33 19 26 M 39 0 M M M 11.4 17 320 M M 10 23 310
10 28 14 21 M 44 0 M M M 11.4 20 170 M M 9 29 180
11 35 3 19 M 46 0 M M M 14.0 21 330 M M 10 28 330
12 5 -8 -1 M 66 0 0.00 0.0 M 6.2 15 330 M M 5 22 330
13 9 -13 -2 M 67 0 M M M 4.1 10 210 M M 4 M M
14 17 -1 8 M 57 0 M M M 2.8 9 270 M M 5 M M
15 26 -6 10 M 55 0 M M M 9.6 17 160 M M 4 24 160
16 32 17 25 M 40 0 M M M 7.8 21 340 M M 3 26 340
17 17 -10 4 M 61 0 M M M 8.9 15 330 M M 2 22 360
18 26 -19 4 M 61 0 M M M 14.0 31 280 M M 7 44 280
19 12 -9 2 M 63 0 M M M 11.1 17 290 M M 2 24 290
20 41 11 26 M 39 0 0.00 0.0 M 11.7 16 180 M M 0 22 200
21 23 12 18 M 47 0 0.02 M M 15.0 20 80 M M 10 27 80
22 15 7 11 M 54 0 M M M 14.8 20 40 M M 10 28 40
23 16 -4 6 M 59 0 0.00 0.0 M 6.6 13 320 M M 2 21 310
24 16 -4 6 M 59 0 M M M 5.1 9 40 M M 6 M M
25 19 -1 9 M 56 0 M M M 5.3 10 230 M M 2 M M
26 30 0 15 M 50 0 M M M 10.6 18 240 M M 0 28 240
27 30 15 23 M 42 0 M M M 6.6 14 260 M M 2 21 260
28 34 17 26 M 39 0 0.00 0.0 M 5.8 9 120 M M 4 18 100
================================================================================
SM 612 34 1491 0 0.02 0.0 239.2 M 134
================================================================================
AV 21.9 1.2 8.5 FASTST M M 5 MAX(MPH)
MISC ----> 31 280 44 280
================================================================================
NOTES:
# LAST OF SEVERAL OCCURRENCES
COLUMN 17 PEAK WIND IN M.P.H.
PRELIMINARY LOCAL CLIMATOLOGICAL DATA (WS FORM: F-6) , PAGE 2
STATION: MEDFORD WI
MONTH: FEBRUARY
YEAR: 2022
LATITUDE: 45 5 N
LONGITUDE: 90 18 W
[TEMPERATURE DATA] [PRECIPITATION DATA] SYMBOLS USED IN COLUMN 16
AVERAGE MONTHLY: 11.5 TOTAL FOR MONTH: 0.02 1 = FOG OR MIST
DPTR FM NORMAL: 0.0 DPTR FM NORMAL: 0.02 2 = FOG REDUCING VISIBILITY
HIGHEST: 41 ON 20 GRTST 24HR 0.02 ON 21-21 TO 1/4 MILE OR LESS
LOWEST: -19 ON 18 3 = THUNDER
SNOW, ICE PELLETS, HAIL 4 = ICE PELLETS
TOTAL MONTH: 0.0 INCH 5 = HAIL
GRTST 24HR 0.0 6 = FREEZING RAIN OR DRIZZLE
GRTST DEPTH: M ON M 7 = DUSTSTORM OR SANDSTORM:
VSBY 1/2 MILE OR LESS
8 = SMOKE OR HAZE
[NO. OF DAYS WITH] [WEATHER - DAYS WITH] 9 = BLOWING SNOW
X = TORNADO
MAX 32 OR BELOW: 24 0.01 INCH OR MORE: 1
MAX 90 OR ABOVE: 0 0.10 INCH OR MORE: 0
MIN 32 OR BELOW: 28 0.50 INCH OR MORE: 0
MIN 0 OR BELOW: 15 1.00 INCH OR MORE: 0
[HDD (BASE 65) ]
TOTAL THIS MO. 1491 CLEAR (SCALE 0-3) 12
DPTR FM NORMAL M PTCLDY (SCALE 4-7) 10
TOTAL FM JUL 1 6332 CLOUDY (SCALE 8-10) 6
DPTR FM NORMAL M
[CDD (BASE 65) ]
TOTAL THIS MO. 0
DPTR FM NORMAL M [PRESSURE DATA]
TOTAL FM JAN 1 0 HIGHEST SLP M ON M
DPTR FM NORMAL M LOWEST SLP M ON M
[REMARKS]
#FINAL-02-22#