000
CXUS54 KLZK 011130
CF6MEZ
PRELIMINARY LOCAL CLIMATOLOGICAL DATA (WS FORM: F-6)
STATION: MENA AIRPORT
MONTH: AUGUST
YEAR: 2021
LATITUDE: 34 9 N
LONGITUDE: 94 15 W
TEMPERATURE IN F: :PCPN: SNOW: WIND :SUNSHINE: SKY :PK WND
================================================================================
1 2 3 4 5 6A 6B 7 8 9 10 11 12 13 14 15 16 17 18
12Z AVG MX 2MIN
DY MAX MIN AVG DEP HDD CDD WTR SNW DPTH SPD SPD DIR MIN PSBL S-S WX SPD DR
================================================================================
1 86 72 79 0 0 14 0.13 M M 2.6 12 290 M M 5 3 18 290
2 86 66 76 -3 0 11 0.30 M M 2.4 7 90 M M 6 M M
3 86 70 78 -1 0 13 0.00 M M 1.2 6 60 M M 6 M M
4 86 64 75 -4 0 10 0.00 M M 0.8 6 90 M M 3 M M
5 88 63 76 -3 0 11 0.02 M M 0.8 7 290 M M 4 M M
6 90 70 80 1 0 15 0.06 M M 1.3 6 210 M M 4 M M
7 91 64 78 -1 0 13 0.00 M M 2.6 7 130 M M 2 M M
8 91 77 84 5 0 19 0.00 M M 4.3 9 220 M M 3 16 220
9 95 79 87 8 0 22 0.00 M M 5.4 13 240 M M 4 20 240
10 95 79 87 8 0 22 0.00 M M 4.9 10 240 M M 1 18 230
11 97 77 87 8 0 22 0.00 M M 4.1 10 250 M M 1 16 180
12 97 73 85 6 0 20 0.00 M M 3.1 7 200 M M 2 M M
13 97 72 85 6 0 20 0.44 M M 3.5 12 280 M M 3 3 20 240
14 88 70 79 0 0 14 0.01 M M 1.7 6 120 M M 2 M M
15 88 70 79 0 0 14 0.53 M M 1.8 9 60 M M 5 3 M M
16 88 68 78 -1 0 13 0.02 M M 1.6 8 90 M M 4 M M
17 81 72 77 -1 0 12 0.95 M M 0.5 5 350 M M 5 M M
18 86 72 79 1 0 14 0.31 M M 0.5 5 250 M M 6 M M
19 82 72 77 -1 0 12 0.50 M M 0.8 5 220 M M 6 M M
20 90 77 84 6 0 19 0.00 M M 2.6 6 240 M M 5 M M
21 91 77 84 6 0 19 0.00 M M 4.8 9 220 M M 2 18 220
22 95 73 84 6 0 19 0.00 M M 1.6 6 240 M M 0 M M
23 95 68 82 4 0 17 0.00 M M 1.7 10 260 M M 1 M M
24 95 68 82 4 0 17 0.00 M M 1.3 5 230 M M 0 M M
25 95 68 82 5 0 17 0.00 M M 1.0 6 270 M M 2 M M
26 97 70 84 7 0 19 0.00 M M 1.1 6 100 M M 2 M M
27 91 70 81 4 0 16 0.00 M M 1.4 6 120 M M 2 16 0
28 90 68 79 2 0 14 0.00 M M 2.3 8 100 M M 4 17 100
29 95 68 82 5 0 17 0.00 M M 1.8 8 100 M M 3 M M
30 91 68 80 4 0 15 0.00 M M 3.3 14 90 M M 2 18 90
31 93 64 79 3 0 14 M M M 1.6 9 260 M M 1 M M
================================================================================
SM 2816 2189 0 494 3.27 M 68.4 M 96
================================================================================
AV 90.8 70.6 2.2 FASTST M M 3 MAX(MPH)
MISC ----> 14 90 # 20 240
================================================================================
NOTES:
# LAST OF SEVERAL OCCURRENCES
COLUMN 17 PEAK WIND IN M.P.H.
PRELIMINARY LOCAL CLIMATOLOGICAL DATA (WS FORM: F-6) , PAGE 2
STATION: MENA AIRPORT
MONTH: AUGUST
YEAR: 2021
LATITUDE: 34 9 N
LONGITUDE: 94 15 W
[TEMPERATURE DATA] [PRECIPITATION DATA] SYMBOLS USED IN COLUMN 16
AVERAGE MONTHLY: 80.7 TOTAL FOR MONTH: 3.27 1 = FOG OR MIST
DPTR FM NORMAL: 2.5 DPTR FM NORMAL: 0.57 2 = FOG REDUCING VISIBILITY
HIGHEST: 97 ON 12,13 GRTST 24HR 0.95 ON 17-17 TO 1/4 MILE OR LESS
LOWEST: 63 ON 5 3 = THUNDER
SNOW, ICE PELLETS, HAIL 4 = ICE PELLETS
TOTAL MONTH: M 5 = HAIL
GRTST 24HR M ON M 6 = FREEZING RAIN OR DRIZZLE
GRTST DEPTH: M ON M 7 = DUSTSTORM OR SANDSTORM:
VSBY 1/2 MILE OR LESS
8 = SMOKE OR HAZE
[NO. OF DAYS WITH] [WEATHER - DAYS WITH] 9 = BLOWING SNOW
X = TORNADO
MAX 32 OR BELOW: 0 0.01 INCH OR MORE: 11
MAX 90 OR ABOVE: 20 0.10 INCH OR MORE: 7
MIN 32 OR BELOW: 0 0.50 INCH OR MORE: 2
MIN 0 OR BELOW: 0 1.00 INCH OR MORE: 0
[HDD (BASE 65) ]
TOTAL THIS MO. 0 CLEAR (SCALE 0-3) 18
DPTR FM NORMAL -1 PTCLDY (SCALE 4-7) 13
TOTAL FM JUL 1 0 CLOUDY (SCALE 8-10) 0
DPTR FM NORMAL 0
[CDD (BASE 65) ]
TOTAL THIS MO. 494
DPTR FM NORMAL 83 [PRESSURE DATA]
TOTAL FM JAN 1 1421 HIGHEST SLP M ON M
DPTR FM NORMAL 160 LOWEST SLP M ON M
[REMARKS]
#FINAL-08-21#