000
CXUS54 KLZK 011230
CF6MEZ
PRELIMINARY LOCAL CLIMATOLOGICAL DATA (WS FORM: F-6)
STATION: MENA AIRPORT
MONTH: JANUARY
YEAR: 2021
LATITUDE: 34 9 N
LONGITUDE: 94 15 W
TEMPERATURE IN F: :PCPN: SNOW: WIND :SUNSHINE: SKY :PK WND
================================================================================
1 2 3 4 5 6A 6B 7 8 9 10 11 12 13 14 15 16 17 18
12Z AVG MX 2MIN
DY MAX MIN AVG DEP HDD CDD WTR SNW DPTH SPD SPD DIR MIN PSBL S-S WX SPD DR
================================================================================
1 43 36 40 2 25 0 0.78 M M 5.6 12 280 M M 10 18 80
2 43 30 37 -1 28 0 0.00 M M 5.5 15 280 M M 7 20 300
3 55 27 41 3 24 0 0.00 M M 0.9 6 150 M M 0 M M
4 64 28 46 8 19 0 0.00 M M 4.0 15 260 M M 0 22 260
5 63 30 47 9 18 0 0.00 M M 1.2 8 320 M M 0 M M
6 43 32 38 0 27 0 1.56 M M 4.3 12 80 M M 8 21 80
7 43 34 39 1 26 0 0.67 M M 4.6 8 30 M M 10 M M
8 39 30 35 -3 30 0 0.30 M M 4.6 9 320 M M 7 M M
9 45 23 34 -4 31 0 0.22 M M 1.6 7 50 M M 0 M M
10 37 25 31 -7 34 0 0.12 M M 1.4 7 30 M M 4 M M
11 46 27 37 -1 28 0 0.00 M M 2.3 7 340 M M 4 M M
12 52 21 37 -1 28 0 0.00 M M 2.1 9 300 M M 0 16 270
13 55 27 41 3 24 0 0.00 M M 4.0 10 250 M M 0 20 240
14 57 39 48 10 17 0 0.00 M M 9.4 21 330 M M 0 29 330
15 45 34 40 2 25 0 0.00 M M 14.7 26 290 M M 5 33 290
16 50 32 41 2 24 0 0.00 M M 7.5 17 280 M M 2 28 280
17 54 30 42 3 23 0 0.00 M M 8.1 21 300 M M 1 26 300
18 63 25 44 5 21 0 0.00 M M 1.6 8 230 M M 4 M M
19 59 34 47 8 18 0 0.00 M M 4.5 13 30 M M 5 16 30
20 50 32 41 2 24 0 0.18 M M 0.8 5 70 M M 9 M M
21 52 43 48 9 17 0 0.09 M M 2.4 8 270 M M 10 M M
22 59 34 47 8 18 0 0.00 M M 4.3 15 90 M M 4 20 70
23 46 34 40 1 25 0 0.00 M M 5.7 9 60 M M 10 M M
24 57 41 49 10 16 0 0.34 M M 2.1 7 90 M M 10 3 M M
25 70 54 62 23 3 0 0.58 0.0 0 6.6 13 250 M M 5 3 20 200
26 55 34 45 6 20 0 0.00 M M 2.5 7 30 M M 3 M M
27 43 32 38 -1 27 0 0.09 M M 6.1 13 310 M M 9 21 90
28 48 32 40 1 25 0 0.00 0.0 0 4.0 9 40 M M 5 M M
29 55 28 42 2 23 0 0.00 M M 1.8 6 230 M M 1 M M
30 63 45 54 14 11 0 0.29 M M 6.6 12 210 M M 8 23 200
31 52 39 46 6 19 0 0.00 M M 11.1 18 300 M M 9 29 300
================================================================================
SM 1606 1012 698 0 5.22 0.0 141.6 M 150
================================================================================
AV 51.8 32.6 4.6 FASTST M M 5 MAX(MPH)
MISC ----> 26 290 33 290
================================================================================
NOTES:
# LAST OF SEVERAL OCCURRENCES
COLUMN 17 PEAK WIND IN M.P.H.
PRELIMINARY LOCAL CLIMATOLOGICAL DATA (WS FORM: F-6) , PAGE 2
STATION: MENA AIRPORT
MONTH: JANUARY
YEAR: 2021
LATITUDE: 34 9 N
LONGITUDE: 94 15 W
[TEMPERATURE DATA] [PRECIPITATION DATA] SYMBOLS USED IN COLUMN 16
AVERAGE MONTHLY: 42.2 TOTAL FOR MONTH: 5.22 1 = FOG OR MIST
DPTR FM NORMAL: 3.4 DPTR FM NORMAL: 1.50 2 = FOG REDUCING VISIBILITY
HIGHEST: 70 ON 25 GRTST 24HR 1.92 ON 24-25 TO 1/4 MILE OR LESS
LOWEST: 21 ON 12 3 = THUNDER
SNOW, ICE PELLETS, HAIL 4 = ICE PELLETS
TOTAL MONTH: 0.0 INCH 5 = HAIL
GRTST 24HR 0.0 6 = FREEZING RAIN OR DRIZZLE
GRTST DEPTH: 0 7 = DUSTSTORM OR SANDSTORM:
VSBY 1/2 MILE OR LESS
8 = SMOKE OR HAZE
[NO. OF DAYS WITH] [WEATHER - DAYS WITH] 9 = BLOWING SNOW
X = TORNADO
MAX 32 OR BELOW: 0 0.01 INCH OR MORE: 12
MAX 90 OR ABOVE: 0 0.10 INCH OR MORE: 10
MIN 32 OR BELOW: 18 0.50 INCH OR MORE: 4
MIN 0 OR BELOW: 0 1.00 INCH OR MORE: 1
[HDD (BASE 65) ]
TOTAL THIS MO. 698 CLEAR (SCALE 0-3) 11
DPTR FM NORMAL -116 PTCLDY (SCALE 4-7) 11
TOTAL FM JUL 1 1910 CLOUDY (SCALE 8-10) 9
DPTR FM NORMAL -349
[CDD (BASE 65) ]
TOTAL THIS MO. 0
DPTR FM NORMAL 0 [PRESSURE DATA]
TOTAL FM JAN 1 0 HIGHEST SLP M ON M
DPTR FM NORMAL 0 LOWEST SLP M ON M
[REMARKS]
#FINAL-01-21#