000
CXUS54 KBRO 010900
CF6MFE
PRELIMINARY LOCAL CLIMATOLOGICAL DATA (WS FORM: F-6)
STATION: MCALLEN
MONTH: AUGUST
YEAR: 2020
LATITUDE: 26 10 N
LONGITUDE: 98 14 W
TEMPERATURE IN F: :PCPN: SNOW: WIND :SUNSHINE: SKY :PK WND
================================================================================
1 2 3 4 5 6A 6B 7 8 9 10 11 12 13 14 15 16 17 18
12Z AVG MX 2MIN
DY MAX MIN AVG DEP HDD CDD WTR SNW DPTH SPD SPD DIR MIN PSBL S-S WX SPD DR
================================================================================
1 95 75 85 -3 0 20 0.03 0.0 0 6.8 23 10 M M 4 3 29 360
2 95 76 86 -2 0 21 0.03 0.0 0 4.7 16 110 M M 1 3 19 120
3 95 76 86 -2 0 21 0.00 0.0 0 5.6 20 100 M M 1 22 110
4 95 76 86 -2 0 21 0.00 0.0 0 7.5 17 120 M M 2 1 21 110
5 96 77 87 -1 0 22 0.00 0.0 0 8.8 16 120 M M 2 19 120
6 96 79 88 0 0 23 T 0.0 0 10.0 20 130 M M 2 25 120
7 96 79 88 0 0 23 T 0.0 0 10.0 22 130 M M 1 26 120
8 94 78 86 -2 0 21 0.02 0.0 0 9.2 23 140 M M 0 3 30 140
9 96 78 87 -1 0 22 0.00 0.0 0 9.8 23 130 M M 2 27 140
10 95 74 85 -3 0 20 0.00 0.0 0 9.4 18 150 M M 0 25 130
11 97 78 88 0 0 23 0.00 0.0 0 11.5 18 140 M M 1 28 150
12 98 79 89 1 0 24 0.00 0.0 M 13.0 22 130 M M 0 30 140
13 98 78 88 0 0 23 0.00 0.0 0 11.5 20 130 M M 0 25 140
14 98 75 87 -1 0 22 0.00 0.0 0 10.4 17 140 M M 0 22 150
15 98 77 88 0 0 23 0.00 0.0 0 9.7 18 140 M M 1 23 130
16 99 77 88 0 0 23 0.00 0.0 0 9.3 18 140 M M 1 24 150
17 98 77 88 0 0 23 0.00 0.0 0 6.7 14 110 M M 1 19 70
18 99 76 88 0 0 23 0.00 0.0 0 3.9 14 80 M M 1 3 17 90
19 99 76 88 0 0 23 0.00 0.0 0 3.6 15 130 M M 0 17 120
20 101 75 88 0 0 23 0.00 0.0 0 6.9 16 160 M M 0 21 140
21 99 76 88 1 0 23 0.00 0.0 0 9.4 20 110 M M 0 32 140
22 99 76 88 1 0 23 0.00 0.0 0 8.1 22 80 M M 1 27 80
23 94 79 87 0 0 22 0.00 0.0 0 6.7 22 50 M M 3 3 28 30
24 95 75 85 -2 0 20 T 0.0 0 7.8 23 10 M M 2 30 20
25 92 76 84 -3 0 19 0.76 0.0 0 6.7 17 50 M M 1 13 22 40
26 100 77 89 2 0 24 0.00 0.0 0 6.1 17 80 M M 1 20 80
27 100 78 89 2 0 24 0.00 0.0 0 8.6 17 150 M M 1 8 23 140
28 100 80 90 3 0 25 0.00 0.0 0 12.5 21 130 M M 1 18 26 130
29 101 79 90 4 0 25 0.00 0.0 0 11.5 18 130 M M 0 25 140
30 100 80 90 4 0 25 0.00 0.0 0 12.9 23 140 M M 3 28 150
31 101 82 92 6 0 27 0.00 0.0 0 16.6 28 130 M M 3 36 120
================================================================================
SM 3019 2394 0 701 0.84 0.0 275.2 M 36
================================================================================
AV 97.4 77.2 8.9 FASTST M M 1 MAX(MPH)
MISC ----> # 28 130 # 36 120
================================================================================
NOTES:
# LAST OF SEVERAL OCCURRENCES
COLUMN 17 PEAK WIND IN M.P.H.
PRELIMINARY LOCAL CLIMATOLOGICAL DATA (WS FORM: F-6) , PAGE 2
STATION: MCALLEN
MONTH: AUGUST
YEAR: 2020
LATITUDE: 26 10 N
LONGITUDE: 98 14 W
[TEMPERATURE DATA] [PRECIPITATION DATA] SYMBOLS USED IN COLUMN 16
AVERAGE MONTHLY: 87.3 TOTAL FOR MONTH: 0.84 1 = FOG OR MIST
DPTR FM NORMAL: -0.1 DPTR FM NORMAL: -1.37 2 = FOG REDUCING VISIBILITY
HIGHEST: 101 ON 31,29 GRTST 24HR 0.76 ON 25-25 TO 1/4 MILE OR LESS
LOWEST: 74 ON 10 3 = THUNDER
SNOW, ICE PELLETS, HAIL 4 = ICE PELLETS
TOTAL MONTH: 0.0 INCH 5 = HAIL
GRTST 24HR 0.0 6 = FREEZING RAIN OR DRIZZLE
GRTST DEPTH: 0 7 = DUSTSTORM OR SANDSTORM:
VSBY 1/2 MILE OR LESS
8 = SMOKE OR HAZE
[NO. OF DAYS WITH] [WEATHER - DAYS WITH] 9 = BLOWING SNOW
X = TORNADO
MAX 32 OR BELOW: 0 0.01 INCH OR MORE: 4
MAX 90 OR ABOVE: 31 0.10 INCH OR MORE: 1
MIN 32 OR BELOW: 0 0.50 INCH OR MORE: 1
MIN 0 OR BELOW: 0 1.00 INCH OR MORE: 0
[HDD (BASE 65) ]
TOTAL THIS MO. 0 CLEAR (SCALE 0-3) 30
DPTR FM NORMAL 0 PTCLDY (SCALE 4-7) 1
TOTAL FM JUL 1 0 CLOUDY (SCALE 8-10) 0
DPTR FM NORMAL 0
[CDD (BASE 65) ]
TOTAL THIS MO. 701
DPTR FM NORMAL 7 [PRESSURE DATA]
TOTAL FM JAN 1 3727 HIGHEST SLP 30.09 ON 17
DPTR FM NORMAL 476 LOWEST SLP 29.66 ON 30
[REMARKS]
#FINAL-08-20#