000
CXUS53 KFSD 011925
CF6MHE
PRELIMINARY LOCAL CLIMATOLOGICAL DATA (WS FORM: F-6)
STATION: MITCHELL SD
MONTH: FEBRUARY
YEAR: 2024
LATITUDE: 43 46 N
LONGITUDE: 98 2 W
TEMPERATURE IN F: :PCPN: SNOW: WIND :SUNSHINE: SKY :PK WND
================================================================================
1 2 3 4 5 6A 6B 7 8 9 10 11 12 13 14 15 16 17 18
12Z AVG MX 2MIN
DY MAX MIN AVG DEP HDD CDD WTR SNW DPTH SPD SPD DIR MIN PSBL S-S WX SPD DR
================================================================================
1 49 25 37 17 28 0 0.00 0.0 2 4.6 13 90 M M 0 1 16 90
2 38 31 35 15 30 0 0.00 0.0 2 11.7 22 130 M M 8 12 28 130
3 37 34 36 16 29 0 0.00 0.0 2 12.7 21 120 M M 10 12 26 130
4 40 33 37 17 28 0 0.00 0.0 1 4.2 10 120 M M 9 12 14 110
5 38 32 35 15 30 0 0.00 0.0 1 9.5 18 160 M M 7 12 23 170
6 52 34 43 23 22 0 0.00 0.0 1 9.8 17 160 M M 4 12 22 160
7 53 37 45 24 20 0 0.00 0.0 0 16.1 25 170 M M 1 35 170
8 47 33 40 19 25 0 0.10 T 0 16.8 26 290 M M 10 1 39 290
9 38 31 35 14 30 0 0.00 0.0 0 15.0 25 290 M M 10 36 300
10 37 29 33 12 32 0 0.00 0.0 0 8.1 15 330 M M 10 20 270
11 47 23 35 13 30 0 0.00 0.0 0 9.4 20 220 M M 1 1 26 220
12 47 25 36 14 29 0 0.00 0.0 0 6.8 16 330 M M 2 22 340
13 45 26 36 14 29 0 T 0.0 0 6.9 14 160 M M 7 1 17 150
14 32 17 25 3 40 0 0.05 0.6 0 11.2 23 30 M M 7 12 30 30
15 26 7 17 -6 48 0 0.04 0.4 1 4.7 15 340 M M 5 1 23 330
16 20 9 15 -8 50 0 T T 1 13.4 24 330 M M 4 1 30 330
17 34 9 22 -2 43 0 0.00 0.0 1 17.7 28 270 M M 0 39 280
18 41 21 31 7 34 0 0.00 0.0 T 8.3 17 280 M M 0 26 270
19 43 28 36 12 29 0 0.00 0.0 T 10.0 17 290 M M 1 22 300
20 53 22 38 13 27 0 0.00 0.0 0 4.0 13 340 M M 0 18 340
21 57 27 42 17 23 0 0.00 0.0 0 3.9 9 120 M M 0 12 180
22 51 29 40 15 25 0 0.00 0.0 0 10.1 18 320 M M 0 1 24 270
23 47 23 35 9 30 0 0.00 0.0 0 12.2 24 350 M M 1 32 330
24 62 21 42 16 23 0 0.00 0.0 0 10.2 25 270 M M 0 36 270
25 52 33 43 16 22 0 0.00 0.0 0 6.4 15 150 M M 5 19 160
26 69 34 52 25 13 0 0.00 0.0 0 9.0 18 150 M M 0 25 160
27 49 7 28 0 37 0 0.03 0.4 0 25.2 41 320 M M 7 19 55 340
28 30 1 16 -12 49 0 0.00 0.0 T 8.6 18 330 M M 0 25 320
29 60 24 42 14 23 0 0.00 0.0 0 12.9 21 180 M M 0 29 180
================================================================================
SM 1294 705 878 0 0.22 1.4 299.4 M 109
================================================================================
AV 44.6 24.3 10.3 FASTST M M 4 MAX(MPH)
MISC ----> 41 320 55 340
================================================================================
NOTES:
# LAST OF SEVERAL OCCURRENCES
-COLUMN 17 PEAK WIND IN M.P.H.
-PRECIPITATION AMOUNTS IN COLUMNS 7,8 AND 9 ARE THE OFFICIAL
PRECIPITATION AMOUNTS FOR MITCHELL, SD.
-SNOW DEPTH IN COLUMN 9 IS RECORDED AT 6 AM CST (12Z).
PRELIMINARY LOCAL CLIMATOLOGICAL DATA (WS FORM: F-6) , PAGE 2
STATION: MITCHELL SD
MONTH: FEBRUARY
YEAR: 2024
LATITUDE: 43 46 N
LONGITUDE: 98 2 W
[TEMPERATURE DATA] [PRECIPITATION DATA] SYMBOLS USED IN COLUMN 16
AVERAGE MONTHLY: 34.5 TOTAL FOR MONTH: 0.22 1 = FOG OR MIST
DPTR FM NORMAL: 11.5 DPTR FM NORMAL: -0.15 2 = FOG REDUCING VISIBILITY
HIGHEST: 69 ON 26 GRTST 24HR 0.10 ON 8- 8 TO 1/4 MILE OR LESS
LOWEST: 1 ON 28 3 = THUNDER
SNOW, ICE PELLETS, HAIL 4 = ICE PELLETS
TOTAL MONTH: 1.4 INCHES 5 = HAIL
GRTST 24HR 0.6 ON 14-14 6 = FREEZING RAIN OR DRIZZLE
GRTST DEPTH: 2 ON 2,3 7 = DUSTSTORM OR SANDSTORM:
VSBY 1/2 MILE OR LESS
8 = SMOKE OR HAZE
[NO. OF DAYS WITH] [WEATHER - DAYS WITH] 9 = BLOWING SNOW
X = TORNADO
MAX 32 OR BELOW: 4 0.01 INCH OR MORE: 4
MAX 90 OR ABOVE: 0 0.10 INCH OR MORE: 1
MIN 32 OR BELOW: 22 0.50 INCH OR MORE: 0
MIN 0 OR BELOW: 0 1.00 INCH OR MORE: 0
[HDD (BASE 65) ]
TOTAL THIS MO. 878 CLEAR (SCALE 0-3) 15
DPTR FM NORMAL -296 PTCLDY (SCALE 4-7) 9
TOTAL FM JUL 1 4654 CLOUDY (SCALE 8-10) 5
DPTR FM NORMAL -846
[CDD (BASE 65) ]
TOTAL THIS MO. 0
DPTR FM NORMAL 0 [PRESSURE DATA]
TOTAL FM JAN 1 0 HIGHEST SLP 30.52 ON 16
DPTR FM NORMAL 0 LOWEST SLP 29.22 ON 27
[REMARKS]
RECORD HIGH DAILY MINIMUM TEMPERATURE WAS ESTABLISHED ON THE 3RD WITH
34 DEGREES. THE PREVIOUS RECORD WAS 33 DEGREES IN 1984.
RECORD HIGH DAILY MINIMUM TEMPERATURE WAS TIED ON THE 6TH WITH
34 DEGREES. THE TEMPERATURE WAS PREVIOUSLY ATTAINED IN 1898.
RECORD HIGH DAILY MAXIMUM TEMPERATURE WAS TIED ON THE 26TH WITH
69 DEGREES. THE TEMPERATURE WAS PREVIOUSLY ATTAINED IN 1896.
RECORD HIGH DAILY MAXIMUM TEMPERATURE WAS ESTABLISHED ON THE 29TH WITH
60 DEGREES. THE PREVIOUS RECORD WAS 58 DEGREES IN 2000.
MONTHLY MEAN MAXIMUM TEMPERATURE OF 44.6 DEGREES WAS THE 5TH WARMEST
ON RECORD.
MONTHLY MEAN MINIMUM TEMPERATURE OF 24.3 DEGREES WAS TIED FOR 3RD
WARMEST ON RECORD.
MONTHLY MEAN TEMPERATURE OF 34.5 DEGREES WAS THE 5TH WARMEST ON RECORD.
THE WINTER (DEC-FEB) MEAN TEMPERATURE OF 28.1 DEGREES WAS THE 4TH WARMEST
ON RECORD.
#FINAL-02-24#