000
CXUS52 KMFL 011130
CF6MIA
PRELIMINARY LOCAL CLIMATOLOGICAL DATA (WS FORM: F-6)
STATION: MIAMI
MONTH: FEBRUARY
YEAR: 2024
LATITUDE: 25 49 N
LONGITUDE: 80 17 W
TEMPERATURE IN F: :PCPN: SNOW: WIND :SUNSHINE: SKY :PK WND
================================================================================
1 2 3 4 5 6A 6B 7 8 9 10 11 12 13 14 15 16 17 18
12Z AVG MX 2MIN
DY MAX MIN AVG DEP HDD CDD WTR SNW DPTH SPD SPD DIR MIN PSBL S-S WX SPD DR
================================================================================
1 74 56 65 -4 0 0 0.00 0.0 0 5.2 12 340 M M 4 16 330
2 77 61 69 0 0 4 0.00 0.0 0 4.4 14 150 M M 7 27 150
3 78 57 68 -2 0 3 0.00 0.0 0 5.2 16 160 M M 3 36 170
4 75 62 69 -1 0 4 0.73 0.0 0 8.8 25 270 M M 6 13 37 280
5 68 60 64 -6 1 0 0.13 0.0 0 4.5 16 70 M M 8 1 23 330
6 71 57 64 -6 1 0 0.00 0.0 0 11.8 18 340 M M 7 32 360
7 77 56 67 -3 0 2 0.00 0.0 0 8.7 16 40 M M 3 28 300
8 77 59 68 -2 0 3 T 0.0 0 6.7 18 100 M M 6 25 80
9 76 68 72 2 0 7 0.00 0.0 0 9.6 20 110 M M 8 28 120
10 78 68 73 3 0 8 0.00 0.0 0 11.6 20 130 M M 8 28 140
11 80 71 76 6 0 11 0.05 0.0 0 10.8 20 130 M M 5 1 33 170
12 85 72 79 9 0 14 T 0.0 0 10.2 23 200 M M 5 37 180
13 82 63 73 2 0 8 0.10 0.0 0 6.8 13 270 M M 6 1 19 310
14 80 58 69 -2 0 4 0.00 0.0 0 7.2 16 80 M M 3 26 90
15 78 63 71 0 0 6 0.00 0.0 0 7.4 15 110 M M 4 26 90
16 79 66 73 2 0 8 0.00 0.0 0 6.0 15 120 M M 5 27 140
17 84 66 75 4 0 10 T 0.0 0 6.0 16 210 M M 8 24 190
18 76 63 70 -1 0 5 1.88 0.0 0 6.3 22 220 M M 10 13 38 330
19 70 58 64 -7 1 0 0.11 0.0 0 8.7 18 310 M M 7 1 30 310
20 70 54 62 -9 3 0 0.00 0.0 0 5.4 13 290 M M 0 21 10
21 74 55 65 -6 0 0 0.00 0.0 0 6.5 15 340 M M 1 25 20
22 77 56 67 -5 0 2 0.00 0.0 0 4.7 12 120 M M 3 17 160
23 79 56 68 -4 0 3 0.00 0.0 0 6.7 18 220 M M 3 28 220
24 76 60 68 -4 0 3 0.03 0.0 0 6.4 16 320 M M 6 1 27 310
25 77 54 66 -6 0 1 0.00 0.0 0 4.7 13 340 M M 0 19 150
26 76 56 66 -6 0 1 0.00 0.0 0 5.9 14 130 M M 2 23 110
27 78 59 69 -3 0 4 0.00 0.0 0 7.7 16 100 M M 3 27 140
28 80 68 74 2 0 9 0.00 0.0 0 9.9 18 150 M M 4 32 150
29 81 66 74 2 0 9 T 0.0 0 6.2 13 110 M M 7 18 80
================================================================================
SM 2233 1768 6 129 3.03 0.0 210.0 M 142
================================================================================
AV 77.0 61.0 7.2 FASTST M M 5 MAX(MPH)
MISC ----> 25 270 38 330
================================================================================
NOTES:
# LAST OF SEVERAL OCCURRENCES
COLUMN 17 PEAK WIND IN M.P.H.
PRELIMINARY LOCAL CLIMATOLOGICAL DATA (WS FORM: F-6) , PAGE 2
STATION: MIAMI
MONTH: FEBRUARY
YEAR: 2024
LATITUDE: 25 49 N
LONGITUDE: 80 17 W
[TEMPERATURE DATA] [PRECIPITATION DATA] SYMBOLS USED IN COLUMN 16
AVERAGE MONTHLY: 69.0 TOTAL FOR MONTH: 3.03 1 = FOG OR MIST
DPTR FM NORMAL: -1.7 DPTR FM NORMAL: 0.88 2 = FOG REDUCING VISIBILITY
HIGHEST: 85 ON 12 GRTST 24HR 1.99 ON 18-19 TO 1/4 MILE OR LESS
LOWEST: 54 ON 25,20 3 = THUNDER
SNOW, ICE PELLETS, HAIL 4 = ICE PELLETS
TOTAL MONTH: 0.0 INCH 5 = HAIL
GRTST 24HR 0.0 6 = FREEZING RAIN OR DRIZZLE
GRTST DEPTH: 0 7 = DUSTSTORM OR SANDSTORM:
VSBY 1/2 MILE OR LESS
8 = SMOKE OR HAZE
[NO. OF DAYS WITH] [WEATHER - DAYS WITH] 9 = BLOWING SNOW
X = TORNADO
MAX 32 OR BELOW: 0 0.01 INCH OR MORE: 7
MAX 90 OR ABOVE: 0 0.10 INCH OR MORE: 5
MIN 32 OR BELOW: 0 0.50 INCH OR MORE: 2
MIN 0 OR BELOW: 0 1.00 INCH OR MORE: 1
[HDD (BASE 65) ]
TOTAL THIS MO. 6 CLEAR (SCALE 0-3) 6
DPTR FM NORMAL -16 PTCLDY (SCALE 4-7) 20
TOTAL FM JUL 1 25 CLOUDY (SCALE 8-10) 3
DPTR FM NORMAL -72
[CDD (BASE 65) ]
TOTAL THIS MO. 129
DPTR FM NORMAL -53 [PRESSURE DATA]
TOTAL FM JAN 1 329 HIGHEST SLP 30.26 ON 20
DPTR FM NORMAL -9 LOWEST SLP 29.49 ON 5
[REMARKS]
#FINAL-02-24#