000
CXUS53 KMKX 011517
CLMMKE
CLIMATE REPORT
NATIONAL WEATHER SERVICE MILWAUKEE/SULLIVAN WI
1017 AM CDT TUE AUG 01 2023
...................................
...THE MILWAUKEE WI CLIMATE SUMMARY FOR THE MONTH OF JULY 2023...
CLIMATE NORMAL PERIOD 1991 TO 2020
CLIMATE RECORD PERIOD 1871 TO 2023
WEATHER OBSERVED NORMAL DEPART LAST YEAR`S
VALUE DATE(S) VALUE FROM VALUE DATE(S)
NORMAL
................................................................
TEMPERATURE (F)
RECORD
HIGH 105 07/24/1934
LOW 40 07/01/1965
HIGHEST 91 07/05 94 -3 93 07/21
07/14
07/25
LOWEST 59 07/13 52 7 58 07/10
AVG. MAXIMUM 82.1 81.9 0.2 81.8
AVG. MINIMUM 65.9 64.7 1.2 66.1
MEAN 74.0 73.3 0.7 74.0
DAYS MAX >= 90 5 3.6 1.4 5
DAYS MAX <= 32 0 0.0 0.0 0
DAYS MIN <= 32 0 0.0 0.0 0
DAYS MIN <= 0 0 0.0 0.0 0
PRECIPITATION (INCHES)
RECORD
MAXIMUM 10.93 2010
MINIMUM 0.28 1936
TOTALS 4.33 3.40 0.93 4.79
DAILY AVG. 0.14 0.11 0.03 0.15
DAYS >= .01 9 9.5 -0.5 13
DAYS >= .10 5 5.7 -0.7 7
DAYS >= .50 3 2.1 0.9 3
DAYS >= 1.00 2 0.8 1.2 1
GREATEST
24 HR. TOTAL 1.58 07/12 TO 07/12 1.86 07/05 TO 07/06
DEGREE DAYS
HEATING TOTAL 0 6 -6 0
SINCE 7/1 0 0 0 0
COOLING TOTAL 288 263 25 285
SINCE 1/1 446 444 2 544
................................................................
WIND (MPH)
AVERAGE WIND SPEED 7.8
HIGHEST WIND SPEED/DIRECTION 33/320 DATE 07/28
HIGHEST GUST SPEED/DIRECTION 49/320 DATE 07/28
SKY COVER
AVERAGE SKY COVER 0.48
NUMBER OF DAYS FAIR 9
NUMBER OF DAYS PC 19
NUMBER OF DAYS CLOUDY 3
AVERAGE RH (PERCENT) 65
WEATHER CONDITIONS. NUMBER OF DAYS WITH
THUNDERSTORM 7 MIXED PRECIP 0
HEAVY RAIN 3 RAIN 5
LIGHT RAIN 9 FREEZING RAIN 0
LT FREEZING RAIN 0 HAIL 0
HEAVY SNOW 0 SNOW 0
LIGHT SNOW 0 SLEET 0
FOG 8 FOG W/VIS <= 1/4 MILE 0
HAZE 9
- INDICATES NEGATIVE NUMBERS.
R INDICATES RECORD WAS SET OR TIED.
MM INDICATES DATA IS MISSING.
T INDICATES TRACE AMOUNT.
$$