000
CXUS53 KGRR 010910
CF6MKG
PRELIMINARY LOCAL CLIMATOLOGICAL DATA (WS FORM: F-6)
STATION: MUSKEGON
MONTH: APRIL
YEAR: 2021
LATITUDE: 43 10 N
LONGITUDE: 86 14 W
TEMPERATURE IN F: :PCPN: SNOW: WIND :SUNSHINE: SKY :PK WND
================================================================================
1 2 3 4 5 6A 6B 7 8 9 10 11 12 13 14 15 16 17 18
12Z AVG MX 2MIN
DY MAX MIN AVG DEP HDD CDD WTR SNW DPTH SPD SPD DIR MIN PSBL S-S WX SPD DR
================================================================================
1 39 23 31 -10 34 0 T T 0 12.7 24 350 M M 4 1 35 290
2 45 17 31 -10 34 0 0.00 0.0 0 5.9 16 250 M M 1 22 240
3 60 37 49 7 16 0 0.00 0.0 0 12.3 25 190 M M 1 39 190
4 73 33 53 11 12 0 0.00 0.0 0 5.6 16 110 M M 3 18 21 210
5 71 51 61 19 4 0 0.19 0.0 0 11.1 24 340 M M 6 13 35 340
6 74 55 65 22 0 0 0.01 0.0 0 10.8 20 200 M M 5 30 190
7 80 55 68 25 0 3 T 0.0 0 10.8 21 140 M M 7 28 130
8 75 50 63 19 2 0 0.43 0.0 0 11.3 20 190 M M 7 138 34 200
9 64 50 57 13 8 0 0.04 0.0 0 10.4 25 180 M M 9 18 37 170
10 66 44 55 11 10 0 0.74 0.0 0 7.1 22 90 M M 7 18 33 110
11 58 47 53 8 12 0 0.04 0.0 0 5.6 12 330 M M 9 17 170
12 58 42 50 5 15 0 0.00 0.0 0 7.6 20 210 M M 5 24 210
13 52 34 43 -3 22 0 0.00 0.0 0 7.4 18 260 M M 4 26 260
14 45 35 40 -6 25 0 0.00 0.0 0 8.9 15 270 M M 7 23 260
15 47 39 43 -3 22 0 0.01 0.0 0 13.3 25 330 M M 10 36 330
16 49 38 44 -3 21 0 0.00 0.0 0 9.5 20 290 M M 7 27 300
17 53 34 44 -3 21 0 0.00 0.0 0 5.9 16 300 M M 2 22 290
18 57 28 43 -5 22 0 T 0.0 0 5.1 15 200 M M 5 20 200
19 52 38 45 -3 20 0 0.09 0.0 0 13.4 21 340 M M 8 1 30 210
20 42 33 38 -10 27 0 0.00 0.0 0 9.7 17 280 M M 8 24 290
21 44 27 36 -13 29 0 0.01 0.1 0 6.7 17 330 M M 5 24 290
22 45 30 38 -11 27 0 0.00 0.0 0 8.3 17 240 M M 2 24 280
23 59 34 47 -3 18 0 0.00 0.0 0 9.8 18 210 M M 3 28 250
24 58 42 50 0 15 0 0.01 0.0 0 6.4 18 340 M M 8 18 25 340
25 47 36 42 -8 23 0 0.00 0.0 0 12.7 23 290 M M 7 36 280
26 67 39 53 2 12 0 T 0.0 0 16.2 26 110 M M 9 36 120
27 73 53 63 12 2 0 0.00 0.0 0 11.0 20 200 M M 8 27 200
28 67 44 56 5 9 0 T 0.0 0 6.9 22 170 M M 6 29 180
29 62 46 54 2 11 0 T 0.0 0 6.7 18 290 M M 7 26 300
30 53 33 43 -9 22 0 0.05 0.0 0 11.4 28 330 M M 4 1 39 330
================================================================================
SM 1735 1167 495 3 1.62 0.1 280.5 M 174
================================================================================
AV 57.8 38.9 9.4 FASTST M M 6 MAX(MPH)
MISC ----> 28 330 # 39 190
================================================================================
NOTES:
# LAST OF SEVERAL OCCURRENCES
COLUMN 17 PEAK WIND IN M.P.H.
PRELIMINARY LOCAL CLIMATOLOGICAL DATA (WS FORM: F-6) , PAGE 2
STATION: MUSKEGON
MONTH: APRIL
YEAR: 2021
LATITUDE: 43 10 N
LONGITUDE: 86 14 W
[TEMPERATURE DATA] [PRECIPITATION DATA] SYMBOLS USED IN COLUMN 16
AVERAGE MONTHLY: 48.4 TOTAL FOR MONTH: 1.62 1 = FOG OR MIST
DPTR FM NORMAL: 1.8 DPTR FM NORMAL: -1.29 2 = FOG REDUCING VISIBILITY
HIGHEST: 80 ON 7 GRTST 24HR 0.78 ON 10-11 TO 1/4 MILE OR LESS
LOWEST: 17 ON 2 3 = THUNDER
SNOW, ICE PELLETS, HAIL 4 = ICE PELLETS
TOTAL MONTH: 0.1 INCH 5 = HAIL
GRTST 24HR 0.1 ON 21-21 6 = FREEZING RAIN OR DRIZZLE
GRTST DEPTH: 0 7 = DUSTSTORM OR SANDSTORM:
VSBY 1/2 MILE OR LESS
8 = SMOKE OR HAZE
[NO. OF DAYS WITH] [WEATHER - DAYS WITH] 9 = BLOWING SNOW
X = TORNADO
MAX 32 OR BELOW: 0 0.01 INCH OR MORE: 11
MAX 90 OR ABOVE: 0 0.10 INCH OR MORE: 3
MIN 32 OR BELOW: 5 0.50 INCH OR MORE: 1
MIN 0 OR BELOW: 0 1.00 INCH OR MORE: 0
[HDD (BASE 65) ]
TOTAL THIS MO. 495 CLEAR (SCALE 0-3) 5
DPTR FM NORMAL -61 PTCLDY (SCALE 4-7) 21
TOTAL FM JUL 1 5671 CLOUDY (SCALE 8-10) 4
DPTR FM NORMAL -547
[CDD (BASE 65) ]
TOTAL THIS MO. 3
DPTR FM NORMAL -1 [PRESSURE DATA]
TOTAL FM JAN 1 3 HIGHEST SLP 30.59 ON 2
DPTR FM NORMAL -1 LOWEST SLP 29.33 ON 11
[REMARKS]
#FINAL-04-21#