000
CXUS54 KFWD 010830
CF6MKN
PRELIMINARY LOCAL CLIMATOLOGICAL DATA (WS FORM: F-6)
STATION: COMANCHE
MONTH: DECEMBER
YEAR: 2022
LATITUDE: 31 55 N
LONGITUDE: 98 36 W
TEMPERATURE IN F: :PCPN: SNOW: WIND :SUNSHINE: SKY :PK WND
================================================================================
1 2 3 4 5 6A 6B 7 8 9 10 11 12 13 14 15 16 17 18
12Z AVG MX 2MIN
DY MAX MIN AVG DEP HDD CDD WTR SNW DPTH SPD SPD DIR MIN PSBL S-S WX SPD DR
================================================================================
1 53 32 43 M 22 0 0.00 M M 5.7 13 180 M M 7 1 17 160
2 77 48 63 M 2 0 0.01 M M 11.5 24 210 M M 5 1 36 210
3 63 41 52 M 13 0 0.00 M M 9.6 20 340 M M 0 26 340
4 58 40 49 M 16 0 0.00 M M 5.2 8 190 M M 9 M M
5 79 55 67 M 0 2 0.00 M M 12.8 23 230 M M 3 39 230
6 78 61 70 M 0 5 0.00 M M 7.2 17 210 M M 3 23 210
7 78 65 72 M 0 7 0.02 M M 7.6 12 190 M M 9 1 18 150
8 78 64 71 M 0 6 0.00 M M 6.6 10 250 M M 7 16 240
9 75 59 67 M 0 2 0.00 M M 3.3 9 150 M M 9 128 M M
10 76 55 66 M 0 1 0.44 M M 7.3 17 10 M M 9 13 21 10
11 57 51 54 M 11 0 0.05 M M 4.2 10 140 M M 10 1 M M
12 67 54 61 M 4 0 0.00 M M 11.4 16 160 M M 10 1 26 160
13 69 51 60 M 5 0 0.11 M M 11.1 20 160 M M 5 3 25 170
14 59 37 48 M 17 0 0.00 M M 8.7 16 310 M M 4 24 290
15 63 34 49 M 16 0 0.00 M M 2.4 9 40 M M 0 8 M M
16 49 33 41 M 24 0 0.00 M M 5.3 9 20 M M 3 8 M M
17 57 32 45 M 20 0 0.00 M M 4.6 8 270 M M 0 8 M M
18 58 29 44 M 21 0 0.00 M M 8.8 16 160 M M 4 8 22 160
19 51 43 47 M 18 0 0.00 M M 8.5 12 170 M M 10 1 17 160
20 46 34 40 M 25 0 0.00 M M 6.2 10 20 M M 9 1 M M
21 47 32 40 M 25 0 0.00 M M 4.6 10 200 M M 7 12 M M
22 44 17 31 M 34 0 0.00 M M 13.0 29 350 M M 2 1 38 350
23 M M M M M M 0.00 M M M M M M M 0 M M
24 M M M M M M 0.00 M M M M M M M 0 M M
25 M M M M M M 0.00 M M M M M M M 0 M M
26 61 37 49 M 16 0 0.00 M M 9.3 16 20 M M 0 26 20
27 64 25 45 M 20 0 0.00 M M 7.9 20 180 M M 0 26 180
28 76 44 60 M 5 0 0.00 M M 17.2 29 200 M M 0 38 210
29 65 51 58 M 7 0 0.00 M M 5.8 15 190 M M 3 20 200
30 62 45 54 M 11 0 0.00 M M 3.7 9 230 M M 4 16 160
31 76 46 61 M 4 0 0.00 M M 12.4 21 240 M M 0 29 240
================================================================================
SM 1786 1215 336 23 0.63 M 221.9 M 132
================================================================================
AV 63.8 43.4 7.9 FASTST M M 4 MAX(MPH)
MISC ----> # 29 350 39 230
================================================================================
NOTES:
# LAST OF SEVERAL OCCURRENCES
COLUMN 17 PEAK WIND IN M.P.H.
PRELIMINARY LOCAL CLIMATOLOGICAL DATA (WS FORM: F-6) , PAGE 2
STATION: COMANCHE
MONTH: DECEMBER
YEAR: 2022
LATITUDE: 31 55 N
LONGITUDE: 98 36 W
[TEMPERATURE DATA] [PRECIPITATION DATA] SYMBOLS USED IN COLUMN 16
AVERAGE MONTHLY: 53.6 TOTAL FOR MONTH: 0.63 1 = FOG OR MIST
DPTR FM NORMAL: 0.0 DPTR FM NORMAL: -0.89 2 = FOG REDUCING VISIBILITY
HIGHEST: 79 ON 5 GRTST 24HR 0.44 ON 10-10 TO 1/4 MILE OR LESS
LOWEST: 17 ON 22 3 = THUNDER
SNOW, ICE PELLETS, HAIL 4 = ICE PELLETS
TOTAL MONTH: M 5 = HAIL
GRTST 24HR M ON M 6 = FREEZING RAIN OR DRIZZLE
GRTST DEPTH: M ON M 7 = DUSTSTORM OR SANDSTORM:
VSBY 1/2 MILE OR LESS
8 = SMOKE OR HAZE
[NO. OF DAYS WITH] [WEATHER - DAYS WITH] 9 = BLOWING SNOW
X = TORNADO
MAX 32 OR BELOW: 0 0.01 INCH OR MORE: 5
MAX 90 OR ABOVE: 0 0.10 INCH OR MORE: 2
MIN 32 OR BELOW: 6 0.50 INCH OR MORE: 0
MIN 0 OR BELOW: 0 1.00 INCH OR MORE: 0
[HDD (BASE 65) ]
TOTAL THIS MO. 336 CLEAR (SCALE 0-3) 15
DPTR FM NORMAL M PTCLDY (SCALE 4-7) 8
TOTAL FM JUL 1 728 CLOUDY (SCALE 8-10) 8
DPTR FM NORMAL M
[CDD (BASE 65) ]
TOTAL THIS MO. 23
DPTR FM NORMAL M [PRESSURE DATA]
TOTAL FM JAN 1 3095 HIGHEST SLP M ON M
DPTR FM NORMAL M LOWEST SLP M ON M
[REMARKS]
#FINAL-12-22#