000
CXUS53 KMPX 012207
CF6MKT
PRELIMINARY LOCAL CLIMATOLOGICAL DATA (WS FORM: F-6)
STATION: MANKATO MN
MONTH: NOVEMBER
YEAR: 2022
LATITUDE: 44 13 N
LONGITUDE: 93 55 W
TEMPERATURE IN F: :PCPN: SNOW: WIND :SUNSHINE: SKY :PK WND
================================================================================
1 2 3 4 5 6A 6B 7 8 9 10 11 12 13 14 15 16 17 18
12Z AVG MX 2MIN
DY MAX MIN AVG DEP HDD CDD WTR SNW DPTH SPD SPD DIR MIN PSBL S-S WX SPD DR
================================================================================
1 72 40 56 15 9 0 0.00 M M 9.4 14 150 M M 0 M M
2 75 51 63 22 2 0 0.00 M M 15.9 27 180 M M 0 45 190
3 66 42 54 14 11 0 0.00 M M 12.8 16 190 M M 8 13 25 180
4 42 32 37 -3 28 0 0.44 M M 9.4 16 290 M M 6 22 310
5 42 28 35 -4 30 0 0.00 M M 8.4 13 300 M M 5 M M
6 53 34 44 5 21 0 0.00 M M 15.6 29 260 M M 2 48 290
7 34 22 28 -10 37 0 0.00 M M 9.2 15 300 M M 3 M M
8 53 32 43 5 22 0 0.00 M M 21.2 32 140 M M 9 1 44 140
9 66 49 58 21 7 0 0.50 M M 13.7 20 190 M M 9 31 210
10 66 23 45 8 20 0 T M M 18.6 28 250 M M 9 36 260
11 27 21 24 -12 41 0 T M M 18.6 25 310 M M 10 36 300
12 27 22 25 -11 40 0 T M M 11.7 17 310 M M 10 M M
13 26 22 24 -11 41 0 T M M 5.8 10 110 M M 8 M M
14 31 24 28 -6 37 0 0.02 M M 7.9 14 130 M M 9 1 M M
15 32 25 29 -5 36 0 0.24 M M 5.1 12 300 M M 10 1 M M
16 31 17 24 -9 41 0 0.13 M M 9.8 15 310 M M 8 1 M M
17 28 17 23 -10 42 0 0.01 M M 16.3 24 310 M M 10 1 32 300
18 23 13 18 -14 47 0 T M M 17.4 24 240 M M 6 30 230
19 23 8 16 -16 49 0 T M M 17.8 29 300 M M 5 39 290
20 34 9 22 -9 43 0 T M M 8.6 14 230 M M 1 M M
21 33 17 25 -5 40 0 0.00 M M 7.6 15 320 M M 0 M M
22 41 15 28 -2 37 0 0.00 M M 5.2 9 180 M M 1 1 M M
23 44 22 33 4 32 0 0.00 M M 7.8 13 150 M M 0 M M
24 40 31 36 7 29 0 0.00 M M 10.5 20 320 M M 2 1 M M
25 51 27 39 11 26 0 0.00 M M 9.6 14 200 M M 0 M M
26 56 35 46 18 19 0 0.00 M M 10.9 17 190 M M 0 23 190
27 40 23 32 5 33 0 0.00 M M 9.0 14 350 M M 0 M M
28 45 22 34 7 31 0 0.00 M M 10.9 18 190 M M 1 31 170
29 32 19 26 0 39 0 0.02 M M 14.9 22 310 M M 8 12 31 290
30 20 6 13 -13 52 0 0.41 M M 16.8 29 290 M M 3 8 39 290
================================================================================
SM 1253 748 942 0 1.77 M 356.4 M 143
================================================================================
AV 41.8 24.9 11.9 FASTST M M 5 MAX(MPH)
MISC ----> 32 140 48 290
================================================================================
NOTES:
# LAST OF SEVERAL OCCURRENCES
COLUMN 17 PEAK WIND IN M.P.H.
PRELIMINARY LOCAL CLIMATOLOGICAL DATA (WS FORM: F-6) , PAGE 2
STATION: MANKATO MN
MONTH: NOVEMBER
YEAR: 2022
LATITUDE: 44 13 N
LONGITUDE: 93 55 W
[TEMPERATURE DATA] [PRECIPITATION DATA] SYMBOLS USED IN COLUMN 16
AVERAGE MONTHLY: 33.4 TOTAL FOR MONTH: 1.77 1 = FOG OR MIST
DPTR FM NORMAL: -0.2 DPTR FM NORMAL: -0.17 2 = FOG REDUCING VISIBILITY
HIGHEST: 75 ON 2 GRTST 24HR 0.50 ON 9- 9 TO 1/4 MILE OR LESS
LOWEST: 6 ON 30 3 = THUNDER
SNOW, ICE PELLETS, HAIL 4 = ICE PELLETS
TOTAL MONTH: M 5 = HAIL
GRTST 24HR M ON M 6 = FREEZING RAIN OR DRIZZLE
GRTST DEPTH: M ON M 7 = DUSTSTORM OR SANDSTORM:
VSBY 1/2 MILE OR LESS
8 = SMOKE OR HAZE
[NO. OF DAYS WITH] [WEATHER - DAYS WITH] 9 = BLOWING SNOW
X = TORNADO
MAX 32 OR BELOW: 11 0.01 INCH OR MORE: 8
MAX 90 OR ABOVE: 0 0.10 INCH OR MORE: 5
MIN 32 OR BELOW: 24 0.50 INCH OR MORE: 1
MIN 0 OR BELOW: 0 1.00 INCH OR MORE: 0
[HDD (BASE 65) ]
TOTAL THIS MO. 942 CLEAR (SCALE 0-3) 13
DPTR FM NORMAL -2 PTCLDY (SCALE 4-7) 6
TOTAL FM JUL 1 1517 CLOUDY (SCALE 8-10) 11
DPTR FM NORMAL -155
[CDD (BASE 65) ]
TOTAL THIS MO. 0
DPTR FM NORMAL 0 [PRESSURE DATA]
TOTAL FM JAN 1 790 HIGHEST SLP M ON M
DPTR FM NORMAL 136 LOWEST SLP M ON M
[REMARKS]
#FINAL-11-22#
THE DAILY PRECIPITATION VALUES ARE FROM COCORAHS
STATION MN-BU-23 WITH AN OBSERVATION TIME OF 7AM.