000
CXUS53 KDVN 011000
CF6MLI
PRELIMINARY LOCAL CLIMATOLOGICAL DATA (WS FORM: F-6)
STATION: MOLINE IL
MONTH: MAY
YEAR: 2022
LATITUDE: 41 27 N
LONGITUDE: 90 31 W
TEMPERATURE IN F: :PCPN: SNOW: WIND :SUNSHINE: SKY :PK WND
================================================================================
1 2 3 4 5 6A 6B 7 8 9 10 11 12 13 14 15 16 17 18
12Z AVG MX 2MIN
DY MAX MIN AVG DEP HDD CDD WTR SNW DPTH SPD SPD DIR MIN PSBL S-S WX SPD DR
================================================================================
1 54 47 51 -6 14 0 T 0.0 0 17.0 28 270 M M 10 1 36 250
2 59 47 53 -5 12 0 0.03 0.0 0 9.5 21 290 M M 8 1 30 280
3 52 46 49 -9 16 0 0.59 0.0 0 12.0 21 80 M M 10 18 29 40
4 63 36 50 -8 15 0 0.00 0.0 0 6.3 15 120 M M 1 23 60
5 59 50 55 -4 10 0 0.13 0.0 0 9.2 16 60 M M 9 1 20 60
6 59 43 51 -8 14 0 0.22 0.0 0 9.4 23 50 M M 8 1 32 50
7 71 39 55 -4 10 0 0.00 0.0 0 7.1 17 100 M M 0 25 80
8 72 47 60 0 5 0 0.00 0.0 0 14.6 26 140 M M 3 35 140
9 88 61 75 15 0 10 0.00 0.0 0 17.1 29 160 M M 2 42 170
10 93 73 83 23 0 18 0.00 0.0 0 11.0 22 180 M M 1 29 170
11 95 72 84 23 0 19 0.00 0.0 0 7.1 17 170 M M 1 18 22 160
12 95 75 85 24 0 20 0.00 0.0 0 11.0 21 170 M M 1 18 30 150
13 94 66 80 18 0 15 0.00 0.0 0 5.8 23 300 M M 1 3 31 300
14 90 60 75 13 0 10 T 0.0 0 2.7 10 120 M M 1 1 16 110
15 73 55 64 2 1 0 0.11 0.0 0 6.0 29 310 M M 5 41 300
16 82 48 65 3 0 0 0.00 0.0 0 9.0 28 310 M M 1 42 250
17 72 48 60 -3 5 0 0.02 0.0 0 7.1 18 80 M M 4 24 80
18 75 56 66 3 0 1 0.02 0.0 0 6.4 15 90 M M 6 1 19 100
19 88 57 73 9 0 8 0.00 0.0 0 9.9 21 180 M M 0 28 160
20 78 57 68 4 0 3 0.00 0.0 0 7.9 20 320 M M 7 3 27 320
21 66 51 59 -5 6 0 0.03 0.0 0 7.2 16 320 M M 6 3 25 320
22 69 42 56 -9 9 0 0.00 0.0 0 8.4 22 270 M M 1 28 280
23 70 47 59 -6 6 0 0.00 0.0 0 6.5 20 90 M M 1 25 100
24 73 51 62 -3 3 0 0.22 0.0 0 14.5 28 80 M M 8 1 37 90
25 77 53 65 -1 0 0 0.95 0.0 0 9.1 17 200 M M 8 13 27 240
26 79 63 71 5 0 6 0.11 0.0 0 5.6 26 210 M M 6 13 37 210
27 70 55 63 -3 2 0 0.00 0.0 0 6.5 18 340 M M 7 26 320
28 78 52 65 -2 0 0 0.00 0.0 0 9.8 22 150 M M 0 27 150
29 88 64 76 9 0 11 0.00 0.0 0 14.3 25 180 M M 0 39 170
30 90 71 81 14 0 16 0.00 0.0 0 16.7 29 180 M M 0 48 170
31 83 71 77 9 0 12 0.18 0.0 0 10.1 22 220 M M 5 13 34 230
================================================================================
SM 2355 1703 128 149 2.61 0.0 294.8 M 121
================================================================================
AV 76.0 54.9 9.5 FASTST M M 4 MAX(MPH)
MISC ----> # 29 160 48 170
================================================================================
NOTES:
# LAST OF SEVERAL OCCURRENCES
COLUMN 17 PEAK WIND IN M.P.H.
PRELIMINARY LOCAL CLIMATOLOGICAL DATA (WS FORM: F-6) , PAGE 2
STATION: MOLINE IL
MONTH: MAY
YEAR: 2022
LATITUDE: 41 27 N
LONGITUDE: 90 31 W
[TEMPERATURE DATA] [PRECIPITATION DATA] SYMBOLS USED IN COLUMN 16
AVERAGE MONTHLY: 65.5 TOTAL FOR MONTH: 2.61 1 = FOG OR MIST
DPTR FM NORMAL: 3.0 DPTR FM NORMAL: -2.06 2 = FOG REDUCING VISIBILITY
HIGHEST: 95 ON 12,11 GRTST 24HR 1.17 ON 24-25 TO 1/4 MILE OR LESS
LOWEST: 36 ON 4 3 = THUNDER
SNOW, ICE PELLETS, HAIL 4 = ICE PELLETS
TOTAL MONTH: 0.0 INCH 5 = HAIL
GRTST 24HR 0.0 6 = FREEZING RAIN OR DRIZZLE
GRTST DEPTH: 0 7 = DUSTSTORM OR SANDSTORM:
VSBY 1/2 MILE OR LESS
8 = SMOKE OR HAZE
[NO. OF DAYS WITH] [WEATHER - DAYS WITH] 9 = BLOWING SNOW
X = TORNADO
MAX 32 OR BELOW: 0 0.01 INCH OR MORE: 12
MAX 90 OR ABOVE: 6 0.10 INCH OR MORE: 8
MIN 32 OR BELOW: 0 0.50 INCH OR MORE: 2
MIN 0 OR BELOW: 0 1.00 INCH OR MORE: 0
[HDD (BASE 65) ]
TOTAL THIS MO. 128 CLEAR (SCALE 0-3) 16
DPTR FM NORMAL -25 PTCLDY (SCALE 4-7) 11
TOTAL FM JUL 1 5755 CLOUDY (SCALE 8-10) 4
DPTR FM NORMAL -253
[CDD (BASE 65) ]
TOTAL THIS MO. 149
DPTR FM NORMAL 73 [PRESSURE DATA]
TOTAL FM JAN 1 159 HIGHEST SLP 30.36 ON 23
DPTR FM NORMAL 70 LOWEST SLP 29.31 ON 20
[REMARKS]
#FINAL-05-22#