000
CXUS53 KDVN 011003
CF6MLI
PRELIMINARY LOCAL CLIMATOLOGICAL DATA (WS FORM: F-6)
STATION: MOLINE IL
MONTH: MARCH
YEAR: 2021
LATITUDE: 41 27 N
LONGITUDE: 90 31 W
TEMPERATURE IN F: :PCPN: SNOW: WIND :SUNSHINE: SKY :PK WND
================================================================================
1 2 3 4 5 6A 6B 7 8 9 10 11 12 13 14 15 16 17 18
12Z AVG MX 2MIN
DY MAX MIN AVG DEP HDD CDD WTR SNW DPTH SPD SPD DIR MIN PSBL S-S WX SPD DR
================================================================================
1 36 20 28 -4 37 0 0.00 0.0 1 7.3 17 300 M M 0 24 300
2 50 18 34 1 31 0 0.00 0.0 1 7.8 18 210 M M 0 24 220
3 58 30 44 11 21 0 0.00 0.0 T 4.4 15 210 M M 0 22 220
4 45 25 35 1 30 0 0.00 0.0 T 9.0 18 70 M M 1 18 25 110
5 49 23 36 2 29 0 0.00 0.0 0 3.6 9 360 M M 3 12 360
6 57 29 43 8 22 0 0.00 0.0 0 3.0 10 70 M M 4 18 12 60
7 64 27 46 11 19 0 0.00 0.0 0 9.3 20 220 M M 0 28 180
8 68 43 56 20 9 0 0.00 0.0 0 8.9 20 250 M M 3 26 230
9 71 44 58 22 7 0 0.00 0.0 0 10.4 26 170 M M 0 37 160
10 71 54 63 27 2 0 0.08 0.0 0 17.4 30 210 M M 5 1 45 180
11 56 32 44 7 21 0 0.00 0.0 0 10.6 24 280 M M 2 31 280
12 53 28 41 4 24 0 0.00 0.0 0 2.6 12 20 M M 0 17 40
13 61 28 45 7 20 0 0.00 0.0 0 3.3 12 150 M M 0 18 130
14 50 37 44 6 21 0 0.00 0.0 0 14.9 28 70 M M 8 37 70
15 39 31 35 -4 30 0 0.98 1.8 0 15.2 31 80 M M 10 146 41 80
16 37 33 35 -4 30 0 0.00 0.0 2 6.0 10 80 M M 10 1 13 80
17 37 35 36 -4 29 0 0.42 0.0 T 11.6 23 30 M M 10 12 30 20
18 53 36 45 5 20 0 0.00 0.0 0 16.9 32 40 M M 5 44 30
19 53 27 40 0 25 0 0.00 0.0 0 8.0 15 100 M M 0 23 40
20 60 21 41 0 24 0 0.00 0.0 0 6.4 15 140 M M 0 22 150
21 68 38 53 12 12 0 0.00 0.0 0 12.5 24 170 M M 0 35 170
22 64 47 56 14 9 0 T 0.0 0 8.5 18 190 M M 3 28 190
23 57 46 52 10 13 0 0.53 0.0 0 9.9 22 230 M M 8 1 30 230
24 56 44 50 7 15 0 T 0.0 0 14.3 24 260 M M 10 18 34 280
25 47 42 45 2 20 0 0.37 0.0 0 7.4 16 30 M M 10 1 22 30
26 49 37 43 0 22 0 T 0.0 0 3.4 8 80 M M 9 18 10 80
27 65 42 54 10 11 0 0.14 0.0 0 11.7 30 300 M M 8 1 44 310
28 48 27 38 -6 27 0 0.00 0.0 0 14.5 28 300 M M 4 39 300
29 71 28 50 5 15 0 0.00 0.0 0 17.2 31 180 M M 0 46 190
30 58 39 49 4 16 0 0.00 0.0 0 14.8 25 310 M M 3 34 320
31 41 30 36 -10 29 0 0.00 0.0 0 16.1 28 310 M M 3 37 330
================================================================================
SM 1692 1041 640 0 2.52 1.8 306.9 M 119
================================================================================
AV 54.6 33.6 9.9 FASTST M M 4 MAX(MPH)
MISC ----> 32 40 46 190
================================================================================
NOTES:
# LAST OF SEVERAL OCCURRENCES
COLUMN 17 PEAK WIND IN M.P.H.
PRELIMINARY LOCAL CLIMATOLOGICAL DATA (WS FORM: F-6) , PAGE 2
STATION: MOLINE IL
MONTH: MARCH
YEAR: 2021
LATITUDE: 41 27 N
LONGITUDE: 90 31 W
[TEMPERATURE DATA] [PRECIPITATION DATA] SYMBOLS USED IN COLUMN 16
AVERAGE MONTHLY: 44.1 TOTAL FOR MONTH: 2.52 1 = FOG OR MIST
DPTR FM NORMAL: 5.0 DPTR FM NORMAL: -0.34 2 = FOG REDUCING VISIBILITY
HIGHEST: 71 ON 29,10 GRTST 24HR 0.98 ON 15-15 TO 1/4 MILE OR LESS
LOWEST: 18 ON 2 3 = THUNDER
SNOW, ICE PELLETS, HAIL 4 = ICE PELLETS
TOTAL MONTH: 1.8 INCHES 5 = HAIL
GRTST 24HR 1.8 ON 15-15 6 = FREEZING RAIN OR DRIZZLE
GRTST DEPTH: 2 ON 16 7 = DUSTSTORM OR SANDSTORM:
VSBY 1/2 MILE OR LESS
8 = SMOKE OR HAZE
[NO. OF DAYS WITH] [WEATHER - DAYS WITH] 9 = BLOWING SNOW
X = TORNADO
MAX 32 OR BELOW: 0 0.01 INCH OR MORE: 6
MAX 90 OR ABOVE: 0 0.10 INCH OR MORE: 5
MIN 32 OR BELOW: 16 0.50 INCH OR MORE: 2
MIN 0 OR BELOW: 0 1.00 INCH OR MORE: 0
[HDD (BASE 65) ]
TOTAL THIS MO. 640 CLEAR (SCALE 0-3) 17
DPTR FM NORMAL -164 PTCLDY (SCALE 4-7) 8
TOTAL FM JUL 1 5352 CLOUDY (SCALE 8-10) 6
DPTR FM NORMAL -251
[CDD (BASE 65) ]
TOTAL THIS MO. 0
DPTR FM NORMAL -1 [PRESSURE DATA]
TOTAL FM JAN 1 0 HIGHEST SLP 30.54 ON 19
DPTR FM NORMAL -1 LOWEST SLP 29.52 ON 23
[REMARKS]
#FINAL-03-21#