000
CXUS53 KDVN 011624
CLSMLI
CLIMATE REPORT
NATIONAL WEATHER SERVICE QUAD CITIES IA IL
1035 AM CST FRI DEC 01 2023
...................................
...THE MOLINE IL CLIMATE SUMMARY FOR THE SEASON, FROM
9/1/2023 TO 11/30/2023...
CLIMATE NORMAL PERIOD 1991 TO 2020
CLIMATE RECORD PERIOD 1872 TO 2023
WEATHER OBSERVED NORMAL DEPART LAST YEAR`S
VALUE DATE(S) VALUE FROM VALUE
NORMAL
..............................................................
TEMPERATURE (F)
RECORD
HIGH 100 09/15/1939
09/06/1922
LOW -10 11/29/1891
HIGHEST 94 09/04 82 12
LOWEST 11 11/28 24 -13
AVG. MAXIMUM 66.0 64.1 1.9
AVG. MINIMUM 44.4 42.6 1.8
MEAN 55.2 53.4 1.8
DAYS MAX >= 90 3 2.6 0.4
DAYS MAX <= 32 2 2.1 -0.1
DAYS MIN <= 32 22 22.2 -0.2
DAYS MIN <= 0 0 0.0 0.0
PRECIPITATION (INCHES)
RECORD
MAXIMUM 13.30 2019
MINIMUM 6.26 2021
TOTALS 8.65 8.43 0.22
DAILY AVG. 0.10 0.09 0.01
DAYS >= .01 25 26.3 -1.3
DAYS >= .10 14
DAYS >= .50 7
DAYS >= 1.00 3 2.0 1.0
GREATEST
24 HR. TOTAL 1.63 09/16 TO 09/16
SNOWFALL (INCHES)
RECORDS
TOTAL MM MM
24 HR TOTAL MM MM
TOTALS 2.6 2.4 0.2
SINCE 7/1 2.6 2.4 0.2
SNOWDEPTH AVG. T
DAYS >= TRACE 3 2.0 1.0
DAYS >= 1.0 1 0.7 0.3
GREATEST
SNOW DEPTH 2 11/26
11/27
24 HR TOTAL 2.6 11/26 TO 11/26
DEGREE DAYS
HEATING TOTAL 1047 1192 -145
SINCE 7/1 1051 1197 -146
COOLING TOTAL 177 134 43
SINCE 1/1 1141 1042 99
..............................................................
WIND (MPH)
AVERAGE WIND SPEED 7.3
HIGHEST WIND SPEED/DIRECTION 32/250 DATE 09/26
HIGHEST GUST SPEED/DIRECTION 47/280 DATE 10/31
SKY COVER
POSSIBLE SUNSHINE (PERCENT) MM
AVERAGE SKY COVER 0.33
NUMBER OF DAYS FAIR 55
NUMBER OF DAYS PC 21
NUMBER OF DAYS CLOUDY 15
AVERAGE RH (PERCENT) 68
WEATHER CONDITIONS. NUMBER OF DAYS WITH
THUNDERSTORM 9 HAIL 0
SLEET 0 FOG 32
FOG W/VIS <= 1/4 MILE 2 HAZE 6
- INDICATES NEGATIVE NUMBERS.
R INDICATES RECORD WAS SET OR TIED.
MM INDICATES DATA IS MISSING.
T INDICATES TRACE AMOUNT.
$$
NOTE: SUPPLEMENTAL CLIMATE DATA WAS USED FROM A NEARBY
CLIMATOLOGICALLY REPRESENTATIVE STATION.