000
CXUS51 KCAR 020242
CF6MLT
PRELIMINARY LOCAL CLIMATOLOGICAL DATA (WS FORM: F-6)
STATION: MILLINOCKET ME
MONTH: JANUARY
YEAR: 2022
LATITUDE: 45 39 N
LONGITUDE: 68 41 W
TEMPERATURE IN F: :PCPN: SNOW: WIND :SUNSHINE: SKY :PK WND
================================================================================
1 2 3 4 5 6A 6B 7 8 9 10 11 12 13 14 15 16 17 18
12Z AVG MX 2MIN
DY MAX MIN AVG DEP HDD CDD WTR SNW DPTH SPD SPD DIR MIN PSBL S-S WX SPD DR
================================================================================
1 36 31 34 16 31 0 0.03 M M 0.9 6 160 M M 10 12 9 170
2 36 15 26 8 39 0 0.08 M M 7.6 16 310 M M 10 16 25 20
3 15 2 9 -9 56 0 0.00 M M 4.4 13 310 M M 2 17 290
4 19 -4 8 -9 57 0 0.00 M M 3.0 10 310 M M 6 13 310
5 35 13 24 7 41 0 0.13 M M 1.6 6 160 M M 7 16 10 250
6 36 28 32 15 33 0 0.00 M M 3.9 16 280 M M 9 12 26 300
7 28 17 23 6 42 0 0.03 M M 8.1 17 330 M M 8 1 25 290
8 18 6 12 -4 53 0 0.00 M M 7.9 20 300 M M 2 8 28 310
9 35 9 22 6 43 0 0.05 M M 4.6 15 270 M M 10 16 24 240
10 34 0 17 1 48 0 0.00 M M 9.3 23 310 M M 4 34 310
11 1 -10 -4 -20 69 0 0.00 M M 9.1 18 300 M M 0 27 310
12 14 -13 1 -15 64 0 0.03 M M 1.8 7 240 M M 8 9 15 220
13 22 12 17 1 48 0 T M M 0.5 5 310 M M 10 18 7 90
14 30 0 15 0 50 0 0.00 M M 10.1 26 360 M M 7 1 38 20
15 4 -7 -1 -16 66 0 0.00 M M 13.8 26 340 M M 0 40 290
16 19 -5 7 -8 58 0 0.00 M M 6.5 22 310 M M 0 18 29 300
17 39 3 21 6 44 0 0.57 M M 4.9 21 70 M M 9 126 27 50
18 36 0 18 3 47 0 0.01 M M 14.7 26 300 M M 4 1 39 310
19 8 -4 2 -13 63 0 0.19 M M 3.0 23 310 M M 6 12 33 310
20 29 1 15 1 50 0 T M M 9.7 22 310 M M 4 32 300
21 9 -17 -4 -18 69 0 0.00 M M 2.6 15 300 M M 0 18 21 280
22 14 -25 -5 -19 70 0 0.00 M M 0.8 7 110 M M 1 18 8 110
23 25 -10 8 -6 57 0 0.00 M M 3.2 10 310 M M 6 18 15 230
24 18 -7 6 -8 59 0 0.00 M M 2.4 13 310 M M 3 18 15 320
25 20 3 12 -2 53 0 0.05 M M 1.2 7 90 M M 8 1 8 260
26 14 -17 -1 -15 66 0 0.00 M M 6.0 17 310 M M 1 26 290
27 13 -27 -7 -21 72 0 T M M 3.2 10 180 M M 1 1 19 180
28 28 5 17 3 48 0 T M M 3.6 13 20 M M 7 1 17 30
29 11 0 6 -8 59 0 0.19 M M 15.4 26 340 M M 7 12 39 350
30 14 4 9 -5 56 0 0.01 M M 12.0 23 320 M M 3 189 32 290
31 20 -9 6 -8 59 0 0.00 M M 3.1 12 300 M M 2 18 16 250
================================================================================
SM 680 -6 1670 0 1.37 M 178.9 M 155
================================================================================
AV 21.9 -0.2 5.8 FASTST M M 5 MAX(MPH)
MISC ----> # 26 360 40 290
================================================================================
NOTES:
# LAST OF SEVERAL OCCURRENCES
COLUMN 17 PEAK WIND IN M.P.H.
PRELIMINARY LOCAL CLIMATOLOGICAL DATA (WS FORM: F-6) , PAGE 2
STATION: MILLINOCKET ME
MONTH: JANUARY
YEAR: 2022
LATITUDE: 45 39 N
LONGITUDE: 68 41 W
[TEMPERATURE DATA] [PRECIPITATION DATA] SYMBOLS USED IN COLUMN 16
AVERAGE MONTHLY: 10.9 TOTAL FOR MONTH: 1.37 1 = FOG OR MIST
DPTR FM NORMAL: -4.6 DPTR FM NORMAL: -1.33 2 = FOG REDUCING VISIBILITY
HIGHEST: 39 ON 17 GRTST 24HR 0.57 ON 17-17 TO 1/4 MILE OR LESS
LOWEST: -27 ON 27 3 = THUNDER
SNOW, ICE PELLETS, HAIL 4 = ICE PELLETS
TOTAL MONTH: M 5 = HAIL
GRTST 24HR M ON M 6 = FREEZING RAIN OR DRIZZLE
GRTST DEPTH: M ON M 7 = DUSTSTORM OR SANDSTORM:
VSBY 1/2 MILE OR LESS
8 = SMOKE OR HAZE
[NO. OF DAYS WITH] [WEATHER - DAYS WITH] 9 = BLOWING SNOW
X = TORNADO
MAX 32 OR BELOW: 23 0.01 INCH OR MORE: 12
MAX 90 OR ABOVE: 0 0.10 INCH OR MORE: 4
MIN 32 OR BELOW: 31 0.50 INCH OR MORE: 1
MIN 0 OR BELOW: 17 1.00 INCH OR MORE: 0
[HDD (BASE 65) ]
TOTAL THIS MO. 1670 CLEAR (SCALE 0-3) 11
DPTR FM NORMAL 134 PTCLDY (SCALE 4-7) 11
TOTAL FM JUL 1 4408 CLOUDY (SCALE 8-10) 9
DPTR FM NORMAL -230
[CDD (BASE 65) ]
TOTAL THIS MO. 0
DPTR FM NORMAL 0 [PRESSURE DATA]
TOTAL FM JAN 1 0 HIGHEST SLP 30.65 ON 21
DPTR FM NORMAL 0 LOWEST SLP 29.03 ON 18
[REMARKS]
#FINAL-01-22#