000
CXUS54 KSHV 231300
CF6MLU
PRELIMINARY LOCAL CLIMATOLOGICAL DATA (WS FORM: F-6)
STATION: MONROE
MONTH: APRIL
YEAR: 2024
LATITUDE: 32 30 N
LONGITUDE: 92 2 W
TEMPERATURE IN F: :PCPN: SNOW: WIND :SUNSHINE: SKY :PK WND
================================================================================
1 2 3 4 5 6A 6B 7 8 9 10 11 12 13 14 15 16 17 18
12Z AVG MX 2MIN
DY MAX MIN AVG DEP HDD CDD WTR SNW DPTH SPD SPD DIR MIN PSBL S-S WX SPD DR
================================================================================
1 81 69 75 13 0 10 0.00 0.0 0 8.5 17 190 M M 6 25 170
2 84 57 71 9 0 6 0.08 0.0 0 13.9 26 310 M M 4 13 35 320
3 73 44 59 -3 6 0 0.00 0.0 0 11.9 30 280 M M 2 43 270
4 78 43 61 -2 4 0 0.00 0.0 0 7.5 22 290 M M 0 31 300
5 78 48 63 0 2 0 0.00 0.0 0 4.2 9 80 M M 0 13 70
6 82 50 66 3 0 1 0.00 0.0 0 4.2 12 90 M M 0 17 140
7 83 65 74 11 0 9 0.00 0.0 0 9.2 18 210 M M 6 27 190
8 78 63 71 7 0 6 1.94 0.0 0 5.2 15 310 M M 9 13 28 200
9 67 61 64 0 1 0 3.51 0.0 0 10.3 44 290 M M 9 13 62 280
10 74 62 68 4 0 3 1.74 0.0 0 9.3 23 80 M M 9 13 42 130
11 76 55 66 2 0 1 0.16 0.0 0 14.2 28 310 M M 4 1 38 280
12 78 48 63 -2 2 0 0.00 0.0 0 3.3 14 290 M M 0 24 270
13 84 51 68 3 0 3 0.00 0.0 0 5.6 15 200 M M 0 19 210
14 84 59 72 7 0 7 0.00 0.0 0 9.8 20 200 M M 1 27 200
15 82 64 73 8 0 8 0.00 0.0 0 5.8 14 200 M M 5 19 200
16 86 69 78 12 0 13 T 0.0 0 10.0 22 200 M M 2 31 210
17 78 73 76 10 0 11 0.04 0.0 0 4.5 10 200 M M 9 1 16 180
18 86 72 79 13 0 14 0.04 0.0 0 5.6 16 210 M M 5 38 21 210
19 75 62 69 3 0 4 T 0.0 0 7.1 15 30 M M 9 18 19 10
20 62 52 57 -9 8 0 1.02 0.0 0 11.1 22 50 M M 10 13 30 60
21 68 48 58 -9 7 0 0.01 0.0 0 8.6 21 20 M M 4 1 29 30
22 70 42 56 -11 9 0 0.00 0.0 0 1.6 9 80 M M 0 1 15 70
================================================================================
SM 1707 1257 39 96 8.54 0.0 171.4 M 94
================================================================================
AV 77.6 57.1 7.8 FASTST M M 4 MAX(MPH)
MISC ----> 44 290 62 280
================================================================================
NOTES:
# LAST OF SEVERAL OCCURRENCES
COLUMN 17 PEAK WIND IN M.P.H.
PRELIMINARY LOCAL CLIMATOLOGICAL DATA (WS FORM: F-6) , PAGE 2
STATION: MONROE
MONTH: APRIL
YEAR: 2024
LATITUDE: 32 30 N
LONGITUDE: 92 2 W
[TEMPERATURE DATA] [PRECIPITATION DATA] SYMBOLS USED IN COLUMN 16
AVERAGE MONTHLY: 67.4 TOTAL FOR MONTH: 8.54 1 = FOG OR MIST
DPTR FM NORMAL: 2.9 DPTR FM NORMAL: 4.22 2 = FOG REDUCING VISIBILITY
HIGHEST: 86 ON 18,16 GRTST 24HR 4.67 ON 9-10 TO 1/4 MILE OR LESS
LOWEST: 42 ON 22 3 = THUNDER
SNOW, ICE PELLETS, HAIL 4 = ICE PELLETS
TOTAL MONTH: 0.0 INCH 5 = HAIL
GRTST 24HR 0.0 6 = FREEZING RAIN OR DRIZZLE
GRTST DEPTH: 0 7 = DUSTSTORM OR SANDSTORM:
VSBY 1/2 MILE OR LESS
8 = SMOKE OR HAZE
[NO. OF DAYS WITH] [WEATHER - DAYS WITH] 9 = BLOWING SNOW
X = TORNADO
MAX 32 OR BELOW: 0 0.01 INCH OR MORE: 9
MAX 90 OR ABOVE: 0 0.10 INCH OR MORE: 5
MIN 32 OR BELOW: 0 0.50 INCH OR MORE: 4
MIN 0 OR BELOW: 0 1.00 INCH OR MORE: 4
[HDD (BASE 65) ]
TOTAL THIS MO. 39 CLEAR (SCALE 0-3) 9
DPTR FM NORMAL -34 PTCLDY (SCALE 4-7) 7
TOTAL FM JUL 1 1817 CLOUDY (SCALE 8-10) 6
DPTR FM NORMAL -377
[CDD (BASE 65) ]
TOTAL THIS MO. 96
DPTR FM NORMAL 35 [PRESSURE DATA]
TOTAL FM JAN 1 160 HIGHEST SLP M ON M
DPTR FM NORMAL 53 LOWEST SLP 29.52 ON 10
[REMARKS]