000
CXUS54 KSHV 011300
CF6MLU
PRELIMINARY LOCAL CLIMATOLOGICAL DATA (WS FORM: F-6)
STATION: MONROE
MONTH: AUGUST
YEAR: 2023
LATITUDE: 32 30 N
LONGITUDE: 92 2 W
TEMPERATURE IN F: :PCPN: SNOW: WIND :SUNSHINE: SKY :PK WND
================================================================================
1 2 3 4 5 6A 6B 7 8 9 10 11 12 13 14 15 16 17 18
12Z AVG MX 2MIN
DY MAX MIN AVG DEP HDD CDD WTR SNW DPTH SPD SPD DIR MIN PSBL S-S WX SPD DR
================================================================================
1 102 76 89 6 0 24 0.00 0.0 0 4.0 12 50 M M 0 18 17 50
2 105 77 91 8 0 26 0.00 0.0 0 3.0 9 170 M M 0 15 140
3 105 79 92 9 0 27 0.00 0.0 0 4.4 13 240 M M 0 18 270
4 105 81 93 10 0 28 0.00 0.0 0 6.1 15 250 M M 0 19 240
5 104 79 92 9 0 27 0.00 0.0 0 4.6 13 300 M M 1 21 270
6 99 81 90 7 0 25 0.00 0.0 0 5.4 18 290 M M 1 25 320
7 97 79 88 5 0 23 0.00 0.0 0 7.5 18 350 M M 1 23 360
8 92 74 83 0 0 18 T 0.0 0 5.5 24 350 M M 2 3 33 350
9 101 77 89 6 0 24 0.00 0.0 0 10.0 23 230 M M 1 33 200
10 102 82 92 9 0 27 0.07 0.0 0 9.3 20 240 M M 2 3 26 190
11 104 81 93 10 0 28 0.00 0.0 0 5.9 17 240 M M 0 23 230
12 105 80 93 10 0 28 0.00 0.0 0 5.3 16 260 M M 0 20 230
13 106 80 93 10 0 28 0.00 0.0 0 5.0 14 200 M M 0 24 240
14 106 80 93 10 0 28 0.00 0.0 0 5.8 13 250 M M 1 18 230
15 93 69 81 -2 0 16 0.00 0.0 0 7.9 16 350 M M 2 22 350
16 90 67 79 -4 0 14 0.00 0.0 0 6.6 15 10 M M 1 26 30
17 99 62 81 -2 0 16 0.00 0.0 0 2.5 12 280 M M 0 16 290
18 105 68 87 4 0 22 0.00 0.0 0 3.7 10 70 M M 0 14 80
19 106 74 90 8 0 25 0.00 0.0 0 6.1 16 340 M M 0 22 340
20 104 77 91 9 0 26 0.00 0.0 0 7.4 18 50 M M 0 25 40
21 103 77 90 8 0 25 0.00 0.0 0 3.8 14 50 M M 0 21 60
22 103 75 89 7 0 24 0.00 0.0 0 3.3 10 100 M M 1 8 17 130
23 103 77 90 8 0 25 0.00 0.0 0 5.2 13 360 M M 1 8 18 50
24 108 78 93 11 0 28 0.00 0.0 0 3.3 15 50 M M 1 8 19 50
25 107 78 93 11 0 28 0.13 0.0 0 3.3 17 200 M M 2 38 25 180
26 106 77 92 10 0 27 0.00 0.0 0 4.2 13 330 M M 0 8 19 340
27 101 73 87 5 0 22 1.24 0.0 0 7.7 26 260 M M 2 13 38 260
28 90 74 82 1 0 17 T 0.0 0 8.7 17 360 M M 6 22 40
29 93 70 82 1 0 17 0.00 0.0 0 8.4 20 360 M M 2 26 360
30 95 67 81 0 0 16 0.00 0.0 0 5.9 16 350 M M 0 24 360
31 93 71 82 1 0 17 0.00 0.0 0 7.6 17 20 M M 0 22 30
================================================================================
SM 3132 2340 0 726 1.44 0.0 177.4 M 27
================================================================================
AV101.0 75.5 5.7 FASTST M M 1 MAX(MPH)
MISC ----> 26 260 38 260
================================================================================
NOTES:
# LAST OF SEVERAL OCCURRENCES
COLUMN 17 PEAK WIND IN M.P.H.
PRELIMINARY LOCAL CLIMATOLOGICAL DATA (WS FORM: F-6) , PAGE 2
STATION: MONROE
MONTH: AUGUST
YEAR: 2023
LATITUDE: 32 30 N
LONGITUDE: 92 2 W
[TEMPERATURE DATA] [PRECIPITATION DATA] SYMBOLS USED IN COLUMN 16
AVERAGE MONTHLY: 88.3 TOTAL FOR MONTH: 1.44 1 = FOG OR MIST
DPTR FM NORMAL: 5.8 DPTR FM NORMAL: -2.12 2 = FOG REDUCING VISIBILITY
HIGHEST: 108 ON 24 GRTST 24HR 1.24 ON 27-27 TO 1/4 MILE OR LESS
LOWEST: 62 ON 17 3 = THUNDER
SNOW, ICE PELLETS, HAIL 4 = ICE PELLETS
TOTAL MONTH: 0.0 INCH 5 = HAIL
GRTST 24HR 0.0 6 = FREEZING RAIN OR DRIZZLE
GRTST DEPTH: 0 7 = DUSTSTORM OR SANDSTORM:
VSBY 1/2 MILE OR LESS
8 = SMOKE OR HAZE
[NO. OF DAYS WITH] [WEATHER - DAYS WITH] 9 = BLOWING SNOW
X = TORNADO
MAX 32 OR BELOW: 0 0.01 INCH OR MORE: 3
MAX 90 OR ABOVE: 31 0.10 INCH OR MORE: 2
MIN 32 OR BELOW: 0 0.50 INCH OR MORE: 1
MIN 0 OR BELOW: 0 1.00 INCH OR MORE: 1
[HDD (BASE 65) ]
TOTAL THIS MO. 0 CLEAR (SCALE 0-3) 30
DPTR FM NORMAL 0 PTCLDY (SCALE 4-7) 1
TOTAL FM JUL 1 0 CLOUDY (SCALE 8-10) 0
DPTR FM NORMAL 0
[CDD (BASE 65) ]
TOTAL THIS MO. 726
DPTR FM NORMAL 184 [PRESSURE DATA]
TOTAL FM JAN 1 2395 HIGHEST SLP 30.18 ON 8
DPTR FM NORMAL 417 LOWEST SLP 29.72 ON 27
[REMARKS]
#FINAL-08-23#