000
CXUS56 KPQR 011155
CF6MMV
PRELIMINARY LOCAL CLIMATOLOGICAL DATA (WS FORM: F-6)
STATION: MCMINNVILLE OR
MONTH: MAY
YEAR: 2021
LATITUDE: 45 11 N
LONGITUDE: 123 8 W
TEMPERATURE IN F: :PCPN: SNOW: WIND :SUNSHINE: SKY :PK WND
================================================================================
1 2 3 4 5 6A 6B 7 8 9 10 11 12 13 14 15 16 17 18
12Z AVG MX 2MIN
DY MAX MIN AVG DEP HDD CDD WTR SNW DPTH SPD SPD DIR MIN PSBL S-S WX SPD DR
================================================================================
1 60 47 54 1 11 0 0.01 M M 4.2 14 300 M M 8 17 330
2 65 43 54 1 11 0 0.00 M M 2.3 14 310 M M 7 17 310
3 63 43 53 -1 12 0 0.01 M M 3.7 15 280 M M 9 19 280
4 71 50 61 7 4 0 0.00 M M 4.7 10 30 M M 4 13 20
5 80 40 60 6 5 0 0.00 M M 4.3 13 210 M M 0 16 220
6 64 44 54 0 11 0 0.07 M M 9.3 18 260 M M 5 1 24 260
7 60 39 50 -5 15 0 0.05 M M 9.3 20 260 M M 5 1 25 260
8 60 34 47 -8 18 0 0.00 M M 3.5 13 320 M M 7 16 330
9 63 46 55 0 10 0 0.03 M M 4.2 13 360 M M 8 17 360
10 71 37 54 -1 11 0 0.00 M M 4.9 14 10 M M 2 12 17 350
11 76 39 58 3 7 0 0.00 M M 5.6 14 10 M M 0 12 19 20
12 81 42 62 6 3 0 0.00 M M 2.8 15 360 M M 0 12 19 10
13 80 47 64 8 1 0 0.00 M M 5.5 14 360 M M 0 29 30
14 81 49 65 9 0 0 0.00 M M 7.7 20 360 M M 0 26 350
15 81 41 61 5 4 0 0.00 M M 5.8 17 20 M M 0 22 20
16 82 46 64 8 1 0 0.00 M M 6.9 17 220 M M 0 23 210
17 65 45 55 -1 10 0 T M M 6.4 20 250 M M 6 28 280
18 63 39 51 -6 14 0 0.01 M M 6.8 16 250 M M 3 21 260
19 60 36 48 -9 17 0 0.02 M M 5.6 17 330 M M 6 25 340
20 62 35 49 -8 16 0 0.02 M M 5.2 18 290 M M 5 24 290
21 66 35 51 -6 14 0 0.00 M M 4.1 14 220 M M 4 1 17 230
22 71 38 55 -2 10 0 0.00 M M 5.1 16 310 M M 2 20 200
23 66 43 55 -2 10 0 T M M 7.3 18 260 M M 9 1 23 260
24 61 50 56 -2 9 0 0.39 M M 5.3 14 150 M M 10 1 18 160
25 65 51 58 0 7 0 0.00 M M 7.9 20 250 M M 9 25 260
26 73 44 59 1 6 0 0.00 M M 5.3 15 230 M M 2 24 90
27 62 48 55 -3 10 0 0.13 M M 10.2 24 250 M M 9 1 32 260
28 70 49 60 2 5 0 0.00 M M 6.7 16 20 M M 5 22 340
29 83 40 62 4 3 0 0.00 M M 4.1 10 240 M M 0 14 340
30 86 46 66 8 0 1 0.00 M M 3.5 10 230 M M 0 15 10
31 90 50 70 12 0 5 0.00 M M 4.6 14 10 M M 0 17 10
================================================================================
SM 2181 1336 255 6 0.74 M 172.8 M 125
================================================================================
AV 70.4 43.1 5.6 FASTST M M 4 MAX(MPH)
MISC ----> 24 250 32 260
================================================================================
NOTES:
# LAST OF SEVERAL OCCURRENCES
COLUMN 17 PEAK WIND IN M.P.H.
PRELIMINARY LOCAL CLIMATOLOGICAL DATA (WS FORM: F-6) , PAGE 2
STATION: MCMINNVILLE OR
MONTH: MAY
YEAR: 2021
LATITUDE: 45 11 N
LONGITUDE: 123 8 W
[TEMPERATURE DATA] [PRECIPITATION DATA] SYMBOLS USED IN COLUMN 16
AVERAGE MONTHLY: 56.7 TOTAL FOR MONTH: 0.74 1 = FOG OR MIST
DPTR FM NORMAL: 0.6 DPTR FM NORMAL: -1.25 2 = FOG REDUCING VISIBILITY
HIGHEST: 90 ON 31 GRTST 24HR 0.39 ON 23-24 TO 1/4 MILE OR LESS
LOWEST: 34 ON 8 3 = THUNDER
SNOW, ICE PELLETS, HAIL 4 = ICE PELLETS
TOTAL MONTH: M 5 = HAIL
GRTST 24HR M ON M 6 = FREEZING RAIN OR DRIZZLE
GRTST DEPTH: M ON M 7 = DUSTSTORM OR SANDSTORM:
VSBY 1/2 MILE OR LESS
8 = SMOKE OR HAZE
[NO. OF DAYS WITH] [WEATHER - DAYS WITH] 9 = BLOWING SNOW
X = TORNADO
MAX 32 OR BELOW: 0 0.01 INCH OR MORE: 10
MAX 90 OR ABOVE: 1 0.10 INCH OR MORE: 2
MIN 32 OR BELOW: 0 0.50 INCH OR MORE: 0
MIN 0 OR BELOW: 0 1.00 INCH OR MORE: 0
[HDD (BASE 65) ]
TOTAL THIS MO. 255 CLEAR (SCALE 0-3) 13
DPTR FM NORMAL -27 PTCLDY (SCALE 4-7) 13
TOTAL FM JUL 1 4184 CLOUDY (SCALE 8-10) 5
DPTR FM NORMAL -364
[CDD (BASE 65) ]
TOTAL THIS MO. 6
DPTR FM NORMAL -2 [PRESSURE DATA]
TOTAL FM JAN 1 6 HIGHEST SLP 30.44 ON 8
DPTR FM NORMAL -3 LOWEST SLP 29.79 ON 5
[REMARKS]
#FINAL-05-21#