000
CXUS56 KPQR 031553
CF6MMV
PRELIMINARY LOCAL CLIMATOLOGICAL DATA (WS FORM: F-6)
STATION: MCMINNVILLE OR
MONTH: JANUARY
YEAR: 2024
LATITUDE: 45 11 N
LONGITUDE: 123 8 W
TEMPERATURE IN F: :PCPN: SNOW: WIND :SUNSHINE: SKY :PK WND
================================================================================
1 2 3 4 5 6A 6B 7 8 9 10 11 12 13 14 15 16 17 18
12Z AVG MX 2MIN
DY MAX MIN AVG DEP HDD CDD WTR SNW DPTH SPD SPD DIR MIN PSBL S-S WX SPD DR
================================================================================
1 M 39 M M M M 0.00 M M 3.7 7 350 M M 9 9 320
2 M 34 M M M M 0.14 M M 4.8 14 350 M M 7 17 330
3 51 32 42 2 23 0 0.14 M M 3.5 13 220 M M 6 15 220
4 50 35 43 3 22 0 0.21 M M 6.9 14 170 M M 7 19 160
5 50 33 42 2 23 0 0.08 M M 8.3 22 170 M M 6 28 170
6 45 38 42 1 23 0 0.97 M M 9.8 25 190 M M 8 33 190
7 48 36 42 1 23 0 T M M 4.9 12 240 M M 7 14 220
8 51 38 45 4 20 0 0.50 M M 10.3 24 190 M M 10 33 180
9 51 38 45 4 20 0 0.86 M M 13.6 36 260 M M 8 46 280
10 44 36 40 -1 25 0 0.19 M M 8.8 18 240 M M 7 26 210
11 45 35 40 -1 25 0 0.14 M M 10.5 13 240 M M 6 16 240
12 42 24 33 -8 32 0 T M M 6.5 12 10 M M 8 14 50
13 24 16 20 -21 45 0 0.40 M M 12.4 20 10 M M 10 6 28 30
14 26 17 22 -19 43 0 0.00 M M 6.2 13 20 M M 10 14 40
15 32 21 27 -14 38 0 0.00 M M 9.6 15 20 M M 2 19 10
16 30 18 24 -17 41 0 0.36 M M 5.4 10 360 M M 5 6 12 10
17 45 29 37 -4 28 0 0.54 M M 5.0 18 230 M M 10 6 23 230
18 38 33 36 -5 29 0 0.97 M M 7.1 16 360 M M 10 22 340
19 40 33 37 -5 28 0 T M M 8.8 15 350 M M 2 19 340
20 41 34 38 -4 27 0 0.13 M M 6.0 14 360 M M 8 17 10
21 48 36 42 0 23 0 0.55 M M 2.6 8 360 M M 10 10 360
22 55 45 50 8 15 0 0.48 M M 8.7 25 180 M M 10 31 180
23 54 42 48 6 17 0 0.04 M M 4.8 12 180 M M 7 14 210
24 57 41 49 7 16 0 0.86 M M 5.2 18 260 M M 8 23 200
25 54 43 49 7 16 0 0.01 M M 8.5 20 180 M M 9 25 200
26 47 44 46 4 19 0 0.55 M M 1.5 8 360 M M 9 9 360
27 63 47 55 13 10 0 0.89 M M 8.3 18 180 M M 10 24 190
28 64 46 55 13 10 0 0.07 M M 4.0 21 200 M M 7 26 190
29 57 45 51 9 14 0 0.00 M M 1.7 9 140 M M 4 10 140
30 55 49 52 10 13 0 0.03 M M 3.6 12 10 M M 8 15 350
31 54 49 52 10 13 0 0.12 M M 3.9 13 10 M M 10 16 10
================================================================================
SM 1361 1106 681 0 9.23 M 204.9 M 238
================================================================================
AV 46.9 35.7 6.6 FASTST M M 8 MAX(MPH)
MISC ----> 36 260 46 280
================================================================================
NOTES:
# LAST OF SEVERAL OCCURRENCES
COLUMN 17 PEAK WIND IN M.P.H.
PRELIMINARY LOCAL CLIMATOLOGICAL DATA (WS FORM: F-6) , PAGE 2
STATION: MCMINNVILLE OR
MONTH: JANUARY
YEAR: 2024
LATITUDE: 45 11 N
LONGITUDE: 123 8 W
[TEMPERATURE DATA] [PRECIPITATION DATA] SYMBOLS USED IN COLUMN 16
AVERAGE MONTHLY: 41.3 TOTAL FOR MONTH: 9.23 1 = FOG OR MIST
DPTR FM NORMAL: 0.0 DPTR FM NORMAL: 3.72 2 = FOG REDUCING VISIBILITY
HIGHEST: 64 ON 28 GRTST 24HR 1.59 ON 26-27 TO 1/4 MILE OR LESS
LOWEST: 16 ON 13 3 = THUNDER
SNOW, ICE PELLETS, HAIL 4 = ICE PELLETS
TOTAL MONTH: M 5 = HAIL
GRTST 24HR M ON M 6 = FREEZING RAIN OR DRIZZLE
GRTST DEPTH: M ON M 7 = DUSTSTORM OR SANDSTORM:
VSBY 1/2 MILE OR LESS
8 = SMOKE OR HAZE
[NO. OF DAYS WITH] [WEATHER - DAYS WITH] 9 = BLOWING SNOW
X = TORNADO
MAX 32 OR BELOW: 4 0.01 INCH OR MORE: 24
MAX 90 OR ABOVE: 0 0.10 INCH OR MORE: 19
MIN 32 OR BELOW: 7 0.50 INCH OR MORE: 9
MIN 0 OR BELOW: 0 1.00 INCH OR MORE: 0
[HDD (BASE 65) ]
TOTAL THIS MO. 681 CLEAR (SCALE 0-3) 2
DPTR FM NORMAL -55 PTCLDY (SCALE 4-7) 14
TOTAL FM JUL 1 2270 CLOUDY (SCALE 8-10) 15
DPTR FM NORMAL -359
[CDD (BASE 65) ]
TOTAL THIS MO. 0
DPTR FM NORMAL 0 [PRESSURE DATA]
TOTAL FM JAN 1 0 HIGHEST SLP 30.43 ON 5
DPTR FM NORMAL 0 LOWEST SLP 29.40 ON 22
[REMARKS]
#FINAL-01-24#