000
CXUS55 KBOU 010900
CF6MNH
PRELIMINARY LOCAL CLIMATOLOGICAL DATA (WS FORM: F-6)
STATION: ELBERT 6W CO
MONTH: AUGUST
YEAR: 2023
LATITUDE: 39 13 N
LONGITUDE: 104 38 W
TEMPERATURE IN F: :PCPN: SNOW: WIND :SUNSHINE: SKY :PK WND
================================================================================
1 2 3 4 5 6A 6B 7 8 9 10 11 12 13 14 15 16 17 18
12Z AVG MX 2MIN
DY MAX MIN AVG DEP HDD CDD WTR SNW DPTH SPD SPD DIR MIN PSBL S-S WX SPD DR
================================================================================
1 79 55 67 M 0 2 M M M 7.9 15 180 M M 3 20 280
2 77 55 66 M 0 1 M M M 5.5 24 240 M M 2 3 36 240
3 77 52 65 M 0 0 M M M 6.2 14 150 M M 3 20 100
4 79 52 66 M 0 1 M M M 6.0 12 100 M M 2 17 110
5 72 52 62 M 3 0 M M M 5.0 13 40 M M 4 3 21 0
6 59 52 56 M 9 0 M M M 5.8 10 180 M M 10 13 32 20
7 73 50 62 M 3 0 M M M 8.6 15 180 M M 1 18 180
8 81 52 67 M 0 2 M M M 10.5 18 180 M M 3 1 24 180
9 72 50 61 M 4 0 M M M 5.4 12 160 M M 1 1 17 320
10 79 57 68 M 0 3 M M M 8.5 14 170 M M 2 21 140
11 79 55 67 M 0 2 M M M 5.9 12 270 M M 5 22 60
12 73 55 64 M 1 0 M M M 7.1 15 150 M M 4 25 150
13 64 52 58 M 7 0 M M M 9.5 18 10 M M 8 25 350
14 70 52 61 M 4 0 M M M 3.8 8 180 M M 6 M M
15 81 52 67 M 0 2 M M M 6.8 13 180 M M 0 16 30
16 86 57 72 M 0 7 M M M 9.0 17 210 M M 1 25 210
17 81 55 68 M 0 3 M M M 12.5 23 160 M M 0 30 160
18 86 57 72 M 0 7 M M M 6.4 17 170 M M 1 33 100
19 88 55 72 M 0 7 M M M 8.7 17 140 M M 1 29 160
20 84 50 67 M 0 2 M M M 11.6 23 160 M M 0 1 33 160
21 86 54 70 M 0 5 M M M 13.9 21 150 M M 0 29 160
22 86 54 70 M 0 5 M M M 14.5 24 170 M M 0 31 170
23 86 55 71 M 0 6 M M M 8.5 17 170 M M 0 24 150
24 82 55 69 M 0 4 M M M 6.8 15 320 M M 2 22 320
25 63 52 58 M 7 0 M M M 9.8 16 40 M M 8 1 24 40
26 72 50 61 M 4 0 M M M 6.2 12 150 M M 7 1 17 150
27 79 54 67 M 0 2 M M M 7.4 21 360 M M 3 13 28 360
28 70 46 58 M 7 0 M M M 7.0 12 10 M M 5 28 310
29 72 45 59 M 6 0 M M M 5.8 10 170 M M 1 M M
30 82 55 69 M 0 4 M M M 11.6 17 150 M M 0 22 150
31 86 55 71 M 0 6 M M M 9.7 20 170 M M 0 25 170
================================================================================
SM 2404 1642 55 71 M M 251.9 M 83
================================================================================
AV 77.5 53.0 8.1 FASTST M M 3 MAX(MPH)
MISC ----> # 24 170 36 240
================================================================================
NOTES:
# LAST OF SEVERAL OCCURRENCES
COLUMN 17 PEAK WIND IN M.P.H.
PRELIMINARY LOCAL CLIMATOLOGICAL DATA (WS FORM: F-6) , PAGE 2
STATION: ELBERT 6W CO
MONTH: AUGUST
YEAR: 2023
LATITUDE: 39 13 N
LONGITUDE: 104 38 W
[TEMPERATURE DATA] [PRECIPITATION DATA] SYMBOLS USED IN COLUMN 16
AVERAGE MONTHLY: 65.3 TOTAL FOR MONTH: M 1 = FOG OR MIST
DPTR FM NORMAL: 0.0 DPTR FM NORMAL: M 2 = FOG REDUCING VISIBILITY
HIGHEST: 88 ON 19 GRTST 24HR M ON M TO 1/4 MILE OR LESS
LOWEST: 45 ON 29 3 = THUNDER
SNOW, ICE PELLETS, HAIL 4 = ICE PELLETS
TOTAL MONTH: M 5 = HAIL
GRTST 24HR M ON M 6 = FREEZING RAIN OR DRIZZLE
GRTST DEPTH: M ON M 7 = DUSTSTORM OR SANDSTORM:
VSBY 1/2 MILE OR LESS
8 = SMOKE OR HAZE
[NO. OF DAYS WITH] [WEATHER - DAYS WITH] 9 = BLOWING SNOW
X = TORNADO
MAX 32 OR BELOW: 0 0.01 INCH OR MORE: 0
MAX 90 OR ABOVE: 0 0.10 INCH OR MORE: 0
MIN 32 OR BELOW: 0 0.50 INCH OR MORE: 0
MIN 0 OR BELOW: 0 1.00 INCH OR MORE: 0
[HDD (BASE 65) ]
TOTAL THIS MO. 55 CLEAR (SCALE 0-3) 20
DPTR FM NORMAL M PTCLDY (SCALE 4-7) 9
TOTAL FM JUL 1 88 CLOUDY (SCALE 8-10) 2
DPTR FM NORMAL M
[CDD (BASE 65) ]
TOTAL THIS MO. 71
DPTR FM NORMAL M [PRESSURE DATA]
TOTAL FM JAN 1 179 HIGHEST SLP M ON M
DPTR FM NORMAL M LOWEST SLP M ON M
[REMARKS]
#FINAL-08-23#