000
CXUS56 KSTO 041730
CF6MOD
PRELIMINARY LOCAL CLIMATOLOGICAL DATA (WS FORM: F-6)
STATION: MODESTO CA
MONTH: JUNE
YEAR: 2022
LATITUDE: 37 37 N
LONGITUDE: 120 57 W
TEMPERATURE IN F: :PCPN: SNOW: WIND :SUNSHINE: SKY :PK WND
================================================================================
1 2 3 4 5 6A 6B 7 8 9 10 11 12 13 14 15 16 17 18
12Z AVG MX 2MIN
DY MAX MIN AVG DEP HDD CDD WTR SNW DPTH SPD SPD DIR MIN PSBL S-S WX SPD DR
================================================================================
1 93 56 75 4 0 10 0.00 M M 4.9 15 330 M M 0 19 320
2 91 64 78 6 0 13 0.00 0.0 M 9.9 23 300 M M 0 27 310
3 84 62 73 1 0 8 0.00 0.0 M 12.2 22 310 M M 0 28 320
4 77 61 69 -3 0 4 0.00 0.0 M 9.0 16 320 M M 4 22 310
5 84 63 74 2 0 9 T 0.0 M 7.9 20 320 M M 6 23 320
6 86 62 74 2 0 9 0.00 0.0 M 12.6 22 320 M M 0 27 320
7 93 59 76 3 0 11 0.00 M M 10.4 23 300 M M 0 29 320
8 90 64 77 4 0 12 0.00 M M 10.0 22 310 M M 0 27 310
9 96 63 80 7 0 15 0.00 M M 10.2 20 330 M M 0 25 320
10 101 68 85 12 0 20 0.00 0.0 M 11.0 20 310 M M 0 25 290
11 99 70 85 11 0 20 0.00 0.0 M 10.8 25 290 M M 0 31 300
12 87 62 75 1 0 10 0.00 0.0 M 10.9 28 310 M M 3 34 300
13 84 58 71 -3 0 6 0.00 0.0 M 15.9 28 310 M M 0 35 320
14 88 62 75 1 0 10 0.00 M M 13.4 23 310 M M 0 27 320
15 96 62 79 5 0 14 0.00 M M 9.2 22 310 M M 0 27 300
16 87 58 73 -2 0 8 0.00 0.0 M 13.0 28 310 M M 0 8 34 300
17 73 56 65 -10 0 0 0.00 M M 13.2 24 300 M M 2 30 300
18 77 53 65 -10 0 0 0.00 0.0 M 9.4 21 310 M M 0 26 310
19 84 54 69 -6 0 4 0.00 M M 10.4 21 300 M M 0 26 320
20 91 61 76 0 0 11 0.00 0.0 M 10.0 17 320 M M 0 23 310
21 100 63 82 6 0 17 0.00 0.0 M 7.7 16 340 M M 0 19 340
22 92 67 80 4 0 15 0.00 M M 5.6 15 120 M M 0 20 120
23 100 71 86 10 0 21 T M M 6.9 21 330 M M 1 23 320
24 101 69 85 9 0 20 0.00 M M 5.6 16 320 M M 0 20 320
25 100 65 83 6 0 18 0.00 M M 7.8 18 320 M M 0 23 330
26 100 63 82 5 0 17 0.00 M M 9.6 17 330 M M 0 21 330
27 101 64 83 6 0 18 0.00 M M 8.8 18 330 M M 0 23 330
28 99 63 81 4 0 16 0.00 M M 10.4 21 290 M M 0 25 310
29 95 65 80 3 0 15 0.00 M M 10.0 17 340 M M 0 22 330
30 88 56 72 -6 0 7 0.00 M M 8.6 15 320 M M 0 19 320
================================================================================
SM 2737 1864 0 358 T 0.0 295.3 M 16
================================================================================
AV 91.2 62.1 9.8 FASTST M M 1 MAX(MPH)
MISC ----> # 28 310 35 320
================================================================================
NOTES:
# LAST OF SEVERAL OCCURRENCES
COLUMN 17 PEAK WIND IN M.P.H.
PRELIMINARY LOCAL CLIMATOLOGICAL DATA (WS FORM: F-6) , PAGE 2
STATION: MODESTO CA
MONTH: JUNE
YEAR: 2022
LATITUDE: 37 37 N
LONGITUDE: 120 57 W
[TEMPERATURE DATA] [PRECIPITATION DATA] SYMBOLS USED IN COLUMN 16
AVERAGE MONTHLY: 76.7 TOTAL FOR MONTH: T 1 = FOG OR MIST
DPTR FM NORMAL: 2.2 DPTR FM NORMAL: -0.15 2 = FOG REDUCING VISIBILITY
HIGHEST: 101 ON 27,24 GRTST 24HR T ON 5- 5 TO 1/4 MILE OR LESS
LOWEST: 53 ON 18 3 = THUNDER
SNOW, ICE PELLETS, HAIL 4 = ICE PELLETS
TOTAL MONTH: 0.0 INCH 5 = HAIL
GRTST 24HR 0.0 6 = FREEZING RAIN OR DRIZZLE
GRTST DEPTH: M ON M 7 = DUSTSTORM OR SANDSTORM:
VSBY 1/2 MILE OR LESS
8 = SMOKE OR HAZE
[NO. OF DAYS WITH] [WEATHER - DAYS WITH] 9 = BLOWING SNOW
X = TORNADO
MAX 32 OR BELOW: 0 0.01 INCH OR MORE: 0
MAX 90 OR ABOVE: 18 0.10 INCH OR MORE: 0
MIN 32 OR BELOW: 0 0.50 INCH OR MORE: 0
MIN 0 OR BELOW: 0 1.00 INCH OR MORE: 0
[HDD (BASE 65) ]
TOTAL THIS MO. 0 CLEAR (SCALE 0-3) 27
DPTR FM NORMAL -5 PTCLDY (SCALE 4-7) 3
TOTAL FM JUL 1 2247 CLOUDY (SCALE 8-10) 0
DPTR FM NORMAL -49
[CDD (BASE 65) ]
TOTAL THIS MO. 358
DPTR FM NORMAL 70 [PRESSURE DATA]
TOTAL FM JAN 1 531 HIGHEST SLP 30.05 ON 19
DPTR FM NORMAL 78 LOWEST SLP 29.69 ON 16
[REMARKS]
#FINAL-06-22#